
{"id":4021,"date":"2024-08-14T11:09:44","date_gmt":"2024-08-14T16:09:44","guid":{"rendered":"https:\/\/posgrado.uwiener.edu.pe\/actividades\/?post_type=evento&#038;p=4021"},"modified":"2024-08-21T20:24:30","modified_gmt":"2024-08-22T01:24:30","slug":"charla-informativa-maestria-en-gestion-publica-y-gobernabilidad-5","status":"publish","type":"evento","link":"https:\/\/posgrado.uwiener.edu.pe\/actividades\/evento\/charla-informativa-maestria-en-gestion-publica-y-gobernabilidad-5\/","title":{"rendered":"Charla Informativa: \u00abMaestr\u00eda en Gesti\u00f3n P\u00fablica y Gobernabilidad\u00bb"},"content":{"rendered":"\n<p>Participa de nuestra charla Informativa de Maestr\u00eda en Gesti\u00f3n P\u00fablica y Gobernabilidad \u00abDocente Expertos, Malla Curricular Potenciada con Arizona State University, Certificaciones Complementarias e Inversi\u00f3n Financiera\u00bb<\/p>\n\n\n\n<p>Transmisi\u00f3n v\u00eda Zoom y Facebook Live<\/p>\n\n\n\n<p>Reg\u00edstrate aqu\u00ed para recibir el link de la transmisi\u00f3n: <a href=\"https:\/\/acortar.link\/RyDB8i\" target=\"_blank\" rel=\"noopener\">https:\/\/acortar.link\/RyDB8i<\/a><\/p>\n\n\n\n<p>Ponente:<\/p>\n\n\n\n<p>Mag. Liliana Larrea<\/p>\n\n\n\n<p>Coordinadora Acad\u00e9mica de la Maestr\u00eda en Gesti\u00f3n P\u00fablica y Gobernabilidad.<\/p>\n","protected":false},"excerpt":{"rendered":"<p>Participa de nuestra charla Informativa de Maestr\u00eda en Gesti\u00f3n P\u00fablica y Gobernabilidad \u00abDocente Expertos, Malla Curricular Potenciada con Arizona State University, Certificaciones Complementarias e Inversi\u00f3n Financiera\u00bb Transmisi\u00f3n v\u00eda Zoom y Facebook Live Reg\u00edstrate aqu\u00ed para recibir el link de la transmisi\u00f3n: https:\/\/acortar.link\/RyDB8i Ponente: Mag. Liliana Larrea Coordinadora Acad\u00e9mica de la Maestr\u00eda en Gesti\u00f3n P\u00fablica y [&hellip;]<\/p>\n","protected":false},"featured_media":0,"parent":0,"template":"","categoria-eventos":[17,44],"class_list":["post-4021","evento","type-evento","status-publish","hentry","categoria-eventos-videoconferencias","categoria-eventos-webinar-gratuito"],"custom_fields_data":{"inline_featured_image":["0"],"hcf_post_fecha":["2024-08-16"],"hcf_post_timeI":["18:00"],"hcf_post_timeF":["19:00"],"hcf_post_lugar":["Escuela de Posgrado Norbert Wiener - Facebook Live"],"hcf_post_ingreso":[""],"hcf_post_recomendados":[""],"hcf_post_anexos":[""],"hcf_post_email":[""],"hcf_post_url_face":["https:\/\/www.facebook.com\/PosgradoWiener\/videos\/2551996841651658"],"hcf_fecha_blog":[""],"hcf_destacado_blog":[""],"hcf_imagenes":["a:0:{}"],"hcf_thumb_500":["https:\/\/posgrado.uwiener.edu.pe\/actividades\/wp-content\/uploads\/2024\/02\/500x82.jpg"],"hcf_thumb_1600":["https:\/\/posgrado.uwiener.edu.pe\/actividades\/wp-content\/uploads\/2024\/02\/1920x314.jpg"],"hcf_destacada":["https:\/\/posgrado.uwiener.edu.pe\/actividades\/wp-content\/uploads\/2024\/02\/1200x628.jpg"],"_edit_lock":["1724949208:5"],"_edit_last":["5"],"rank_math_internal_links_processed":["1"]},"_links":{"self":[{"href":"https:\/\/posgrado.uwiener.edu.pe\/actividades\/wp-json\/wp\/v2\/evento\/4021"}],"collection":[{"href":"https:\/\/posgrado.uwiener.edu.pe\/actividades\/wp-json\/wp\/v2\/evento"}],"about":[{"href":"https:\/\/posgrado.uwiener.edu.pe\/actividades\/wp-json\/wp\/v2\/types\/evento"}],"wp:attachment":[{"href":"https:\/\/posgrado.uwiener.edu.pe\/actividades\/wp-json\/wp\/v2\/media?parent=4021"}],"wp:term":[{"taxonomy":"categoria-eventos","embeddable":true,"href":"https:\/\/posgrado.uwiener.edu.pe\/actividades\/wp-json\/wp\/v2\/categoria-eventos?post=4021"}],"curies":[{"name":"wp","href":"https:\/\/api.w.org\/{rel}","templated":true}]}}

Charla Informativa: «Maestría en Gestión Pública y Gobernabilidad»

<p>Participa de nuestra charla Informativa de Maestría en Gestión Pública y Gobernabilidad «Docente Expertos, Malla Curricular Potenciada con Arizona State University, Certificaciones Complementarias e Inversión Financiera»</p>



<p>Transmisión vía Zoom y Facebook Live</p>



<p>Regístrate aquí para recibir el link de la transmisión: <a href="https://acortar.link/RyDB8i" target="_blank" rel="noopener">https://acortar.link/RyDB8i</a></p>



<p>Ponente:</p>



<p>Mag. Liliana Larrea</p>



<p>Coordinadora Académica de la Maestría en Gestión Pública y Gobernabilidad.</p>

<p>Participa de nuestra charla Informativa de Maestría en Gestión Pública y Gobernabilidad «Docente Expertos, Malla Curricular Potenciada con Arizona State University, Certificaciones Complementarias e Inversión Financiera» Transmisión vía Zoom y Facebook Live Regístrate aquí para recibir el link de la transmisión: https://acortar.link/RyDB8i Ponente: Mag. Liliana Larrea Coordinadora Académica de la Maestría en Gestión Pública y [&hellip;]</p>
