
{"id":4069,"date":"2024-08-29T11:25:11","date_gmt":"2024-08-29T16:25:11","guid":{"rendered":"https:\/\/posgrado.uwiener.edu.pe\/actividades\/?post_type=evento&#038;p=4069"},"modified":"2024-09-02T11:27:22","modified_gmt":"2024-09-02T16:27:22","slug":"charla-informativa-maestria-en-salud-publica-10","status":"publish","type":"evento","link":"https:\/\/posgrado.uwiener.edu.pe\/actividades\/evento\/charla-informativa-maestria-en-salud-publica-10\/","title":{"rendered":"Charla Informativa \u00abMaestr\u00eda en Salud P\u00fablica\u00bb"},"content":{"rendered":"\n<p><strong>\u00bfListo para liderar en el sector de la salud?<\/strong><br>No te pierdas nuestra\u00a0<a href=\"https:\/\/www.facebook.com\/hashtag\/charlainformativa?__eep__=6&amp;__tn__=*NK*F\" target=\"_blank\" rel=\"noopener\">#CharlaInformativa<\/a>\u00a0sobre la Maestr\u00eda en Salud P\u00fablica. Aprende c\u00f3mo este programa te capacita para dise\u00f1ar y gestionar pol\u00edticas de salud efectivas y mejorar el bienestar comunitario. A cargo de Mg. Rosa Mezarina, coordinadora de la maestr\u00eda.<\/p>\n\n\n\n<p><img loading=\"lazy\" decoding=\"async\" height=\"16\" width=\"16\" alt=\"\u2705\" src=\"https:\/\/static.xx.fbcdn.net\/images\/emoji.php\/v9\/t33\/1\/16\/2705.png\">&nbsp;Transmisi\u00f3n v\u00eda Zoom + Facebook Live<br><img loading=\"lazy\" decoding=\"async\" height=\"16\" width=\"16\" alt=\"\u2705\" src=\"https:\/\/static.xx.fbcdn.net\/images\/emoji.php\/v9\/t33\/1\/16\/2705.png\">&nbsp;Reg\u00edstrate aqu\u00ed para confirmar tu asistencia:&nbsp;<a href=\"https:\/\/acortar.link\/BJeI8T?fbclid=IwZXh0bgNhZW0CMTAAAR2wI0oF2KPfICKZiUFkJLHZosqMPrWzk6F6GVD1NDXJFAYsYv5Ka50tv0w_aem_GNllLK7QuLK-kpPLQ0t0ow\" rel=\"noreferrer noopener\" target=\"_blank\">https:\/\/acortar.link\/BJeI8T<\/a><br><img loading=\"lazy\" decoding=\"async\" height=\"16\" width=\"16\" alt=\"\u2705\" src=\"https:\/\/static.xx.fbcdn.net\/images\/emoji.php\/v9\/t33\/1\/16\/2705.png\">&nbsp;Fecha: 06 de septiembre<br><img loading=\"lazy\" decoding=\"async\" height=\"16\" width=\"16\" alt=\"\u2705\" src=\"https:\/\/static.xx.fbcdn.net\/images\/emoji.php\/v9\/t33\/1\/16\/2705.png\">&nbsp;Hora: 07:00 p.m.<\/p>\n\n\n\n<p>\u00a1Impulsa tu carrera en el campo de la salud p\u00fablica y convi\u00e9rtete en un l\u00edder en el sector!&nbsp;<img loading=\"lazy\" decoding=\"async\" height=\"16\" width=\"16\" alt=\"\ud83c\udfaf\" src=\"https:\/\/static.xx.fbcdn.net\/images\/emoji.php\/v9\/tb0\/1\/16\/1f3af.png\"><\/p>\n","protected":false},"excerpt":{"rendered":"<p>\u00bfListo para liderar en el sector de la salud?No te pierdas nuestra\u00a0#CharlaInformativa\u00a0sobre la Maestr\u00eda en Salud P\u00fablica. Aprende c\u00f3mo este programa te capacita para dise\u00f1ar y gestionar pol\u00edticas de salud efectivas y mejorar el bienestar comunitario. A cargo de Mg. Rosa Mezarina, coordinadora de la maestr\u00eda. &nbsp;Transmisi\u00f3n v\u00eda Zoom + Facebook Live&nbsp;Reg\u00edstrate aqu\u00ed para confirmar [&hellip;]<\/p>\n","protected":false},"featured_media":0,"parent":0,"template":"","categoria-eventos":[17,44],"class_list":["post-4069","evento","type-evento","status-publish","hentry","categoria-eventos-videoconferencias","categoria-eventos-webinar-gratuito"],"custom_fields_data":{"inline_featured_image":["0"],"hcf_post_fecha":["2024-09-12"],"hcf_post_timeI":["18:00"],"hcf_post_timeF":["19:00"],"hcf_post_lugar":["Escuela de Posgrado Norbert Wiener - Facebook Live"],"hcf_post_ingreso":[""],"hcf_post_recomendados":[""],"hcf_post_anexos":[""],"hcf_post_email":[""],"hcf_post_url_face":["https:\/\/www.facebook.com\/photo.php?fbid=537027118985079&set=pb.100080333856967.-2207520000&type=3"],"hcf_fecha_blog":[""],"hcf_destacado_blog":[""],"hcf_imagenes":["a:0:{}"],"hcf_thumb_500":["https:\/\/posgrado.uwiener.edu.pe\/actividades\/wp-content\/uploads\/2024\/08\/500x82-2.jpg"],"hcf_thumb_1600":["https:\/\/posgrado.uwiener.edu.pe\/actividades\/wp-content\/uploads\/2024\/08\/1920x314-2-1.jpg"],"hcf_destacada":["https:\/\/posgrado.uwiener.edu.pe\/actividades\/wp-content\/uploads\/2024\/08\/1200x628-3.jpg"],"_edit_lock":["1725294637:5"],"_edit_last":["5"],"rank_math_og_content_image":["a:2:{s:5:\"check\";s:32:\"56197d2e197bbe1286e20ac6d4e8e117\";s:6:\"images\";a:0:{}}"],"rank_math_internal_links_processed":["1"]},"_links":{"self":[{"href":"https:\/\/posgrado.uwiener.edu.pe\/actividades\/wp-json\/wp\/v2\/evento\/4069"}],"collection":[{"href":"https:\/\/posgrado.uwiener.edu.pe\/actividades\/wp-json\/wp\/v2\/evento"}],"about":[{"href":"https:\/\/posgrado.uwiener.edu.pe\/actividades\/wp-json\/wp\/v2\/types\/evento"}],"wp:attachment":[{"href":"https:\/\/posgrado.uwiener.edu.pe\/actividades\/wp-json\/wp\/v2\/media?parent=4069"}],"wp:term":[{"taxonomy":"categoria-eventos","embeddable":true,"href":"https:\/\/posgrado.uwiener.edu.pe\/actividades\/wp-json\/wp\/v2\/categoria-eventos?post=4069"}],"curies":[{"name":"wp","href":"https:\/\/api.w.org\/{rel}","templated":true}]}}

Charla Informativa «Maestría en Salud Pública»

<p><strong>¿Listo para liderar en el sector de la salud?</strong><br>No te pierdas nuestra <a href="https://www.facebook.com/hashtag/charlainformativa?__eep__=6&amp;__tn__=*NK*F" target="_blank" rel="noopener">#CharlaInformativa</a> sobre la Maestría en Salud Pública. Aprende cómo este programa te capacita para diseñar y gestionar políticas de salud efectivas y mejorar el bienestar comunitario. A cargo de Mg. Rosa Mezarina, coordinadora de la maestría.</p>



<p><img loading="lazy" decoding="async" height="16" width="16" alt="✅" src="https://static.xx.fbcdn.net/images/emoji.php/v9/t33/1/16/2705.png">&nbsp;Transmisión vía Zoom + Facebook Live<br><img loading="lazy" decoding="async" height="16" width="16" alt="✅" src="https://static.xx.fbcdn.net/images/emoji.php/v9/t33/1/16/2705.png">&nbsp;Regístrate aquí para confirmar tu asistencia:&nbsp;<a href="https://acortar.link/BJeI8T?fbclid=IwZXh0bgNhZW0CMTAAAR2wI0oF2KPfICKZiUFkJLHZosqMPrWzk6F6GVD1NDXJFAYsYv5Ka50tv0w_aem_GNllLK7QuLK-kpPLQ0t0ow" rel="noreferrer noopener" target="_blank">https://acortar.link/BJeI8T</a><br><img loading="lazy" decoding="async" height="16" width="16" alt="✅" src="https://static.xx.fbcdn.net/images/emoji.php/v9/t33/1/16/2705.png">&nbsp;Fecha: 06 de septiembre<br><img loading="lazy" decoding="async" height="16" width="16" alt="✅" src="https://static.xx.fbcdn.net/images/emoji.php/v9/t33/1/16/2705.png">&nbsp;Hora: 07:00 p.m.</p>



<p>¡Impulsa tu carrera en el campo de la salud pública y conviértete en un líder en el sector!&nbsp;<img loading="lazy" decoding="async" height="16" width="16" alt="🎯" src="https://static.xx.fbcdn.net/images/emoji.php/v9/tb0/1/16/1f3af.png"></p>

<p>¿Listo para liderar en el sector de la salud?No te pierdas nuestra #CharlaInformativa sobre la Maestría en Salud Pública. Aprende cómo este programa te capacita para diseñar y gestionar políticas de salud efectivas y mejorar el bienestar comunitario. A cargo de Mg. Rosa Mezarina, coordinadora de la maestría. &nbsp;Transmisión vía Zoom + Facebook Live&nbsp;Regístrate aquí para confirmar [&hellip;]</p>
