
{"id":4260,"date":"2025-01-24T16:40:27","date_gmt":"2025-01-24T21:40:27","guid":{"rendered":"https:\/\/posgrado.uwiener.edu.pe\/actividades\/?post_type=evento&#038;p=4260"},"modified":"2025-01-24T16:40:28","modified_gmt":"2025-01-24T21:40:28","slug":"charla-informativa-segunda-especialidad-en-psicooncologia","status":"publish","type":"evento","link":"https:\/\/posgrado.uwiener.edu.pe\/actividades\/evento\/charla-informativa-segunda-especialidad-en-psicooncologia\/","title":{"rendered":"Charla Informativa \u00abSegunda Especialidad en Psicooncolog\u00eda\u00bb"},"content":{"rendered":"\n<p>\u00bfEst\u00e1s listo para transformar tu perfil profesional? \ud83c\udf1f<br>Te invitamos a la charla informativa sobre nuestra Segunda Especialidad en Psicooncolog\u00eda.<br>\ud83d\udca1 Tema: El Poder de la Psicooncolog\u00eda<br>Explora c\u00f3mo desarrollar competencias avanzadas para abordar el impacto emocional y psicol\u00f3gico del c\u00e1ncer en pacientes y sus familias, a trav\u00e9s de pr\u00e1cticas de casos reales.<\/p>\n\n\n\n<p>\ud83d\udcc5 Fecha: viernes, 31 de enero<br>\ud83d\udd55 Hora: 06:00 p. m.<br>\ud83c\udf10 Transmisi\u00f3n: Zoom + Facebook Live<br>Reg\u00edstrate aqu\u00ed: <a href=\"https:\/\/acortar.link\/cFp8d7\" target=\"_blank\" rel=\"noopener\">https:\/\/acortar.link\/cFp8d7<\/a><\/p>\n\n\n\n<p>\u00a1Convi\u00e9rtete en un referente en el campo de la Psicooncolog\u00eda! \ud83d\udcaa<\/p>\n","protected":false},"excerpt":{"rendered":"<p>\u00bfEst\u00e1s listo para transformar tu perfil profesional? \ud83c\udf1fTe invitamos a la charla informativa sobre nuestra Segunda Especialidad en Psicooncolog\u00eda.\ud83d\udca1 Tema: El Poder de la Psicooncolog\u00edaExplora c\u00f3mo desarrollar competencias avanzadas para abordar el impacto emocional y psicol\u00f3gico del c\u00e1ncer en pacientes y sus familias, a trav\u00e9s de pr\u00e1cticas de casos reales. \ud83d\udcc5 Fecha: viernes, 31 de [&hellip;]<\/p>\n","protected":false},"featured_media":0,"parent":0,"template":"","categoria-eventos":[17,44],"class_list":["post-4260","evento","type-evento","status-publish","hentry","categoria-eventos-videoconferencias","categoria-eventos-webinar-gratuito"],"custom_fields_data":{"inline_featured_image":["0"],"hcf_post_fecha":["2025-01-31"],"hcf_post_timeI":["18:00"],"hcf_post_timeF":["19:00"],"hcf_post_lugar":["Escuela de Posgrado Norbert Wiener - Facebook Live"],"hcf_post_ingreso":[""],"hcf_post_recomendados":[""],"hcf_post_anexos":[""],"hcf_post_email":[""],"hcf_post_url_face":[""],"hcf_fecha_blog":[""],"hcf_destacado_blog":[""],"hcf_imagenes":["a:0:{}"],"hcf_thumb_500":["https:\/\/posgrado.uwiener.edu.pe\/actividades\/wp-content\/uploads\/2024\/04\/500px-82px.png"],"hcf_thumb_1600":["https:\/\/posgrado.uwiener.edu.pe\/actividades\/wp-content\/uploads\/2024\/04\/1920-x-3.png"],"hcf_destacada":["https:\/\/posgrado.uwiener.edu.pe\/actividades\/wp-content\/uploads\/2024\/04\/1200px-628px.png"],"_edit_lock":["1737761344:5"],"_edit_last":["5"],"rank_math_internal_links_processed":["1"]},"_links":{"self":[{"href":"https:\/\/posgrado.uwiener.edu.pe\/actividades\/wp-json\/wp\/v2\/evento\/4260"}],"collection":[{"href":"https:\/\/posgrado.uwiener.edu.pe\/actividades\/wp-json\/wp\/v2\/evento"}],"about":[{"href":"https:\/\/posgrado.uwiener.edu.pe\/actividades\/wp-json\/wp\/v2\/types\/evento"}],"wp:attachment":[{"href":"https:\/\/posgrado.uwiener.edu.pe\/actividades\/wp-json\/wp\/v2\/media?parent=4260"}],"wp:term":[{"taxonomy":"categoria-eventos","embeddable":true,"href":"https:\/\/posgrado.uwiener.edu.pe\/actividades\/wp-json\/wp\/v2\/categoria-eventos?post=4260"}],"curies":[{"name":"wp","href":"https:\/\/api.w.org\/{rel}","templated":true}]}}

Charla Informativa «Segunda Especialidad en Psicooncología»

<p>¿Estás listo para transformar tu perfil profesional? 🌟<br>Te invitamos a la charla informativa sobre nuestra Segunda Especialidad en Psicooncología.<br>💡 Tema: El Poder de la Psicooncología<br>Explora cómo desarrollar competencias avanzadas para abordar el impacto emocional y psicológico del cáncer en pacientes y sus familias, a través de prácticas de casos reales.</p>



<p>📅 Fecha: viernes, 31 de enero<br>🕕 Hora: 06:00 p. m.<br>🌐 Transmisión: Zoom + Facebook Live<br>Regístrate aquí: <a href="https://acortar.link/cFp8d7" target="_blank" rel="noopener">https://acortar.link/cFp8d7</a></p>



<p>¡Conviértete en un referente en el campo de la Psicooncología! 💪</p>

<p>¿Estás listo para transformar tu perfil profesional? 🌟Te invitamos a la charla informativa sobre nuestra Segunda Especialidad en Psicooncología.💡 Tema: El Poder de la PsicooncologíaExplora cómo desarrollar competencias avanzadas para abordar el impacto emocional y psicológico del cáncer en pacientes y sus familias, a través de prácticas de casos reales. 📅 Fecha: viernes, 31 de [&hellip;]</p>
