
{"id":4270,"date":"2025-01-31T17:31:32","date_gmt":"2025-01-31T22:31:32","guid":{"rendered":"https:\/\/posgrado.uwiener.edu.pe\/actividades\/?post_type=evento&#038;p=4270"},"modified":"2025-01-31T17:31:34","modified_gmt":"2025-01-31T22:31:34","slug":"charla-informativa-segunda-especialidad-de-nutricion-clinica-con-mencion-en-nutricion-deportiva","status":"publish","type":"evento","link":"https:\/\/posgrado.uwiener.edu.pe\/actividades\/evento\/charla-informativa-segunda-especialidad-de-nutricion-clinica-con-mencion-en-nutricion-deportiva\/","title":{"rendered":"Charla informativa: Segunda Especialidad de Nutrici\u00f3n Cl\u00ednica con menci\u00f3n en Nutrici\u00f3n Deportiva"},"content":{"rendered":"\n<p>\u00a1Especial\u00edzate y destaca en el campo de la Nutrici\u00f3n Deportiva! \ud83e\udd57\ud83d\udcaa<br>Te invitamos a nuestra charla informativa sobre la Segunda Especialidad en Nutrici\u00f3n Cl\u00ednica con menci\u00f3n en Nutrici\u00f3n Deportiva.<\/p>\n\n\n\n<p>\ud83c\udfcb\ufe0f Tema: La importancia de la Nutrici\u00f3n Deportiva en el \u00c1mbito Laboral Actual del Profesional de la Salud.<br>Descubre c\u00f3mo esta especialidad puede abrirte nuevas oportunidades y potenciar tu pr\u00e1ctica profesional en un campo en constante crecimiento.<\/p>\n\n\n\n<p>\ud83d\udcc5 Fecha: lunes, 3 de febrero<br>\ud83d\udd56 Hora: 7:00 p. m.<br>\ud83c\udf10 Transmisi\u00f3n: Zoom + Facebook Live<br>\ud83c\udfaf Reg\u00edstrate ahora y asegura tu lugar!<br>\ud83d\udc49 <a href=\"https:\/\/acortar.link\/4q6O7v\" target=\"_blank\" rel=\"noopener\">https:\/\/acortar.link\/4q6O7v<\/a><\/p>\n\n\n\n<p>\u00a1No te pierdas esta oportunidad de llevar tu carrera al siguiente nivel! \ud83d\ude80<\/p>\n","protected":false},"excerpt":{"rendered":"<p>\u00a1Especial\u00edzate y destaca en el campo de la Nutrici\u00f3n Deportiva! \ud83e\udd57\ud83d\udcaaTe invitamos a nuestra charla informativa sobre la Segunda Especialidad en Nutrici\u00f3n Cl\u00ednica con menci\u00f3n en Nutrici\u00f3n Deportiva. \ud83c\udfcb\ufe0f Tema: La importancia de la Nutrici\u00f3n Deportiva en el \u00c1mbito Laboral Actual del Profesional de la Salud.Descubre c\u00f3mo esta especialidad puede abrirte nuevas oportunidades y potenciar [&hellip;]<\/p>\n","protected":false},"featured_media":0,"parent":0,"template":"","categoria-eventos":[17,44],"class_list":["post-4270","evento","type-evento","status-publish","hentry","categoria-eventos-videoconferencias","categoria-eventos-webinar-gratuito"],"custom_fields_data":{"inline_featured_image":["0"],"hcf_post_fecha":["2025-02-03"],"hcf_post_timeI":["19:00"],"hcf_post_timeF":["20:00"],"hcf_post_lugar":["scuela de Posgrado Norbert Wiener - Facebook Live"],"hcf_post_ingreso":[""],"hcf_post_recomendados":[""],"hcf_post_anexos":[""],"hcf_post_email":[""],"hcf_post_url_face":[""],"hcf_fecha_blog":[""],"hcf_destacado_blog":[""],"hcf_imagenes":["a:0:{}"],"hcf_thumb_500":["https:\/\/posgrado.uwiener.edu.pe\/actividades\/wp-content\/uploads\/2024\/05\/500\u200apx\u00d7\u200a82px.jpg"],"hcf_thumb_1600":["https:\/\/posgrado.uwiener.edu.pe\/actividades\/wp-content\/uploads\/2024\/05\/1920x314.jpeg"],"hcf_destacada":["https:\/\/posgrado.uwiener.edu.pe\/actividades\/wp-content\/uploads\/2024\/05\/1200x628.jpeg"],"_edit_lock":["1738362734:5"],"_edit_last":["5"],"rank_math_internal_links_processed":["1"]},"_links":{"self":[{"href":"https:\/\/posgrado.uwiener.edu.pe\/actividades\/wp-json\/wp\/v2\/evento\/4270"}],"collection":[{"href":"https:\/\/posgrado.uwiener.edu.pe\/actividades\/wp-json\/wp\/v2\/evento"}],"about":[{"href":"https:\/\/posgrado.uwiener.edu.pe\/actividades\/wp-json\/wp\/v2\/types\/evento"}],"wp:attachment":[{"href":"https:\/\/posgrado.uwiener.edu.pe\/actividades\/wp-json\/wp\/v2\/media?parent=4270"}],"wp:term":[{"taxonomy":"categoria-eventos","embeddable":true,"href":"https:\/\/posgrado.uwiener.edu.pe\/actividades\/wp-json\/wp\/v2\/categoria-eventos?post=4270"}],"curies":[{"name":"wp","href":"https:\/\/api.w.org\/{rel}","templated":true}]}}

Charla informativa: Segunda Especialidad de Nutrición Clínica con mención en Nutrición Deportiva

<p>¡Especialízate y destaca en el campo de la Nutrición Deportiva! 🥗💪<br>Te invitamos a nuestra charla informativa sobre la Segunda Especialidad en Nutrición Clínica con mención en Nutrición Deportiva.</p>



<p>🏋️ Tema: La importancia de la Nutrición Deportiva en el Ámbito Laboral Actual del Profesional de la Salud.<br>Descubre cómo esta especialidad puede abrirte nuevas oportunidades y potenciar tu práctica profesional en un campo en constante crecimiento.</p>



<p>📅 Fecha: lunes, 3 de febrero<br>🕖 Hora: 7:00 p. m.<br>🌐 Transmisión: Zoom + Facebook Live<br>🎯 Regístrate ahora y asegura tu lugar!<br>👉 <a href="https://acortar.link/4q6O7v" target="_blank" rel="noopener">https://acortar.link/4q6O7v</a></p>



<p>¡No te pierdas esta oportunidad de llevar tu carrera al siguiente nivel! 🚀</p>

<p>¡Especialízate y destaca en el campo de la Nutrición Deportiva! 🥗💪Te invitamos a nuestra charla informativa sobre la Segunda Especialidad en Nutrición Clínica con mención en Nutrición Deportiva. 🏋️ Tema: La importancia de la Nutrición Deportiva en el Ámbito Laboral Actual del Profesional de la Salud.Descubre cómo esta especialidad puede abrirte nuevas oportunidades y potenciar [&hellip;]</p>
