
{"id":4275,"date":"2025-02-07T16:56:02","date_gmt":"2025-02-07T21:56:02","guid":{"rendered":"https:\/\/posgrado.uwiener.edu.pe\/actividades\/?post_type=evento&#038;p=4275"},"modified":"2025-02-07T16:57:46","modified_gmt":"2025-02-07T21:57:46","slug":"charla-informativa-maestria-en-salud-publica-14","status":"publish","type":"evento","link":"https:\/\/posgrado.uwiener.edu.pe\/actividades\/evento\/charla-informativa-maestria-en-salud-publica-14\/","title":{"rendered":"Charla Informativa \u00abMaestr\u00eda en Salud P\u00fablica\u00bb"},"content":{"rendered":"\n<p>\u00a1No te pierdas nuestra&nbsp;<a href=\"https:\/\/www.facebook.com\/hashtag\/charlainformativa?__eep__=6&amp;__cft__[0]=AZVf9WLot1rBIsWAU7oUd5DzHUwswbz5VUCI0xWyTd0sextCAZQVp362F_MCNDQLpzuCeC284XfetrXHH1zLPnOKIQAOWcwgwkK0mTgzNJmcYXgTfOzH_PoesyCFUM0ItZewtvy38ufYlwIhb_eWrSzpqs7Je7EFIKeMoKjemUI5xhCq-vJLO7U237Qzb7TUbB0&amp;__tn__=*NK*F\" target=\"_blank\" rel=\"noopener\">#CharlaInformativa<\/a>&nbsp;sobre la Maestr\u00eda en Salud P\u00fablica y descubre c\u00f3mo este programa te prepara para enfrentar los retos del sector con enfoque estrat\u00e9gico, liderazgo e innovaci\u00f3n!<\/p>\n\n\n\n<p><img loading=\"lazy\" decoding=\"async\" height=\"16\" width=\"16\" alt=\"\u2705\" src=\"https:\/\/static.xx.fbcdn.net\/images\/emoji.php\/v9\/t33\/1\/16\/2705.png\">Transmisi\u00f3n v\u00eda Zoom + Facebook Live<\/p>\n\n\n\n<p><img loading=\"lazy\" decoding=\"async\" height=\"16\" width=\"16\" src=\"https:\/\/static.xx.fbcdn.net\/images\/emoji.php\/v9\/t8d\/1\/16\/1f449_1f3fc.png\" alt=\"\ud83d\udc49\ud83c\udffc\">\u00a0Reg\u00edstrate aqu\u00ed para asegurar tu lugar:\u00a0<a href=\"https:\/\/acortar.link\/5Fzysu\" target=\"_blank\" rel=\"noopener\">https:\/\/acortar.link\/5Fzysu<\/a><\/p>\n\n\n\n<p><img loading=\"lazy\" decoding=\"async\" height=\"16\" width=\"16\" src=\"https:\/\/static.xx.fbcdn.net\/images\/emoji.php\/v9\/t33\/1\/16\/2705.png\" alt=\"\u2705\">Fecha: 12 de febrero<\/p>\n\n\n\n<p><img loading=\"lazy\" decoding=\"async\" height=\"16\" width=\"16\" src=\"https:\/\/static.xx.fbcdn.net\/images\/emoji.php\/v9\/t33\/1\/16\/2705.png\" alt=\"\u2705\">Hora: 07:00 p.m.<\/p>\n\n\n\n<p><\/p>\n","protected":false},"excerpt":{"rendered":"<p>\u00a1No te pierdas nuestra&nbsp;#CharlaInformativa&nbsp;sobre la Maestr\u00eda en Salud P\u00fablica y descubre c\u00f3mo este programa te prepara para enfrentar los retos del sector con enfoque estrat\u00e9gico, liderazgo e innovaci\u00f3n! Transmisi\u00f3n v\u00eda Zoom + Facebook Live \u00a0Reg\u00edstrate aqu\u00ed para asegurar tu lugar:\u00a0https:\/\/acortar.link\/5Fzysu Fecha: 12 de febrero Hora: 07:00 p.m.<\/p>\n","protected":false},"featured_media":0,"parent":0,"template":"","categoria-eventos":[17,44],"class_list":["post-4275","evento","type-evento","status-publish","hentry","categoria-eventos-videoconferencias","categoria-eventos-webinar-gratuito"],"custom_fields_data":{"inline_featured_image":["0"],"hcf_post_fecha":["2025-02-12"],"hcf_post_timeI":["19:00"],"hcf_post_timeF":["20:00"],"hcf_post_lugar":["Escuela de Posgrado Norbert Wiener - Facebook Live"],"hcf_post_ingreso":[""],"hcf_post_recomendados":[""],"hcf_post_anexos":[""],"hcf_post_email":[""],"hcf_post_url_face":[""],"hcf_fecha_blog":[""],"hcf_destacado_blog":[""],"hcf_imagenes":["a:0:{}"],"hcf_thumb_500":["https:\/\/posgrado.uwiener.edu.pe\/actividades\/wp-content\/uploads\/2024\/08\/500x82-2.jpg"],"hcf_thumb_1600":["https:\/\/posgrado.uwiener.edu.pe\/actividades\/wp-content\/uploads\/2024\/08\/1920x314-2-1.jpg"],"hcf_destacada":["https:\/\/posgrado.uwiener.edu.pe\/actividades\/wp-content\/uploads\/2024\/08\/1200x628-3.jpg"],"_edit_lock":["1745875514:5"],"_edit_last":["5"],"rank_math_og_content_image":["a:2:{s:5:\"check\";s:32:\"b289eec06fb8985e7ad2cfa86eea5cc9\";s:6:\"images\";a:0:{}}"],"rank_math_internal_links_processed":["1"]},"_links":{"self":[{"href":"https:\/\/posgrado.uwiener.edu.pe\/actividades\/wp-json\/wp\/v2\/evento\/4275"}],"collection":[{"href":"https:\/\/posgrado.uwiener.edu.pe\/actividades\/wp-json\/wp\/v2\/evento"}],"about":[{"href":"https:\/\/posgrado.uwiener.edu.pe\/actividades\/wp-json\/wp\/v2\/types\/evento"}],"wp:attachment":[{"href":"https:\/\/posgrado.uwiener.edu.pe\/actividades\/wp-json\/wp\/v2\/media?parent=4275"}],"wp:term":[{"taxonomy":"categoria-eventos","embeddable":true,"href":"https:\/\/posgrado.uwiener.edu.pe\/actividades\/wp-json\/wp\/v2\/categoria-eventos?post=4275"}],"curies":[{"name":"wp","href":"https:\/\/api.w.org\/{rel}","templated":true}]}}

Charla Informativa «Maestría en Salud Pública»

<p>¡No te pierdas nuestra&nbsp;<a href="https://www.facebook.com/hashtag/charlainformativa?__eep__=6&amp;__cft__[0]=AZVf9WLot1rBIsWAU7oUd5DzHUwswbz5VUCI0xWyTd0sextCAZQVp362F_MCNDQLpzuCeC284XfetrXHH1zLPnOKIQAOWcwgwkK0mTgzNJmcYXgTfOzH_PoesyCFUM0ItZewtvy38ufYlwIhb_eWrSzpqs7Je7EFIKeMoKjemUI5xhCq-vJLO7U237Qzb7TUbB0&amp;__tn__=*NK*F" target="_blank" rel="noopener">#CharlaInformativa</a>&nbsp;sobre la Maestría en Salud Pública y descubre cómo este programa te prepara para enfrentar los retos del sector con enfoque estratégico, liderazgo e innovación!</p>



<p><img loading="lazy" decoding="async" height="16" width="16" alt="✅" src="https://static.xx.fbcdn.net/images/emoji.php/v9/t33/1/16/2705.png">Transmisión vía Zoom + Facebook Live</p>



<p><img loading="lazy" decoding="async" height="16" width="16" src="https://static.xx.fbcdn.net/images/emoji.php/v9/t8d/1/16/1f449_1f3fc.png" alt="👉🏼"> Regístrate aquí para asegurar tu lugar: <a href="https://acortar.link/5Fzysu" target="_blank" rel="noopener">https://acortar.link/5Fzysu</a></p>



<p><img loading="lazy" decoding="async" height="16" width="16" src="https://static.xx.fbcdn.net/images/emoji.php/v9/t33/1/16/2705.png" alt="✅">Fecha: 12 de febrero</p>



<p><img loading="lazy" decoding="async" height="16" width="16" src="https://static.xx.fbcdn.net/images/emoji.php/v9/t33/1/16/2705.png" alt="✅">Hora: 07:00 p.m.</p>



<p></p>

<p>¡No te pierdas nuestra&nbsp;#CharlaInformativa&nbsp;sobre la Maestría en Salud Pública y descubre cómo este programa te prepara para enfrentar los retos del sector con enfoque estratégico, liderazgo e innovación! Transmisión vía Zoom + Facebook Live  Regístrate aquí para asegurar tu lugar: https://acortar.link/5Fzysu Fecha: 12 de febrero Hora: 07:00 p.m.</p>
