
{"id":4278,"date":"2025-02-14T16:07:50","date_gmt":"2025-02-14T21:07:50","guid":{"rendered":"https:\/\/posgrado.uwiener.edu.pe\/actividades\/?post_type=evento&#038;p=4278"},"modified":"2025-02-14T16:07:51","modified_gmt":"2025-02-14T21:07:51","slug":"charla-informativa-maestria-en-docencia-universitaria-13","status":"publish","type":"evento","link":"https:\/\/posgrado.uwiener.edu.pe\/actividades\/evento\/charla-informativa-maestria-en-docencia-universitaria-13\/","title":{"rendered":"Charla informativa: \u00abMaestr\u00eda en Docencia Universitaria\u00bb"},"content":{"rendered":"\n<p>\u00bfEst\u00e1s listo para destacar en la ense\u00f1anza superior? <img loading=\"lazy\" decoding=\"async\" height=\"16\" width=\"16\" src=\"https:\/\/static.xx.fbcdn.net\/images\/emoji.php\/v9\/t79\/1\/16\/1f469_1f3fb_200d_1f3eb.png\" alt=\"\ud83d\udc69\ud83c\udffb\u200d\ud83c\udfeb\"><\/p>\n\n\n\n<p>\u00a1No te pierdas nuestra <a href=\"https:\/\/www.facebook.com\/hashtag\/charlainformativa?__eep__=6&amp;__cft__[0]=AZV8_Xw52yYV19PuwCxn832RSwGvZLSG6Ib1JVVLbMK7ya9wUmjU27qEcOdvjJlIgZwPnjeUBngDau6ZWcZUOBEdW2zEp99LZU4z_DFDUt8Bfacyp26yJ9iWfUE6rVC3ls4Q-8NIrGC1LipEn1NSGcOcs6xCzZV9ZvQhyeghPOmpvlmkvKcVAyW8_db--ivBrFk&amp;__tn__=*NK-R\" target=\"_blank\" rel=\"noopener\">#CharlaInformativa<\/a> sobre la Maestr\u00eda en Docencia Universitaria! Descubre c\u00f3mo este programa te brinda herramientas clave para innovar, liderar y marcar la diferencia en el \u00e1mbito acad\u00e9mico.<\/p>\n\n\n\n<p><img loading=\"lazy\" decoding=\"async\" height=\"16\" width=\"16\" alt=\"\u2705\" src=\"https:\/\/static.xx.fbcdn.net\/images\/emoji.php\/v9\/t33\/1\/16\/2705.png\">Transmisi\u00f3n v\u00eda Zoom + Facebook Live<\/p>\n\n\n\n<p><img loading=\"lazy\" decoding=\"async\" height=\"16\" width=\"16\" src=\"https:\/\/static.xx.fbcdn.net\/images\/emoji.php\/v9\/t8d\/1\/16\/1f449_1f3fc.png\" alt=\"\ud83d\udc49\ud83c\udffc\">Reg\u00edstrate aqu\u00ed para asegurar tu lugar<a href=\"https:\/\/l.facebook.com\/l.php?u=https%3A%2F%2Facortar.link%2F3A0n54%3Ffbclid%3DIwZXh0bgNhZW0CMTAAAR3PjjK-agqPkjYbxb0tW5u5afLTCIG8rU5lZUD_RKifSeqdMMwpzn4yCgE_aem_B6RaLoBtnE3a9HbMb2emnQ&amp;h=AT0BJQkEosfoUUbxMpqvs8j8bR8nfWTlGj-aGu3tMyCBTxO0Id1ktcmzr1RRIq9l-qVfYWkdjoe5nno8_gZ20JZ3ITj4357p8dDXGFBmekbxWEXmYrOmCVXumkFVTYw6RVXdGG4dKnUTIlLAbs-8&amp;__tn__=-UK-R&amp;c[0]=AT0CnqPjgXmIjA1X1ExE09_t3w3bpBVTn8Ypxz78HAlqCKjrn9wQtm0LPvChqiUw23bMyfaStAcaEdzmC3oBIcariYh73ABMk7qccCVaobXFgBWU7bsRsMwOTGNehYnIeIl5g3JC-u5786r7fz7ym_gli6U_tOh7W-HG8w6FHKMsDHDB-3-7379Vz3qe6erjfLGhGeFrwS4fnxamvoghU1g7cw\" target=\"_blank\" rel=\"noreferrer noopener\">: <\/a><a href=\" https:\/\/acortar.link\/3A0n54\">https:\/\/acortar.link\/HSLmCH<\/a><\/p>\n\n\n\n<p><img loading=\"lazy\" decoding=\"async\" height=\"16\" width=\"16\" src=\"https:\/\/static.xx.fbcdn.net\/images\/emoji.php\/v9\/t33\/1\/16\/2705.png\" alt=\"\u2705\">Fecha: 19 de febrero<\/p>\n\n\n\n<p><img loading=\"lazy\" decoding=\"async\" height=\"16\" width=\"16\" src=\"https:\/\/static.xx.fbcdn.net\/images\/emoji.php\/v9\/t33\/1\/16\/2705.png\" alt=\"\u2705\">Hora: 07:00 p.m.<\/p>\n","protected":false},"excerpt":{"rendered":"<p>\u00bfEst\u00e1s listo para destacar en la ense\u00f1anza superior? \u00a1No te pierdas nuestra #CharlaInformativa sobre la Maestr\u00eda en Docencia Universitaria! Descubre c\u00f3mo este programa te brinda herramientas clave para innovar, liderar y marcar la diferencia en el \u00e1mbito acad\u00e9mico. Transmisi\u00f3n v\u00eda Zoom + Facebook Live Reg\u00edstrate aqu\u00ed para asegurar tu lugar: https:\/\/acortar.link\/HSLmCH Fecha: 19 de febrero [&hellip;]<\/p>\n","protected":false},"featured_media":0,"parent":0,"template":"","categoria-eventos":[17,44],"class_list":["post-4278","evento","type-evento","status-publish","hentry","categoria-eventos-videoconferencias","categoria-eventos-webinar-gratuito"],"custom_fields_data":{"inline_featured_image":["0"],"hcf_post_fecha":["2025-02-19"],"hcf_post_timeI":["19:00"],"hcf_post_timeF":["20:00"],"hcf_post_lugar":["Escuela de Posgrado Norbert Wiener - Facebook Live"],"hcf_post_ingreso":[""],"hcf_post_recomendados":[""],"hcf_post_anexos":[""],"hcf_post_email":[""],"hcf_post_url_face":[""],"hcf_fecha_blog":[""],"hcf_destacado_blog":[""],"hcf_imagenes":["a:0:{}"],"hcf_thumb_500":["https:\/\/posgrado.uwiener.edu.pe\/actividades\/wp-content\/uploads\/2024\/08\/500x82-4.jpg"],"hcf_thumb_1600":["https:\/\/posgrado.uwiener.edu.pe\/actividades\/wp-content\/uploads\/2024\/08\/1920x314-4.jpg"],"hcf_destacada":["https:\/\/posgrado.uwiener.edu.pe\/actividades\/wp-content\/uploads\/2024\/08\/1200x628-5.jpg"],"_edit_lock":["1745363930:5"],"_edit_last":["5"],"rank_math_og_content_image":["a:2:{s:5:\"check\";s:32:\"0fc386529a298de4d904be247bac5aea\";s:6:\"images\";a:0:{}}"],"rank_math_internal_links_processed":["1"]},"_links":{"self":[{"href":"https:\/\/posgrado.uwiener.edu.pe\/actividades\/wp-json\/wp\/v2\/evento\/4278"}],"collection":[{"href":"https:\/\/posgrado.uwiener.edu.pe\/actividades\/wp-json\/wp\/v2\/evento"}],"about":[{"href":"https:\/\/posgrado.uwiener.edu.pe\/actividades\/wp-json\/wp\/v2\/types\/evento"}],"wp:attachment":[{"href":"https:\/\/posgrado.uwiener.edu.pe\/actividades\/wp-json\/wp\/v2\/media?parent=4278"}],"wp:term":[{"taxonomy":"categoria-eventos","embeddable":true,"href":"https:\/\/posgrado.uwiener.edu.pe\/actividades\/wp-json\/wp\/v2\/categoria-eventos?post=4278"}],"curies":[{"name":"wp","href":"https:\/\/api.w.org\/{rel}","templated":true}]}}

Charla informativa: «Maestría en Docencia Universitaria»

<p>¿Estás listo para destacar en la enseñanza superior? <img loading="lazy" decoding="async" height="16" width="16" src="https://static.xx.fbcdn.net/images/emoji.php/v9/t79/1/16/1f469_1f3fb_200d_1f3eb.png" alt="👩🏻‍🏫"></p>



<p>¡No te pierdas nuestra <a href="https://www.facebook.com/hashtag/charlainformativa?__eep__=6&amp;__cft__[0]=AZV8_Xw52yYV19PuwCxn832RSwGvZLSG6Ib1JVVLbMK7ya9wUmjU27qEcOdvjJlIgZwPnjeUBngDau6ZWcZUOBEdW2zEp99LZU4z_DFDUt8Bfacyp26yJ9iWfUE6rVC3ls4Q-8NIrGC1LipEn1NSGcOcs6xCzZV9ZvQhyeghPOmpvlmkvKcVAyW8_db--ivBrFk&amp;__tn__=*NK-R" target="_blank" rel="noopener">#CharlaInformativa</a> sobre la Maestría en Docencia Universitaria! Descubre cómo este programa te brinda herramientas clave para innovar, liderar y marcar la diferencia en el ámbito académico.</p>



<p><img loading="lazy" decoding="async" height="16" width="16" alt="✅" src="https://static.xx.fbcdn.net/images/emoji.php/v9/t33/1/16/2705.png">Transmisión vía Zoom + Facebook Live</p>



<p><img loading="lazy" decoding="async" height="16" width="16" src="https://static.xx.fbcdn.net/images/emoji.php/v9/t8d/1/16/1f449_1f3fc.png" alt="👉🏼">Regístrate aquí para asegurar tu lugar<a href="https://l.facebook.com/l.php?u=https%3A%2F%2Facortar.link%2F3A0n54%3Ffbclid%3DIwZXh0bgNhZW0CMTAAAR3PjjK-agqPkjYbxb0tW5u5afLTCIG8rU5lZUD_RKifSeqdMMwpzn4yCgE_aem_B6RaLoBtnE3a9HbMb2emnQ&amp;h=AT0BJQkEosfoUUbxMpqvs8j8bR8nfWTlGj-aGu3tMyCBTxO0Id1ktcmzr1RRIq9l-qVfYWkdjoe5nno8_gZ20JZ3ITj4357p8dDXGFBmekbxWEXmYrOmCVXumkFVTYw6RVXdGG4dKnUTIlLAbs-8&amp;__tn__=-UK-R&amp;c[0]=AT0CnqPjgXmIjA1X1ExE09_t3w3bpBVTn8Ypxz78HAlqCKjrn9wQtm0LPvChqiUw23bMyfaStAcaEdzmC3oBIcariYh73ABMk7qccCVaobXFgBWU7bsRsMwOTGNehYnIeIl5g3JC-u5786r7fz7ym_gli6U_tOh7W-HG8w6FHKMsDHDB-3-7379Vz3qe6erjfLGhGeFrwS4fnxamvoghU1g7cw" target="_blank" rel="noreferrer noopener">: </a><a href=" https://acortar.link/3A0n54">https://acortar.link/HSLmCH</a></p>



<p><img loading="lazy" decoding="async" height="16" width="16" src="https://static.xx.fbcdn.net/images/emoji.php/v9/t33/1/16/2705.png" alt="✅">Fecha: 19 de febrero</p>



<p><img loading="lazy" decoding="async" height="16" width="16" src="https://static.xx.fbcdn.net/images/emoji.php/v9/t33/1/16/2705.png" alt="✅">Hora: 07:00 p.m.</p>

<p>¿Estás listo para destacar en la enseñanza superior? ¡No te pierdas nuestra #CharlaInformativa sobre la Maestría en Docencia Universitaria! Descubre cómo este programa te brinda herramientas clave para innovar, liderar y marcar la diferencia en el ámbito académico. Transmisión vía Zoom + Facebook Live Regístrate aquí para asegurar tu lugar: https://acortar.link/HSLmCH Fecha: 19 de febrero [&hellip;]</p>
