
{"id":4297,"date":"2025-02-24T16:09:12","date_gmt":"2025-02-24T21:09:12","guid":{"rendered":"https:\/\/posgrado.uwiener.edu.pe\/actividades\/?post_type=evento&#038;p=4297"},"modified":"2025-02-24T16:09:13","modified_gmt":"2025-02-24T21:09:13","slug":"charla-informativa-segunda-especialidad-en-asuntos-regulatorios-en-el-sector-farmaceutico","status":"publish","type":"evento","link":"https:\/\/posgrado.uwiener.edu.pe\/actividades\/evento\/charla-informativa-segunda-especialidad-en-asuntos-regulatorios-en-el-sector-farmaceutico\/","title":{"rendered":"Charla Informativa: Segunda Especialidad en Asuntos Regulatorios en el Sector Farmac\u00e9utico"},"content":{"rendered":"\n<p>\u00bfQuieres impulsar tu perfil profesional? \ud83d\ude80\ud83d\udc8a<br>\u00danete a nuestra charla informativa sobre la Segunda Especialidad en Asuntos Regulatorios en el Sector Farmac\u00e9utico y ampl\u00eda tus oportunidades en un campo estrat\u00e9gico y de alta demanda.<\/p>\n\n\n\n<p>\ud83d\udccc Tema: Legislaci\u00f3n Farmac\u00e9utica en el Per\u00fa: un pilar para la salud p\u00fablica<br>Conoce el marco legal que regula la producci\u00f3n y distribuci\u00f3n de medicamentos en el Per\u00fa y su impacto en la salud p\u00fablica. \u00a1Especial\u00edzate en un campo clave y de gran demanda!<\/p>\n\n\n\n<p>\ud83d\udcc5 Fecha: 27 de febrero<br>\ud83d\udd55 Hora: 6:00 p. m.<br>\ud83c\udf10 Transmisi\u00f3n: Zoom + Facebook Live<br>\ud83c\udfaf \u00a1Reserva tu lugar ahora!<br>\ud83d\udc49 <a href=\"https:\/\/acortar.link\/InKKlV\" target=\"_blank\" rel=\"noopener\">https:\/\/acortar.link\/InKKlV<\/a> <\/p>\n\n\n\n<p>\ud83d\ude80 \u00a1No dejes pasar esta oportunidad de crecimiento profesional!<\/p>\n","protected":false},"excerpt":{"rendered":"<p>\u00bfQuieres impulsar tu perfil profesional? \ud83d\ude80\ud83d\udc8a\u00danete a nuestra charla informativa sobre la Segunda Especialidad en Asuntos Regulatorios en el Sector Farmac\u00e9utico y ampl\u00eda tus oportunidades en un campo estrat\u00e9gico y de alta demanda. \ud83d\udccc Tema: Legislaci\u00f3n Farmac\u00e9utica en el Per\u00fa: un pilar para la salud p\u00fablicaConoce el marco legal que regula la producci\u00f3n y distribuci\u00f3n [&hellip;]<\/p>\n","protected":false},"featured_media":0,"parent":0,"template":"","categoria-eventos":[17,44],"class_list":["post-4297","evento","type-evento","status-publish","hentry","categoria-eventos-videoconferencias","categoria-eventos-webinar-gratuito"],"custom_fields_data":{"inline_featured_image":["0"],"hcf_post_fecha":["2025-02-27"],"hcf_post_timeI":["18:00"],"hcf_post_timeF":["19:00"],"hcf_post_lugar":["Escuela de Posgrado Norbert Wiener - Facebook Live"],"hcf_post_ingreso":[""],"hcf_post_recomendados":[""],"hcf_post_anexos":[""],"hcf_post_email":[""],"hcf_post_url_face":[""],"hcf_fecha_blog":[""],"hcf_destacado_blog":[""],"hcf_imagenes":["a:0:{}"],"hcf_thumb_500":["https:\/\/posgrado.uwiener.edu.pe\/actividades\/wp-content\/uploads\/2025\/02\/500x82_asuntos.jpg"],"hcf_thumb_1600":["https:\/\/posgrado.uwiener.edu.pe\/actividades\/wp-content\/uploads\/2025\/02\/1920x314_asuntos.jpg"],"hcf_destacada":["https:\/\/posgrado.uwiener.edu.pe\/actividades\/wp-content\/uploads\/2025\/02\/1200x628_asuntos.jpg"],"_edit_lock":["1740752394:5"],"_edit_last":["5"],"rank_math_internal_links_processed":["1"]},"_links":{"self":[{"href":"https:\/\/posgrado.uwiener.edu.pe\/actividades\/wp-json\/wp\/v2\/evento\/4297"}],"collection":[{"href":"https:\/\/posgrado.uwiener.edu.pe\/actividades\/wp-json\/wp\/v2\/evento"}],"about":[{"href":"https:\/\/posgrado.uwiener.edu.pe\/actividades\/wp-json\/wp\/v2\/types\/evento"}],"wp:attachment":[{"href":"https:\/\/posgrado.uwiener.edu.pe\/actividades\/wp-json\/wp\/v2\/media?parent=4297"}],"wp:term":[{"taxonomy":"categoria-eventos","embeddable":true,"href":"https:\/\/posgrado.uwiener.edu.pe\/actividades\/wp-json\/wp\/v2\/categoria-eventos?post=4297"}],"curies":[{"name":"wp","href":"https:\/\/api.w.org\/{rel}","templated":true}]}}

Charla Informativa: Segunda Especialidad en Asuntos Regulatorios en el Sector Farmacéutico

<p>¿Quieres impulsar tu perfil profesional? 🚀💊<br>Únete a nuestra charla informativa sobre la Segunda Especialidad en Asuntos Regulatorios en el Sector Farmacéutico y amplía tus oportunidades en un campo estratégico y de alta demanda.</p>



<p>📌 Tema: Legislación Farmacéutica en el Perú: un pilar para la salud pública<br>Conoce el marco legal que regula la producción y distribución de medicamentos en el Perú y su impacto en la salud pública. ¡Especialízate en un campo clave y de gran demanda!</p>



<p>📅 Fecha: 27 de febrero<br>🕕 Hora: 6:00 p. m.<br>🌐 Transmisión: Zoom + Facebook Live<br>🎯 ¡Reserva tu lugar ahora!<br>👉 <a href="https://acortar.link/InKKlV" target="_blank" rel="noopener">https://acortar.link/InKKlV</a> </p>



<p>🚀 ¡No dejes pasar esta oportunidad de crecimiento profesional!</p>

<p>¿Quieres impulsar tu perfil profesional? 🚀💊Únete a nuestra charla informativa sobre la Segunda Especialidad en Asuntos Regulatorios en el Sector Farmacéutico y amplía tus oportunidades en un campo estratégico y de alta demanda. 📌 Tema: Legislación Farmacéutica en el Perú: un pilar para la salud públicaConoce el marco legal que regula la producción y distribución [&hellip;]</p>
