
{"id":4342,"date":"2025-04-14T12:19:47","date_gmt":"2025-04-14T17:19:47","guid":{"rendered":"https:\/\/posgrado.uwiener.edu.pe\/actividades\/?post_type=evento&#038;p=4342"},"modified":"2025-04-14T12:19:48","modified_gmt":"2025-04-14T17:19:48","slug":"charla-informativa-maestria-en-gestion-publica-y-gobernabilidad-11","status":"publish","type":"evento","link":"https:\/\/posgrado.uwiener.edu.pe\/actividades\/evento\/charla-informativa-maestria-en-gestion-publica-y-gobernabilidad-11\/","title":{"rendered":"Charla Informativa: \u00abMaestr\u00eda en Gesti\u00f3n P\u00fablica y Gobernabilidad\u00bb"},"content":{"rendered":"\n<p>\u00bfPreparado para liderar el cambio en la gesti\u00f3n p\u00fablica? <img loading=\"lazy\" decoding=\"async\" height=\"16\" width=\"16\" src=\"https:\/\/static.xx.fbcdn.net\/images\/emoji.php\/v9\/td\/1\/16\/1f4bc.png\" alt=\"\ud83d\udcbc\"><\/p>\n\n\n\n<p>No te pierdas nuestra <a href=\"https:\/\/www.facebook.com\/hashtag\/charlainformativa?__eep__=6&amp;__cft__[0]=AZXVGpNRCjzi3yC6jgR19-AHHtRqvLoQnqTlo2EchV4fSlbN5xiioLjSvsgHRCSP2FGSjPNjmtNvnpO61tomZaeK-P3HV5pe9k5bS-l6x1Si0muI-JW9RexgY3neNfB95qVAlU2qnaZifzFRHGz__z3FdpQOHdrapHvjOsqNeQ4qPrbj8TbjhX2037P5kMcSaiI&amp;__tn__=*NK-R\" target=\"_blank\" rel=\"noopener\">#CharlaInformativa<\/a> sobre la Maestr\u00eda en Gesti\u00f3n P\u00fablica y Gobernabilidad. Conoce c\u00f3mo este programa te prepara para enfrentar los desaf\u00edos de la administraci\u00f3n p\u00fablica y fortalecer la gobernabilidad. <\/p>\n\n\n\n<p>Transmisi\u00f3n v\u00eda Zoom + Facebook Live<\/p>\n\n\n\n<p>Reg\u00edstrate aqu\u00ed para asegurar tu lugar: <a href=\"https:\/\/acortar.link\/uSTFJN\" target=\"_blank\" rel=\"noopener\">https:\/\/acortar.link\/uSTFJN<\/a><\/p>\n\n\n\n<p>\u00a1No te pierdas esta oportunidad de avanzar en tu carrera en gesti\u00f3n p\u00fablica y gobernabilidad! <img loading=\"lazy\" decoding=\"async\" height=\"16\" width=\"16\" src=\"https:\/\/static.xx.fbcdn.net\/images\/emoji.php\/v9\/t68\/1\/16\/1f9d1_1f3fb_200d_2696.png\" alt=\"\ud83e\uddd1\ud83c\udffb\u200d\u2696\ufe0f\"><\/p>\n\n\n\n<p><\/p>\n","protected":false},"excerpt":{"rendered":"<p>\u00bfPreparado para liderar el cambio en la gesti\u00f3n p\u00fablica? No te pierdas nuestra #CharlaInformativa sobre la Maestr\u00eda en Gesti\u00f3n P\u00fablica y Gobernabilidad. Conoce c\u00f3mo este programa te prepara para enfrentar los desaf\u00edos de la administraci\u00f3n p\u00fablica y fortalecer la gobernabilidad. Transmisi\u00f3n v\u00eda Zoom + Facebook Live Reg\u00edstrate aqu\u00ed para asegurar tu lugar: https:\/\/acortar.link\/uSTFJN \u00a1No te [&hellip;]<\/p>\n","protected":false},"featured_media":0,"parent":0,"template":"","categoria-eventos":[17,44],"class_list":["post-4342","evento","type-evento","status-publish","hentry","categoria-eventos-videoconferencias","categoria-eventos-webinar-gratuito"],"custom_fields_data":{"inline_featured_image":["0"],"hcf_post_fecha":["2025-04-16"],"hcf_post_timeI":["18:00"],"hcf_post_timeF":["19:00"],"hcf_post_lugar":["Escuela de Posgrado Norbert Wiener - Facebook Live"],"hcf_post_ingreso":[""],"hcf_post_recomendados":[""],"hcf_post_anexos":[""],"hcf_post_email":[""],"hcf_post_url_face":[""],"hcf_fecha_blog":[""],"hcf_destacado_blog":[""],"hcf_imagenes":["a:0:{}"],"hcf_thumb_500":["https:\/\/posgrado.uwiener.edu.pe\/actividades\/wp-content\/uploads\/2024\/08\/500x82-5.jpg"],"hcf_thumb_1600":["https:\/\/posgrado.uwiener.edu.pe\/actividades\/wp-content\/uploads\/2024\/02\/1920x314.jpg"],"hcf_destacada":["https:\/\/posgrado.uwiener.edu.pe\/actividades\/wp-content\/uploads\/2024\/08\/1200x628-6.jpg"],"_edit_lock":["1746565238:5"],"_edit_last":["5"],"rank_math_og_content_image":["a:2:{s:5:\"check\";s:32:\"c46d5a45e24790226f12ebc872c9933f\";s:6:\"images\";a:0:{}}"],"rank_math_internal_links_processed":["1"]},"_links":{"self":[{"href":"https:\/\/posgrado.uwiener.edu.pe\/actividades\/wp-json\/wp\/v2\/evento\/4342"}],"collection":[{"href":"https:\/\/posgrado.uwiener.edu.pe\/actividades\/wp-json\/wp\/v2\/evento"}],"about":[{"href":"https:\/\/posgrado.uwiener.edu.pe\/actividades\/wp-json\/wp\/v2\/types\/evento"}],"wp:attachment":[{"href":"https:\/\/posgrado.uwiener.edu.pe\/actividades\/wp-json\/wp\/v2\/media?parent=4342"}],"wp:term":[{"taxonomy":"categoria-eventos","embeddable":true,"href":"https:\/\/posgrado.uwiener.edu.pe\/actividades\/wp-json\/wp\/v2\/categoria-eventos?post=4342"}],"curies":[{"name":"wp","href":"https:\/\/api.w.org\/{rel}","templated":true}]}}

Charla Informativa: «Maestría en Gestión Pública y Gobernabilidad»

<p>¿Preparado para liderar el cambio en la gestión pública? <img loading="lazy" decoding="async" height="16" width="16" src="https://static.xx.fbcdn.net/images/emoji.php/v9/td/1/16/1f4bc.png" alt="💼"></p>



<p>No te pierdas nuestra <a href="https://www.facebook.com/hashtag/charlainformativa?__eep__=6&amp;__cft__[0]=AZXVGpNRCjzi3yC6jgR19-AHHtRqvLoQnqTlo2EchV4fSlbN5xiioLjSvsgHRCSP2FGSjPNjmtNvnpO61tomZaeK-P3HV5pe9k5bS-l6x1Si0muI-JW9RexgY3neNfB95qVAlU2qnaZifzFRHGz__z3FdpQOHdrapHvjOsqNeQ4qPrbj8TbjhX2037P5kMcSaiI&amp;__tn__=*NK-R" target="_blank" rel="noopener">#CharlaInformativa</a> sobre la Maestría en Gestión Pública y Gobernabilidad. Conoce cómo este programa te prepara para enfrentar los desafíos de la administración pública y fortalecer la gobernabilidad. </p>



<p>Transmisión vía Zoom + Facebook Live</p>



<p>Regístrate aquí para asegurar tu lugar: <a href="https://acortar.link/uSTFJN" target="_blank" rel="noopener">https://acortar.link/uSTFJN</a></p>



<p>¡No te pierdas esta oportunidad de avanzar en tu carrera en gestión pública y gobernabilidad! <img loading="lazy" decoding="async" height="16" width="16" src="https://static.xx.fbcdn.net/images/emoji.php/v9/t68/1/16/1f9d1_1f3fb_200d_2696.png" alt="🧑🏻‍⚖️"></p>



<p></p>

<p>¿Preparado para liderar el cambio en la gestión pública? No te pierdas nuestra #CharlaInformativa sobre la Maestría en Gestión Pública y Gobernabilidad. Conoce cómo este programa te prepara para enfrentar los desafíos de la administración pública y fortalecer la gobernabilidad. Transmisión vía Zoom + Facebook Live Regístrate aquí para asegurar tu lugar: https://acortar.link/uSTFJN ¡No te [&hellip;]</p>
