
{"id":4345,"date":"2025-04-15T13:40:32","date_gmt":"2025-04-15T18:40:32","guid":{"rendered":"https:\/\/posgrado.uwiener.edu.pe\/actividades\/?post_type=evento&#038;p=4345"},"modified":"2025-04-15T13:40:35","modified_gmt":"2025-04-15T18:40:35","slug":"charla-informativa-enfermeria-que-deja-huella-destaca-con-una-segunda-especialidad","status":"publish","type":"evento","link":"https:\/\/posgrado.uwiener.edu.pe\/actividades\/evento\/charla-informativa-enfermeria-que-deja-huella-destaca-con-una-segunda-especialidad\/","title":{"rendered":"Charla Informativa \u00abEnfermer\u00eda que deja huella: destaca con una Segunda\u00a0Especialidad\u00bb"},"content":{"rendered":"\n<p>\u00danete a nuestra charla informativa: <strong>\u00abEnfermer\u00eda que deja huella: destaca con una Segunda Especialidad\u00bb<\/strong><\/p>\n\n\n\n<p>Descubre c\u00f3mo una Segunda Especialidad en Enfermer\u00eda puede darte las herramientas necesarias para brindar un cuidado de calidad y enfrentar con seguridad los retos del sector salud.<\/p>\n\n\n\n<p>\ud83d\udc68\u200d\ud83c\udfeb Con la gu\u00eda del <strong>Mag. Jos\u00e9 Luis Rodr\u00edguez<\/strong> <strong>Villanueva<\/strong>, conocer\u00e1s experiencias reales y estrategias clave para especializarte y destacar.<\/p>\n\n\n\n<p><img loading=\"lazy\" decoding=\"async\" height=\"16\" width=\"16\" alt=\"\u2705\" src=\"https:\/\/static.xx.fbcdn.net\/images\/emoji.php\/v9\/t33\/1\/16\/2705.png\">Transmisi\u00f3n v\u00eda Zoom + Facebook Live<\/p>\n\n\n\n<p><img loading=\"lazy\" decoding=\"async\" height=\"16\" width=\"16\" src=\"https:\/\/static.xx.fbcdn.net\/images\/emoji.php\/v9\/t8d\/1\/16\/1f449_1f3fc.png\" alt=\"\ud83d\udc49\ud83c\udffc\">\u00a0Reg\u00edstrate aqu\u00ed para asegurar tu lugar:\u00a0<a href=\"https:\/\/acortar.link\/XY7fX7\" target=\"_blank\" rel=\"noopener\">https:\/\/acortar.link\/XY7fX7<\/a><\/p>\n\n\n\n<p><img loading=\"lazy\" decoding=\"async\" height=\"16\" width=\"16\" src=\"https:\/\/static.xx.fbcdn.net\/images\/emoji.php\/v9\/t33\/1\/16\/2705.png\" alt=\"\u2705\">Fecha: 16 de abril<\/p>\n\n\n\n<p><img loading=\"lazy\" decoding=\"async\" height=\"16\" width=\"16\" src=\"https:\/\/static.xx.fbcdn.net\/images\/emoji.php\/v9\/t33\/1\/16\/2705.png\" alt=\"\u2705\">Hora: 06:00 p.m.<\/p>\n","protected":false},"excerpt":{"rendered":"<p>\u00danete a nuestra charla informativa: \u00abEnfermer\u00eda que deja huella: destaca con una Segunda Especialidad\u00bb Descubre c\u00f3mo una Segunda Especialidad en Enfermer\u00eda puede darte las herramientas necesarias para brindar un cuidado de calidad y enfrentar con seguridad los retos del sector salud. \ud83d\udc68\u200d\ud83c\udfeb Con la gu\u00eda del Mag. Jos\u00e9 Luis Rodr\u00edguez Villanueva, conocer\u00e1s experiencias reales y [&hellip;]<\/p>\n","protected":false},"featured_media":0,"parent":0,"template":"","categoria-eventos":[17,44],"class_list":["post-4345","evento","type-evento","status-publish","hentry","categoria-eventos-videoconferencias","categoria-eventos-webinar-gratuito"],"custom_fields_data":{"inline_featured_image":["0"],"hcf_post_fecha":["2025-04-16"],"hcf_post_timeI":["18:00"],"hcf_post_timeF":["19:00"],"hcf_post_lugar":["Escuela de Posgrado Norbert Wiener - Facebook Live"],"hcf_post_ingreso":[""],"hcf_post_recomendados":[""],"hcf_post_anexos":[""],"hcf_post_email":[""],"hcf_post_url_face":[""],"hcf_fecha_blog":[""],"hcf_destacado_blog":[""],"hcf_imagenes":["a:0:{}"],"hcf_thumb_500":["https:\/\/posgrado.uwiener.edu.pe\/actividades\/wp-content\/uploads\/2024\/08\/500x82.jpg"],"hcf_thumb_1600":["https:\/\/posgrado.uwiener.edu.pe\/actividades\/wp-content\/uploads\/2024\/08\/1920x314.jpg"],"hcf_destacada":["https:\/\/posgrado.uwiener.edu.pe\/actividades\/wp-content\/uploads\/2024\/08\/1200x628-1.jpg"],"_edit_lock":["1744742436:5"],"_edit_last":["5"],"rank_math_og_content_image":["a:2:{s:5:\"check\";s:32:\"158e9736cac19ea6661adeb383bf47fa\";s:6:\"images\";a:0:{}}"],"rank_math_internal_links_processed":["1"]},"_links":{"self":[{"href":"https:\/\/posgrado.uwiener.edu.pe\/actividades\/wp-json\/wp\/v2\/evento\/4345"}],"collection":[{"href":"https:\/\/posgrado.uwiener.edu.pe\/actividades\/wp-json\/wp\/v2\/evento"}],"about":[{"href":"https:\/\/posgrado.uwiener.edu.pe\/actividades\/wp-json\/wp\/v2\/types\/evento"}],"wp:attachment":[{"href":"https:\/\/posgrado.uwiener.edu.pe\/actividades\/wp-json\/wp\/v2\/media?parent=4345"}],"wp:term":[{"taxonomy":"categoria-eventos","embeddable":true,"href":"https:\/\/posgrado.uwiener.edu.pe\/actividades\/wp-json\/wp\/v2\/categoria-eventos?post=4345"}],"curies":[{"name":"wp","href":"https:\/\/api.w.org\/{rel}","templated":true}]}}

Charla Informativa «Enfermería que deja huella: destaca con una Segunda Especialidad»

<p>Únete a nuestra charla informativa: <strong>«Enfermería que deja huella: destaca con una Segunda Especialidad»</strong></p>



<p>Descubre cómo una Segunda Especialidad en Enfermería puede darte las herramientas necesarias para brindar un cuidado de calidad y enfrentar con seguridad los retos del sector salud.</p>



<p>👨‍🏫 Con la guía del <strong>Mag. José Luis Rodríguez</strong> <strong>Villanueva</strong>, conocerás experiencias reales y estrategias clave para especializarte y destacar.</p>



<p><img loading="lazy" decoding="async" height="16" width="16" alt="✅" src="https://static.xx.fbcdn.net/images/emoji.php/v9/t33/1/16/2705.png">Transmisión vía Zoom + Facebook Live</p>



<p><img loading="lazy" decoding="async" height="16" width="16" src="https://static.xx.fbcdn.net/images/emoji.php/v9/t8d/1/16/1f449_1f3fc.png" alt="👉🏼"> Regístrate aquí para asegurar tu lugar: <a href="https://acortar.link/XY7fX7" target="_blank" rel="noopener">https://acortar.link/XY7fX7</a></p>



<p><img loading="lazy" decoding="async" height="16" width="16" src="https://static.xx.fbcdn.net/images/emoji.php/v9/t33/1/16/2705.png" alt="✅">Fecha: 16 de abril</p>



<p><img loading="lazy" decoding="async" height="16" width="16" src="https://static.xx.fbcdn.net/images/emoji.php/v9/t33/1/16/2705.png" alt="✅">Hora: 06:00 p.m.</p>

<p>Únete a nuestra charla informativa: «Enfermería que deja huella: destaca con una Segunda Especialidad» Descubre cómo una Segunda Especialidad en Enfermería puede darte las herramientas necesarias para brindar un cuidado de calidad y enfrentar con seguridad los retos del sector salud. 👨‍🏫 Con la guía del Mag. José Luis Rodríguez Villanueva, conocerás experiencias reales y [&hellip;]</p>
