
{"id":4348,"date":"2025-04-22T15:08:17","date_gmt":"2025-04-22T20:08:17","guid":{"rendered":"https:\/\/posgrado.uwiener.edu.pe\/actividades\/?post_type=evento&#038;p=4348"},"modified":"2025-04-22T15:08:18","modified_gmt":"2025-04-22T20:08:18","slug":"foro-internacional-atencion-primaria-en-salud-una-mirada-de-chile-y-peru","status":"publish","type":"evento","link":"https:\/\/posgrado.uwiener.edu.pe\/actividades\/evento\/foro-internacional-atencion-primaria-en-salud-una-mirada-de-chile-y-peru\/","title":{"rendered":"Foro Internacional \u00abAtenci\u00f3n Primaria en Salud: Una mirada de Chile y Per\u00fa\u00bb"},"content":{"rendered":"\n<p>Hola \ud83d\udc4b\ud83c\udffc, te invitamos al Foro Internacional: Atenci\u00f3n Primaria en Salud \u2013 Una mirada de Chile y Per\u00fa, organizado por la EPG Universidad Norbert Wiener y la Universidad Andr\u00e9s Bello de Chile .<\/p>\n\n\n\n<p>\ud83d\uddd3 Fecha: 22 de abril<br>\ud83d\udd55 Hora: 6:00 p.\u202fm. (Per\u00fa) | 8:00 p.\u202fm. (Chile)<\/p>\n\n\n\n<p>\ud83c\udf99 Ponentes:<\/p>\n\n\n\n<ul class=\"wp-block-list\">\n<li>\ud83c\udde8\ud83c\uddf1 Mg. Nicole Gay Jara \u2013 Odont\u00f3loga. Mag\u00edster en Gesti\u00f3n en Atenci\u00f3n Primaria de Salud.<\/li>\n\n\n\n<li>\ud83c\uddf5\ud83c\uddea Mg. Luis Ordo\u00f1ez Ibarg\u00fcen \u2013 Coordinador de vigilancia epidemiol\u00f3gica del CDC \u2013 MINSA, Per\u00fa.<\/li>\n\n\n\n<li>\ud83c\uddf5\ud83c\uddea Mg. Beatriz Quispe Quille \u2013 Mag\u00edster en Gerencia Social y especialista en Nutrici\u00f3n P\u00fablica.<\/li>\n<\/ul>\n\n\n\n<p>\ud83d\udd17 Inscr\u00edbete gratis aqu\u00ed:<a href=\" https:\/\/acortar.link\/lLMBOD \"> https:\/\/acortar.link\/lLMBOD <\/a>\u00a1Te esperamos! \ud83d\udcac<\/p>\n","protected":false},"excerpt":{"rendered":"<p>Hola \ud83d\udc4b\ud83c\udffc, te invitamos al Foro Internacional: Atenci\u00f3n Primaria en Salud \u2013 Una mirada de Chile y Per\u00fa, organizado por la EPG Universidad Norbert Wiener y la Universidad Andr\u00e9s Bello de Chile . \ud83d\uddd3 Fecha: 22 de abril\ud83d\udd55 Hora: 6:00 p.\u202fm. (Per\u00fa) | 8:00 p.\u202fm. (Chile) \ud83c\udf99 Ponentes: \ud83d\udd17 Inscr\u00edbete gratis aqu\u00ed: https:\/\/acortar.link\/lLMBOD \u00a1Te esperamos! [&hellip;]<\/p>\n","protected":false},"featured_media":0,"parent":0,"template":"","categoria-eventos":[17,44],"class_list":["post-4348","evento","type-evento","status-publish","hentry","categoria-eventos-videoconferencias","categoria-eventos-webinar-gratuito"],"custom_fields_data":{"inline_featured_image":["0"],"hcf_post_fecha":["2025-04-22"],"hcf_post_timeI":["18:00"],"hcf_post_timeF":["19:00"],"hcf_post_lugar":["Escuela de Posgrado Norbert Wiener - Facebook Live"],"hcf_post_ingreso":[""],"hcf_post_recomendados":[""],"hcf_post_anexos":[""],"hcf_post_email":[""],"hcf_post_url_face":[""],"hcf_fecha_blog":[""],"hcf_destacado_blog":[""],"hcf_imagenes":["a:0:{}"],"hcf_thumb_500":["https:\/\/posgrado.uwiener.edu.pe\/actividades\/wp-content\/uploads\/2024\/08\/500x82-2.jpg"],"hcf_thumb_1600":["https:\/\/posgrado.uwiener.edu.pe\/actividades\/wp-content\/uploads\/2024\/08\/1920x314-2.jpg"],"hcf_destacada":["https:\/\/posgrado.uwiener.edu.pe\/actividades\/wp-content\/uploads\/2024\/08\/1200x628-3.jpg"],"_edit_lock":["1745355892:5"],"_edit_last":["5"],"rank_math_internal_links_processed":["1"]},"_links":{"self":[{"href":"https:\/\/posgrado.uwiener.edu.pe\/actividades\/wp-json\/wp\/v2\/evento\/4348"}],"collection":[{"href":"https:\/\/posgrado.uwiener.edu.pe\/actividades\/wp-json\/wp\/v2\/evento"}],"about":[{"href":"https:\/\/posgrado.uwiener.edu.pe\/actividades\/wp-json\/wp\/v2\/types\/evento"}],"wp:attachment":[{"href":"https:\/\/posgrado.uwiener.edu.pe\/actividades\/wp-json\/wp\/v2\/media?parent=4348"}],"wp:term":[{"taxonomy":"categoria-eventos","embeddable":true,"href":"https:\/\/posgrado.uwiener.edu.pe\/actividades\/wp-json\/wp\/v2\/categoria-eventos?post=4348"}],"curies":[{"name":"wp","href":"https:\/\/api.w.org\/{rel}","templated":true}]}}

Foro Internacional «Atención Primaria en Salud: Una mirada de Chile y Perú»

<p>Hola 👋🏼, te invitamos al Foro Internacional: Atención Primaria en Salud – Una mirada de Chile y Perú, organizado por la EPG Universidad Norbert Wiener y la Universidad Andrés Bello de Chile .</p>



<p>🗓 Fecha: 22 de abril<br>🕕 Hora: 6:00 p. m. (Perú) | 8:00 p. m. (Chile)</p>



<p>🎙 Ponentes:</p>



<ul class="wp-block-list">
<li>🇨🇱 Mg. Nicole Gay Jara – Odontóloga. Magíster en Gestión en Atención Primaria de Salud.</li>



<li>🇵🇪 Mg. Luis Ordoñez Ibargüen – Coordinador de vigilancia epidemiológica del CDC – MINSA, Perú.</li>



<li>🇵🇪 Mg. Beatriz Quispe Quille – Magíster en Gerencia Social y especialista en Nutrición Pública.</li>
</ul>



<p>🔗 Inscríbete gratis aquí:<a href=" https://acortar.link/lLMBOD "> https://acortar.link/lLMBOD </a>¡Te esperamos! 💬</p>

<p>Hola 👋🏼, te invitamos al Foro Internacional: Atención Primaria en Salud – Una mirada de Chile y Perú, organizado por la EPG Universidad Norbert Wiener y la Universidad Andrés Bello de Chile . 🗓 Fecha: 22 de abril🕕 Hora: 6:00 p. m. (Perú) | 8:00 p. m. (Chile) 🎙 Ponentes: 🔗 Inscríbete gratis aquí: https://acortar.link/lLMBOD ¡Te esperamos! [&hellip;]</p>
