
{"id":4352,"date":"2025-04-25T19:28:52","date_gmt":"2025-04-26T00:28:52","guid":{"rendered":"https:\/\/posgrado.uwiener.edu.pe\/actividades\/?post_type=evento&#038;p=4352"},"modified":"2025-05-05T17:46:37","modified_gmt":"2025-05-05T22:46:37","slug":"webinar-neurorrehabilitacion-y-neurociencias-en-fisioterapia","status":"publish","type":"evento","link":"https:\/\/posgrado.uwiener.edu.pe\/actividades\/evento\/webinar-neurorrehabilitacion-y-neurociencias-en-fisioterapia\/","title":{"rendered":"Webinar: \u00abNeurorrehabilitaci\u00f3n y Neurociencias en Fisioterapia\u00bb"},"content":{"rendered":"\n<div class=\"wp-block-group is-vertical is-layout-flex wp-container-core-group-is-layout-1 wp-block-group-is-layout-flex\">\n<p>La EPG Wiener te invita a seguir aprendiendo:<\/p>\n\n\n\n<p>Participa en nuestro #webinar gratuito: <strong>Neurorrehabilitaci\u00f3n y Neurociencias en Fisioterapia<\/strong><\/p>\n\n\n\n<p>Descubre c\u00f3mo los \u00faltimos avances en neurociencias est\u00e1n revolucionando la fisioterapia y potenciando los resultados en pacientes con da\u00f1o neurol\u00f3gico de la mano del <strong>Mag. Julio C\u00e9sar Granados Carrera<\/strong>, Fisioterapeuta del Servicio de Lesiones Medulares del Instituto Nacional de Rehabilitaci\u00f3n.<\/p>\n\n\n\n<p>\ud83c\udf10 Transmisi\u00f3n: Zoom + Facebook Live<\/p>\n\n\n\n<p>\ud83d\udd17 Inscr\u00edbete aqu\u00ed: <a href=\"https:\/\/acortar.link\/az4Pl4\" target=\"_blank\" rel=\"noopener\">https:\/\/acortar.link\/az4Pl4<\/a><\/p>\n\n\n\n<p>\u00a1No te lo pierdas! Una oportunidad para actualizarte y fortalecer tu ejercicio profesional.<\/p>\n<\/div>\n","protected":false},"excerpt":{"rendered":"<p>La EPG Wiener te invita a seguir aprendiendo: Participa en nuestro #webinar gratuito: Neurorrehabilitaci\u00f3n y Neurociencias en Fisioterapia Descubre c\u00f3mo los \u00faltimos avances en neurociencias est\u00e1n revolucionando la fisioterapia y potenciando los resultados en pacientes con da\u00f1o neurol\u00f3gico de la mano del Mag. Julio C\u00e9sar Granados Carrera, Fisioterapeuta del Servicio de Lesiones Medulares del Instituto [&hellip;]<\/p>\n","protected":false},"featured_media":0,"parent":0,"template":"","categoria-eventos":[17,44],"class_list":["post-4352","evento","type-evento","status-publish","hentry","categoria-eventos-videoconferencias","categoria-eventos-webinar-gratuito"],"custom_fields_data":{"inline_featured_image":["0"],"hcf_post_fecha":["2025-04-29"],"hcf_post_timeI":["19:00"],"hcf_post_timeF":["20:00"],"hcf_post_lugar":["Escuela de Posgrado Norbert Wiener - Facebook Live"],"hcf_post_ingreso":[""],"hcf_post_recomendados":[""],"hcf_post_anexos":[""],"hcf_post_email":[""],"hcf_post_url_face":["https:\/\/www.facebook.com\/share\/p\/18gtABVSX6\/"],"hcf_fecha_blog":[""],"hcf_destacado_blog":[""],"hcf_imagenes":["a:0:{}"],"hcf_thumb_500":["https:\/\/posgrado.uwiener.edu.pe\/actividades\/wp-content\/uploads\/2025\/04\/500x82.png"],"hcf_thumb_1600":["https:\/\/posgrado.uwiener.edu.pe\/actividades\/wp-content\/uploads\/2025\/04\/1920-px-314px.png"],"hcf_destacada":["https:\/\/posgrado.uwiener.edu.pe\/actividades\/wp-content\/uploads\/2025\/04\/1200px-628px.png"],"_edit_lock":["1746485198:5"],"_edit_last":["5"],"rank_math_internal_links_processed":["1"]},"_links":{"self":[{"href":"https:\/\/posgrado.uwiener.edu.pe\/actividades\/wp-json\/wp\/v2\/evento\/4352"}],"collection":[{"href":"https:\/\/posgrado.uwiener.edu.pe\/actividades\/wp-json\/wp\/v2\/evento"}],"about":[{"href":"https:\/\/posgrado.uwiener.edu.pe\/actividades\/wp-json\/wp\/v2\/types\/evento"}],"wp:attachment":[{"href":"https:\/\/posgrado.uwiener.edu.pe\/actividades\/wp-json\/wp\/v2\/media?parent=4352"}],"wp:term":[{"taxonomy":"categoria-eventos","embeddable":true,"href":"https:\/\/posgrado.uwiener.edu.pe\/actividades\/wp-json\/wp\/v2\/categoria-eventos?post=4352"}],"curies":[{"name":"wp","href":"https:\/\/api.w.org\/{rel}","templated":true}]}}

Webinar: «Neurorrehabilitación y Neurociencias en Fisioterapia»

<div class="wp-block-group is-vertical is-layout-flex wp-container-core-group-is-layout-1 wp-block-group-is-layout-flex">
<p>La EPG Wiener te invita a seguir aprendiendo:</p>



<p>Participa en nuestro #webinar gratuito: <strong>Neurorrehabilitación y Neurociencias en Fisioterapia</strong></p>



<p>Descubre cómo los últimos avances en neurociencias están revolucionando la fisioterapia y potenciando los resultados en pacientes con daño neurológico de la mano del <strong>Mag. Julio César Granados Carrera</strong>, Fisioterapeuta del Servicio de Lesiones Medulares del Instituto Nacional de Rehabilitación.</p>



<p>🌐 Transmisión: Zoom + Facebook Live</p>



<p>🔗 Inscríbete aquí: <a href="https://acortar.link/az4Pl4" target="_blank" rel="noopener">https://acortar.link/az4Pl4</a></p>



<p>¡No te lo pierdas! Una oportunidad para actualizarte y fortalecer tu ejercicio profesional.</p>
</div>

<p>La EPG Wiener te invita a seguir aprendiendo: Participa en nuestro #webinar gratuito: Neurorrehabilitación y Neurociencias en Fisioterapia Descubre cómo los últimos avances en neurociencias están revolucionando la fisioterapia y potenciando los resultados en pacientes con daño neurológico de la mano del Mag. Julio César Granados Carrera, Fisioterapeuta del Servicio de Lesiones Medulares del Instituto [&hellip;]</p>
