
{"id":4358,"date":"2025-04-25T19:41:09","date_gmt":"2025-04-26T00:41:09","guid":{"rendered":"https:\/\/posgrado.uwiener.edu.pe\/actividades\/?post_type=evento&#038;p=4358"},"modified":"2025-05-06T12:34:25","modified_gmt":"2025-05-06T17:34:25","slug":"webinar-trastorno-del-sueno-efectos-y-consecuencias","status":"publish","type":"evento","link":"https:\/\/posgrado.uwiener.edu.pe\/actividades\/evento\/webinar-trastorno-del-sueno-efectos-y-consecuencias\/","title":{"rendered":"Webinar: \u00abTrastorno del Sue\u00f1o: Efectos y Consecuencias\u00bb"},"content":{"rendered":"\n<div class=\"wp-block-group is-vertical is-layout-flex wp-container-core-group-is-layout-1 wp-block-group-is-layout-flex\">\n<p><strong>\u00bfSab\u00edas que el mal sue\u00f1o afecta tu salud m\u00e1s de lo que crees?<\/strong><\/p>\n\n\n\n<p>Desc\u00fabrelo en nuestro webinar gratuito: \u00abTrastorno del Sue\u00f1o: Efectos y Consecuencias\u00bb, donde abordaremos c\u00f3mo los trastornos del sue\u00f1o no solo disminuyen la productividad diaria, sino que tambi\u00e9n alteran la funci\u00f3n cardiorrespiratoria a largo plazo.<\/p>\n\n\n\n<p>Un espacio ideal para actualizar tus conocimientos cl\u00ednicos y conocer m\u00e1s sobre nuestra <strong>Segunda Especialidad en Fisioterapia Cardiorrespiratoria<\/strong> de la mano del <strong>Mag. Santos Lucio Chero P\u00edsfil<\/strong>, Fisioterapeuta Cardiorrespiratorio en el Hospital Central de la Fuerza A\u00e9rea del Per\u00fa.<\/p>\n\n\n\n<p>\ud83c\udfa5Transmisi\u00f3n v\u00eda Zoom + Facebook Live<\/p>\n\n\n\n<p>\ud83d\udd17 Inscr\u00edbete aqu\u00ed: <a href=\"https:\/\/goo.su\/PlYxH7\" target=\"_blank\" rel=\"noopener\">https:\/\/goo.su\/PlYxH7<\/a><\/p>\n\n\n\n<p>\u00a1Cupos limitados! Reg\u00edstrate ahora<\/p>\n<\/div>\n\n\n\n<p><\/p>\n","protected":false},"excerpt":{"rendered":"<p>\u00bfSab\u00edas que el mal sue\u00f1o afecta tu salud m\u00e1s de lo que crees? Desc\u00fabrelo en nuestro webinar gratuito: \u00abTrastorno del Sue\u00f1o: Efectos y Consecuencias\u00bb, donde abordaremos c\u00f3mo los trastornos del sue\u00f1o no solo disminuyen la productividad diaria, sino que tambi\u00e9n alteran la funci\u00f3n cardiorrespiratoria a largo plazo. Un espacio ideal para actualizar tus conocimientos cl\u00ednicos [&hellip;]<\/p>\n","protected":false},"featured_media":0,"parent":0,"template":"","categoria-eventos":[17,44],"class_list":["post-4358","evento","type-evento","status-publish","hentry","categoria-eventos-videoconferencias","categoria-eventos-webinar-gratuito"],"custom_fields_data":{"inline_featured_image":["0"],"hcf_post_fecha":["2025-05-08"],"hcf_post_timeI":["19:00"],"hcf_post_timeF":["20:00"],"hcf_post_lugar":["Escuela de Posgrado Norbert Wiener - Facebook Live"],"hcf_post_ingreso":[""],"hcf_post_recomendados":[""],"hcf_post_anexos":[""],"hcf_post_email":[""],"hcf_post_url_face":[""],"hcf_fecha_blog":[""],"hcf_destacado_blog":[""],"hcf_imagenes":["a:0:{}"],"hcf_thumb_500":["https:\/\/posgrado.uwiener.edu.pe\/actividades\/wp-content\/uploads\/2025\/04\/500x82px.png"],"hcf_thumb_1600":["https:\/\/posgrado.uwiener.edu.pe\/actividades\/wp-content\/uploads\/2025\/04\/1920-x-314px-1.png"],"hcf_destacada":["https:\/\/posgrado.uwiener.edu.pe\/actividades\/wp-content\/uploads\/2025\/04\/1200px_628px-1.png"],"_edit_lock":["1746552919:5"],"_edit_last":["5"],"rank_math_internal_links_processed":["1"]},"_links":{"self":[{"href":"https:\/\/posgrado.uwiener.edu.pe\/actividades\/wp-json\/wp\/v2\/evento\/4358"}],"collection":[{"href":"https:\/\/posgrado.uwiener.edu.pe\/actividades\/wp-json\/wp\/v2\/evento"}],"about":[{"href":"https:\/\/posgrado.uwiener.edu.pe\/actividades\/wp-json\/wp\/v2\/types\/evento"}],"wp:attachment":[{"href":"https:\/\/posgrado.uwiener.edu.pe\/actividades\/wp-json\/wp\/v2\/media?parent=4358"}],"wp:term":[{"taxonomy":"categoria-eventos","embeddable":true,"href":"https:\/\/posgrado.uwiener.edu.pe\/actividades\/wp-json\/wp\/v2\/categoria-eventos?post=4358"}],"curies":[{"name":"wp","href":"https:\/\/api.w.org\/{rel}","templated":true}]}}

Webinar: «Trastorno del Sueño: Efectos y Consecuencias»

<div class="wp-block-group is-vertical is-layout-flex wp-container-core-group-is-layout-1 wp-block-group-is-layout-flex">
<p><strong>¿Sabías que el mal sueño afecta tu salud más de lo que crees?</strong></p>



<p>Descúbrelo en nuestro webinar gratuito: «Trastorno del Sueño: Efectos y Consecuencias», donde abordaremos cómo los trastornos del sueño no solo disminuyen la productividad diaria, sino que también alteran la función cardiorrespiratoria a largo plazo.</p>



<p>Un espacio ideal para actualizar tus conocimientos clínicos y conocer más sobre nuestra <strong>Segunda Especialidad en Fisioterapia Cardiorrespiratoria</strong> de la mano del <strong>Mag. Santos Lucio Chero Písfil</strong>, Fisioterapeuta Cardiorrespiratorio en el Hospital Central de la Fuerza Aérea del Perú.</p>



<p>🎥Transmisión vía Zoom + Facebook Live</p>



<p>🔗 Inscríbete aquí: <a href="https://goo.su/PlYxH7" target="_blank" rel="noopener">https://goo.su/PlYxH7</a></p>



<p>¡Cupos limitados! Regístrate ahora</p>
</div>



<p></p>

<p>¿Sabías que el mal sueño afecta tu salud más de lo que crees? Descúbrelo en nuestro webinar gratuito: «Trastorno del Sueño: Efectos y Consecuencias», donde abordaremos cómo los trastornos del sueño no solo disminuyen la productividad diaria, sino que también alteran la función cardiorrespiratoria a largo plazo. Un espacio ideal para actualizar tus conocimientos clínicos [&hellip;]</p>
