
{"id":4366,"date":"2025-04-28T11:21:59","date_gmt":"2025-04-28T16:21:59","guid":{"rendered":"https:\/\/posgrado.uwiener.edu.pe\/actividades\/?post_type=evento&#038;p=4366"},"modified":"2025-04-28T11:22:00","modified_gmt":"2025-04-28T16:22:00","slug":"charla-informativa-programa-de-especializacion-de-peritaje-ambiental-2","status":"publish","type":"evento","link":"https:\/\/posgrado.uwiener.edu.pe\/actividades\/evento\/charla-informativa-programa-de-especializacion-de-peritaje-ambiental-2\/","title":{"rendered":"Charla Informativa \u00abPrograma de Especializaci\u00f3n de Peritaje Ambiental\u00bb"},"content":{"rendered":"\n<p>articipa de nuestra charla informativa del Programa de Especializaci\u00f3n en Peritaje Ambiental: \u00abConoce como nuestro programa combina teor\u00eda y casos pr\u00e1cticos, permiti\u00e9ndote desarrollar habilidades clave para el an\u00e1lisis de evidencias y la resoluci\u00f3n de casos.\u00bb<\/p>\n\n\n\n<p><strong>Transmisi\u00f3n v\u00eda Zoom y Facebook Live<\/strong><\/p>\n\n\n\n<p>Reg\u00edstrate aqu\u00ed para recibir el link de la transmisi\u00f3n:\u00a0<a href=\"https:\/\/acortar.link\/lEJ81c\" target=\"_blank\" rel=\"noopener\">https:\/\/acortar.link\/lEJ81c<\/a><\/p>\n\n\n\n<p><strong>Ponente:<\/strong>&nbsp;<\/p>\n\n\n\n<p>Miguel \u00c1ngel Carrera <\/p>\n\n\n\n<p><\/p>\n","protected":false},"excerpt":{"rendered":"<p>articipa de nuestra charla informativa del Programa de Especializaci\u00f3n en Peritaje Ambiental: \u00abConoce como nuestro programa combina teor\u00eda y casos pr\u00e1cticos, permiti\u00e9ndote desarrollar habilidades clave para el an\u00e1lisis de evidencias y la resoluci\u00f3n de casos.\u00bb Transmisi\u00f3n v\u00eda Zoom y Facebook Live Reg\u00edstrate aqu\u00ed para recibir el link de la transmisi\u00f3n:\u00a0https:\/\/acortar.link\/lEJ81c Ponente:&nbsp; Miguel \u00c1ngel Carrera<\/p>\n","protected":false},"featured_media":0,"parent":0,"template":"","categoria-eventos":[17,44],"class_list":["post-4366","evento","type-evento","status-publish","hentry","categoria-eventos-videoconferencias","categoria-eventos-webinar-gratuito"],"custom_fields_data":{"inline_featured_image":["0"],"hcf_post_fecha":["2025-04-29"],"hcf_post_timeI":["18:00"],"hcf_post_timeF":["19:00"],"hcf_post_lugar":["Escuela de Posgrado Norbert Wiener - Facebook Live"],"hcf_post_ingreso":[""],"hcf_post_recomendados":[""],"hcf_post_anexos":[""],"hcf_post_email":[""],"hcf_post_url_face":[""],"hcf_fecha_blog":[""],"hcf_destacado_blog":[""],"hcf_imagenes":["a:0:{}"],"hcf_thumb_500":["https:\/\/posgrado.uwiener.edu.pe\/actividades\/wp-content\/uploads\/2023\/11\/500x82-22.jpg"],"hcf_thumb_1600":["https:\/\/posgrado.uwiener.edu.pe\/actividades\/wp-content\/uploads\/2023\/11\/1920x314-23.jpg"],"hcf_destacada":["https:\/\/posgrado.uwiener.edu.pe\/actividades\/wp-content\/uploads\/2023\/11\/1200x628-22.jpg"],"_edit_lock":["1745857321:5"],"_edit_last":["5"],"rank_math_internal_links_processed":["1"]},"_links":{"self":[{"href":"https:\/\/posgrado.uwiener.edu.pe\/actividades\/wp-json\/wp\/v2\/evento\/4366"}],"collection":[{"href":"https:\/\/posgrado.uwiener.edu.pe\/actividades\/wp-json\/wp\/v2\/evento"}],"about":[{"href":"https:\/\/posgrado.uwiener.edu.pe\/actividades\/wp-json\/wp\/v2\/types\/evento"}],"wp:attachment":[{"href":"https:\/\/posgrado.uwiener.edu.pe\/actividades\/wp-json\/wp\/v2\/media?parent=4366"}],"wp:term":[{"taxonomy":"categoria-eventos","embeddable":true,"href":"https:\/\/posgrado.uwiener.edu.pe\/actividades\/wp-json\/wp\/v2\/categoria-eventos?post=4366"}],"curies":[{"name":"wp","href":"https:\/\/api.w.org\/{rel}","templated":true}]}}

Charla Informativa «Programa de Especialización de Peritaje Ambiental»

<p>articipa de nuestra charla informativa del Programa de Especialización en Peritaje Ambiental: «Conoce como nuestro programa combina teoría y casos prácticos, permitiéndote desarrollar habilidades clave para el análisis de evidencias y la resolución de casos.»</p>



<p><strong>Transmisión vía Zoom y Facebook Live</strong></p>



<p>Regístrate aquí para recibir el link de la transmisión: <a href="https://acortar.link/lEJ81c" target="_blank" rel="noopener">https://acortar.link/lEJ81c</a></p>



<p><strong>Ponente:</strong>&nbsp;</p>



<p>Miguel Ángel Carrera </p>



<p></p>

<p>articipa de nuestra charla informativa del Programa de Especialización en Peritaje Ambiental: «Conoce como nuestro programa combina teoría y casos prácticos, permitiéndote desarrollar habilidades clave para el análisis de evidencias y la resolución de casos.» Transmisión vía Zoom y Facebook Live Regístrate aquí para recibir el link de la transmisión: https://acortar.link/lEJ81c Ponente:&nbsp; Miguel Ángel Carrera</p>
