
{"id":4386,"date":"2025-05-06T12:23:34","date_gmt":"2025-05-06T17:23:34","guid":{"rendered":"https:\/\/posgrado.uwiener.edu.pe\/actividades\/?post_type=evento&#038;p=4386"},"modified":"2025-05-06T12:25:09","modified_gmt":"2025-05-06T17:25:09","slug":"charla-informativa-segunda-especialidad-en-psicoprofilaxis-obstetrica-y-estimulacion-pre-natal","status":"publish","type":"evento","link":"https:\/\/posgrado.uwiener.edu.pe\/actividades\/evento\/charla-informativa-segunda-especialidad-en-psicoprofilaxis-obstetrica-y-estimulacion-pre-natal\/","title":{"rendered":"Charla Informativa \u00abSegunda Especialidad en Psicoprofilaxis Obst\u00e9trica y Estimulaci\u00f3n Pre Natal\u00bb"},"content":{"rendered":"\n<div class=\"wp-block-group is-vertical is-layout-flex wp-container-core-group-is-layout-1 wp-block-group-is-layout-flex\">\n<p>\ud83e\udd30\ud83c\udffbLleva tu pr\u00e1ctica obst\u00e9trica al siguiente nivel.<br>Conoce c\u00f3mo la <strong>Segunda Especialidad en Psicoprofilaxis Obst\u00e9trica y Estimulaci\u00f3n Pre Natal <\/strong>puede transformar tu acompa\u00f1amiento en el embarazo y parto.<\/p>\n\n\n\n<p><strong>\ud83d\udcccTema: \u201cEl parto es movimiento: Arte y ciencia en el acompa\u00f1amiento pre natal\u201d<\/strong><br>Aprende a integrar el movimiento en tus intervenciones para facilitar un parto m\u00e1s fluido, activo y respetado, mejorando la vivencia materna con un enfoque cient\u00edfico y humano.<\/p>\n<\/div>\n\n\n\n<p><br>\ud83c\udf10Transmisi\u00f3n: Zoom + Facebook Live<br>\ud83c\udf99Ponente: Mag. Sonia Sotelo Mu\u00f1oz &#8211; Obstetra Educadora y Especialista en Alto Riesgo.<br><em>\ud83d\udd17 <\/em>Inscr\u00edbete aqu\u00ed: <a href=\"https:\/\/acortar.link\/21XoTA\" target=\"_blank\" rel=\"noopener\">https:\/\/acortar.link\/21XoTA<\/a><\/p>\n\n\n\n<p>\u00a1Reg\u00edstrate y da el siguiente paso en tu desarrollo profesional!<br>\u00a1Te&nbsp;esperamos!<\/p>\n","protected":false},"excerpt":{"rendered":"<p>\ud83e\udd30\ud83c\udffbLleva tu pr\u00e1ctica obst\u00e9trica al siguiente nivel.Conoce c\u00f3mo la Segunda Especialidad en Psicoprofilaxis Obst\u00e9trica y Estimulaci\u00f3n Pre Natal puede transformar tu acompa\u00f1amiento en el embarazo y parto. \ud83d\udcccTema: \u201cEl parto es movimiento: Arte y ciencia en el acompa\u00f1amiento pre natal\u201dAprende a integrar el movimiento en tus intervenciones para facilitar un parto m\u00e1s fluido, activo y [&hellip;]<\/p>\n","protected":false},"featured_media":0,"parent":0,"template":"","categoria-eventos":[17,44],"class_list":["post-4386","evento","type-evento","status-publish","hentry","categoria-eventos-videoconferencias","categoria-eventos-webinar-gratuito"],"custom_fields_data":{"inline_featured_image":["0"],"hcf_post_fecha":["2025-05-07"],"hcf_post_timeI":["17:30"],"hcf_post_timeF":["18:30"],"hcf_post_lugar":["Escuela de Posgrado Norbert Wiener - Facebook Live"],"hcf_post_ingreso":[""],"hcf_post_recomendados":[""],"hcf_post_anexos":[""],"hcf_post_email":[""],"hcf_post_url_face":[""],"hcf_fecha_blog":[""],"hcf_destacado_blog":[""],"hcf_imagenes":["a:0:{}"],"hcf_thumb_500":["https:\/\/posgrado.uwiener.edu.pe\/actividades\/wp-content\/uploads\/2024\/08\/se_psicoprofilaxis_500x82.png"],"hcf_thumb_1600":["https:\/\/posgrado.uwiener.edu.pe\/actividades\/wp-content\/uploads\/2024\/08\/se_psicoprofilaxis_1920x314.png"],"hcf_destacada":["https:\/\/posgrado.uwiener.edu.pe\/actividades\/wp-content\/uploads\/2024\/08\/se_psicoprofilaxis_1200x628.png"],"_edit_lock":["1746552310:5"],"_edit_last":["5"],"rank_math_internal_links_processed":["1"]},"_links":{"self":[{"href":"https:\/\/posgrado.uwiener.edu.pe\/actividades\/wp-json\/wp\/v2\/evento\/4386"}],"collection":[{"href":"https:\/\/posgrado.uwiener.edu.pe\/actividades\/wp-json\/wp\/v2\/evento"}],"about":[{"href":"https:\/\/posgrado.uwiener.edu.pe\/actividades\/wp-json\/wp\/v2\/types\/evento"}],"wp:attachment":[{"href":"https:\/\/posgrado.uwiener.edu.pe\/actividades\/wp-json\/wp\/v2\/media?parent=4386"}],"wp:term":[{"taxonomy":"categoria-eventos","embeddable":true,"href":"https:\/\/posgrado.uwiener.edu.pe\/actividades\/wp-json\/wp\/v2\/categoria-eventos?post=4386"}],"curies":[{"name":"wp","href":"https:\/\/api.w.org\/{rel}","templated":true}]}}

Charla Informativa «Segunda Especialidad en Psicoprofilaxis Obstétrica y Estimulación Pre Natal»

<div class="wp-block-group is-vertical is-layout-flex wp-container-core-group-is-layout-1 wp-block-group-is-layout-flex">
<p>🤰🏻Lleva tu práctica obstétrica al siguiente nivel.<br>Conoce cómo la <strong>Segunda Especialidad en Psicoprofilaxis Obstétrica y Estimulación Pre Natal </strong>puede transformar tu acompañamiento en el embarazo y parto.</p>



<p><strong>📌Tema: “El parto es movimiento: Arte y ciencia en el acompañamiento pre natal”</strong><br>Aprende a integrar el movimiento en tus intervenciones para facilitar un parto más fluido, activo y respetado, mejorando la vivencia materna con un enfoque científico y humano.</p>
</div>



<p><br>🌐Transmisión: Zoom + Facebook Live<br>🎙Ponente: Mag. Sonia Sotelo Muñoz &#8211; Obstetra Educadora y Especialista en Alto Riesgo.<br><em>🔗 </em>Inscríbete aquí: <a href="https://acortar.link/21XoTA" target="_blank" rel="noopener">https://acortar.link/21XoTA</a></p>



<p>¡Regístrate y da el siguiente paso en tu desarrollo profesional!<br>¡Te&nbsp;esperamos!</p>

<p>🤰🏻Lleva tu práctica obstétrica al siguiente nivel.Conoce cómo la Segunda Especialidad en Psicoprofilaxis Obstétrica y Estimulación Pre Natal puede transformar tu acompañamiento en el embarazo y parto. 📌Tema: “El parto es movimiento: Arte y ciencia en el acompañamiento pre natal”Aprende a integrar el movimiento en tus intervenciones para facilitar un parto más fluido, activo y [&hellip;]</p>
