
{"id":4389,"date":"2025-05-06T12:47:25","date_gmt":"2025-05-06T17:47:25","guid":{"rendered":"https:\/\/posgrado.uwiener.edu.pe\/actividades\/?post_type=evento&#038;p=4389"},"modified":"2025-05-06T12:47:26","modified_gmt":"2025-05-06T17:47:26","slug":"charla-informativa-segunda-especialidad-en-monitoreo-fetal","status":"publish","type":"evento","link":"https:\/\/posgrado.uwiener.edu.pe\/actividades\/evento\/charla-informativa-segunda-especialidad-en-monitoreo-fetal\/","title":{"rendered":"Charla informativa: \u00abSegunda Especialidad en Monitoreo Fetal\u00bb"},"content":{"rendered":"\n<div class=\"wp-block-group is-vertical is-layout-flex wp-container-core-group-is-layout-1 wp-block-group-is-layout-flex\">\n<p>\ud83e\udd30\ud83c\udffb <strong>Perfecciona tu pr\u00e1ctica cl\u00ednica con enfoque materno-fetal.<\/strong><\/p>\n\n\n\n<p>Participa a nuestra charla informativa y descubre c\u00f3mo la <strong>Segunda Especialidad en Monitoreo Fetal<\/strong> puede ayudarte a brindar una atenci\u00f3n materno-fetal m\u00e1s precisa y oportuna.<\/p>\n\n\n\n<p><strong>*\ud83d\udcccTema: Visi\u00f3n temprana: Ecograf\u00eda Obst\u00e9trica del Primer Trimestre*<\/strong><\/p>\n\n\n\n<p>Domina los criterios ecogr\u00e1ficos clave del primer trimestre para detectar complicaciones y tomar decisiones cl\u00ednicas basadas en evidencia.<\/p>\n<\/div>\n\n\n\n<div class=\"wp-block-group is-vertical is-layout-flex wp-container-core-group-is-layout-2 wp-block-group-is-layout-flex\">\n<p>\ud83c\udf10 <strong>Transmisi\u00f3n<\/strong>: Zoom + Facebook Live<\/p>\n\n\n\n<p><strong>\ud83c\udf99\ufe0fPonente:<\/strong> Mag. Leslie Carol Antonio S\u00e1nchez &#8211; Obstetra y Especialista en Diagn\u00f3stico por Im\u00e1genes y Monitoreo Fetal.<\/p>\n\n\n\n<p>\ud83d\udd17 Inscr\u00edbete aqu\u00ed: <a href=\"https:\/\/acortar.link\/ZSkQ3k\" target=\"_blank\" rel=\"noopener\">https:\/\/acortar.link\/ZSkQ3k<\/a><\/p>\n\n\n\n<p>Actual\u00edzate y mejora tu pr\u00e1ctica obst\u00e9trica con una visi\u00f3n integral desde el inicio del embarazo.<\/p>\n\n\n\n<p>\u00a1Te esperamos!<\/p>\n<\/div>\n","protected":false},"excerpt":{"rendered":"<p>\ud83e\udd30\ud83c\udffb Perfecciona tu pr\u00e1ctica cl\u00ednica con enfoque materno-fetal. Participa a nuestra charla informativa y descubre c\u00f3mo la Segunda Especialidad en Monitoreo Fetal puede ayudarte a brindar una atenci\u00f3n materno-fetal m\u00e1s precisa y oportuna. *\ud83d\udcccTema: Visi\u00f3n temprana: Ecograf\u00eda Obst\u00e9trica del Primer Trimestre* Domina los criterios ecogr\u00e1ficos clave del primer trimestre para detectar complicaciones y tomar decisiones [&hellip;]<\/p>\n","protected":false},"featured_media":0,"parent":0,"template":"","categoria-eventos":[17,44],"class_list":["post-4389","evento","type-evento","status-publish","hentry","categoria-eventos-videoconferencias","categoria-eventos-webinar-gratuito"],"custom_fields_data":{"inline_featured_image":["0"],"hcf_post_fecha":["2025-05-13"],"hcf_post_timeI":["19:30"],"hcf_post_timeF":["20:30"],"hcf_post_lugar":["Escuela de Posgrado Norbert Wiener - Facebook Live"],"hcf_post_ingreso":[""],"hcf_post_recomendados":[""],"hcf_post_anexos":[""],"hcf_post_email":[""],"hcf_post_url_face":[""],"hcf_fecha_blog":[""],"hcf_destacado_blog":[""],"hcf_imagenes":["a:0:{}"],"hcf_thumb_500":["https:\/\/posgrado.uwiener.edu.pe\/actividades\/wp-content\/uploads\/2024\/04\/500-x-82.png"],"hcf_thumb_1600":["https:\/\/posgrado.uwiener.edu.pe\/actividades\/wp-content\/uploads\/2024\/04\/1920-x-314.png"],"hcf_destacada":["https:\/\/posgrado.uwiener.edu.pe\/actividades\/wp-content\/uploads\/2023\/10\/1200x628-10.jpg"],"_edit_lock":["1746553790:5"],"_edit_last":["5"],"rank_math_internal_links_processed":["1"]},"_links":{"self":[{"href":"https:\/\/posgrado.uwiener.edu.pe\/actividades\/wp-json\/wp\/v2\/evento\/4389"}],"collection":[{"href":"https:\/\/posgrado.uwiener.edu.pe\/actividades\/wp-json\/wp\/v2\/evento"}],"about":[{"href":"https:\/\/posgrado.uwiener.edu.pe\/actividades\/wp-json\/wp\/v2\/types\/evento"}],"wp:attachment":[{"href":"https:\/\/posgrado.uwiener.edu.pe\/actividades\/wp-json\/wp\/v2\/media?parent=4389"}],"wp:term":[{"taxonomy":"categoria-eventos","embeddable":true,"href":"https:\/\/posgrado.uwiener.edu.pe\/actividades\/wp-json\/wp\/v2\/categoria-eventos?post=4389"}],"curies":[{"name":"wp","href":"https:\/\/api.w.org\/{rel}","templated":true}]}}

<div class="wp-block-group is-vertical is-layout-flex wp-container-core-group-is-layout-1 wp-block-group-is-layout-flex">
<p>🤰🏻 <strong>Perfecciona tu práctica clínica con enfoque materno-fetal.</strong></p>



<p>Participa a nuestra charla informativa y descubre cómo la <strong>Segunda Especialidad en Monitoreo Fetal</strong> puede ayudarte a brindar una atención materno-fetal más precisa y oportuna.</p>



<p><strong>*📌Tema: Visión temprana: Ecografía Obstétrica del Primer Trimestre*</strong></p>



<p>Domina los criterios ecográficos clave del primer trimestre para detectar complicaciones y tomar decisiones clínicas basadas en evidencia.</p>
</div>



<div class="wp-block-group is-vertical is-layout-flex wp-container-core-group-is-layout-2 wp-block-group-is-layout-flex">
<p>🌐 <strong>Transmisión</strong>: Zoom + Facebook Live</p>



<p><strong>🎙️Ponente:</strong> Mag. Leslie Carol Antonio Sánchez &#8211; Obstetra y Especialista en Diagnóstico por Imágenes y Monitoreo Fetal.</p>



<p>🔗 Inscríbete aquí: <a href="https://acortar.link/ZSkQ3k" target="_blank" rel="noopener">https://acortar.link/ZSkQ3k</a></p>



<p>Actualízate y mejora tu práctica obstétrica con una visión integral desde el inicio del embarazo.</p>



<p>¡Te esperamos!</p>
</div>

<p>🤰🏻 Perfecciona tu práctica clínica con enfoque materno-fetal. Participa a nuestra charla informativa y descubre cómo la Segunda Especialidad en Monitoreo Fetal puede ayudarte a brindar una atención materno-fetal más precisa y oportuna. *📌Tema: Visión temprana: Ecografía Obstétrica del Primer Trimestre* Domina los criterios ecográficos clave del primer trimestre para detectar complicaciones y tomar decisiones [&hellip;]</p>
