
{"id":4391,"date":"2025-05-06T13:03:09","date_gmt":"2025-05-06T18:03:09","guid":{"rendered":"https:\/\/posgrado.uwiener.edu.pe\/actividades\/?post_type=evento&#038;p=4391"},"modified":"2025-05-06T13:03:09","modified_gmt":"2025-05-06T18:03:09","slug":"charla-informativa-segunda-especialidad-en-nutricion-clinica-con-mencion-en-nutricion-deportiva","status":"publish","type":"evento","link":"https:\/\/posgrado.uwiener.edu.pe\/actividades\/evento\/charla-informativa-segunda-especialidad-en-nutricion-clinica-con-mencion-en-nutricion-deportiva\/","title":{"rendered":"Charla informativa: \u00abSegunda Especialidad en Nutrici\u00f3n Cl\u00ednica con menci\u00f3n en Nutrici\u00f3n Deportiva\u00bb"},"content":{"rendered":"\n<div class=\"wp-block-group is-vertical is-layout-flex wp-container-core-group-is-layout-1 wp-block-group-is-layout-flex\">\n<p>\ud83c\udf93 Se parte de nuestra charla informativa gratuita sobre la <strong>Segunda Especialidad en Nutrici\u00f3n Cl\u00ednica con menci\u00f3n en Nutrici\u00f3n Deportiva<\/strong><\/p>\n\n\n\n<p><strong>Tema : C\u00f3mo optimizar la dieta seg\u00fan modalidad deportiva: resistencia vs fuerza<\/strong><\/p>\n\n\n\n<p>\ud83d\udcaa\u26a1En este evento conocer\u00e1s c\u00f3mo adaptar la alimentaci\u00f3n seg\u00fan el tipo de entrenamiento para mejorar el rendimiento, acelerar la recuperaci\u00f3n y prevenir lesiones.<\/p>\n<\/div>\n\n\n\n<div class=\"wp-block-group is-vertical is-layout-flex wp-container-core-group-is-layout-2 wp-block-group-is-layout-flex\">\n<p>\ud83c\udf10 Transmisi\u00f3n: Zoom + Facebook Live<\/p>\n\n\n\n<p>\ud83c\udf99 Ponente: Mag. Jean Carlos Sulca &#8211;&nbsp; ISAK nivel II<\/p>\n\n\n\n<p>Inscr\u00edbete aqu\u00ed y asegura tu acceso al evento: <a href=\"https:\/\/acortar.link\/IN2Xy2\" target=\"_blank\" rel=\"noopener\">https:\/\/acortar.link\/IN2Xy2<\/a><\/p>\n\n\n\n<p><strong>\u00a1Reg\u00edstrate y da el siguiente paso en tu desarrollo profesional!<\/strong><\/p>\n\n\n\n<p>\u00a1No te lo pierdas!<\/p>\n<\/div>\n","protected":false},"excerpt":{"rendered":"<p>\ud83c\udf93 Se parte de nuestra charla informativa gratuita sobre la Segunda Especialidad en Nutrici\u00f3n Cl\u00ednica con menci\u00f3n en Nutrici\u00f3n Deportiva Tema : C\u00f3mo optimizar la dieta seg\u00fan modalidad deportiva: resistencia vs fuerza \ud83d\udcaa\u26a1En este evento conocer\u00e1s c\u00f3mo adaptar la alimentaci\u00f3n seg\u00fan el tipo de entrenamiento para mejorar el rendimiento, acelerar la recuperaci\u00f3n y prevenir lesiones. [&hellip;]<\/p>\n","protected":false},"featured_media":0,"parent":0,"template":"","categoria-eventos":[],"class_list":["post-4391","evento","type-evento","status-publish","hentry"],"custom_fields_data":{"inline_featured_image":["0"],"hcf_post_fecha":["2025-05-15"],"hcf_post_timeI":["19:00"],"hcf_post_timeF":["20:00"],"hcf_post_lugar":["Escuela de Posgrado Norbert Wiener - Facebook Live"],"hcf_post_ingreso":[""],"hcf_post_recomendados":[""],"hcf_post_anexos":[""],"hcf_post_email":[""],"hcf_post_url_face":[""],"hcf_fecha_blog":[""],"hcf_destacado_blog":[""],"hcf_imagenes":["a:0:{}"],"hcf_thumb_500":["https:\/\/posgrado.uwiener.edu.pe\/actividades\/wp-content\/uploads\/2024\/05\/500\u200apx\u00d7\u200a82px.jpg"],"hcf_thumb_1600":["https:\/\/posgrado.uwiener.edu.pe\/actividades\/wp-content\/uploads\/2024\/05\/1920x314.jpeg"],"hcf_destacada":["https:\/\/posgrado.uwiener.edu.pe\/actividades\/wp-content\/uploads\/2024\/05\/1200x628.jpeg"],"_edit_lock":["1746554633:5"],"_edit_last":["5"],"rank_math_internal_links_processed":["1"]},"_links":{"self":[{"href":"https:\/\/posgrado.uwiener.edu.pe\/actividades\/wp-json\/wp\/v2\/evento\/4391"}],"collection":[{"href":"https:\/\/posgrado.uwiener.edu.pe\/actividades\/wp-json\/wp\/v2\/evento"}],"about":[{"href":"https:\/\/posgrado.uwiener.edu.pe\/actividades\/wp-json\/wp\/v2\/types\/evento"}],"wp:attachment":[{"href":"https:\/\/posgrado.uwiener.edu.pe\/actividades\/wp-json\/wp\/v2\/media?parent=4391"}],"wp:term":[{"taxonomy":"categoria-eventos","embeddable":true,"href":"https:\/\/posgrado.uwiener.edu.pe\/actividades\/wp-json\/wp\/v2\/categoria-eventos?post=4391"}],"curies":[{"name":"wp","href":"https:\/\/api.w.org\/{rel}","templated":true}]}}

Charla informativa: «Segunda Especialidad en Nutrición Clínica con mención en Nutrición Deportiva»

<div class="wp-block-group is-vertical is-layout-flex wp-container-core-group-is-layout-1 wp-block-group-is-layout-flex">
<p>🎓 Se parte de nuestra charla informativa gratuita sobre la <strong>Segunda Especialidad en Nutrición Clínica con mención en Nutrición Deportiva</strong></p>



<p><strong>Tema : Cómo optimizar la dieta según modalidad deportiva: resistencia vs fuerza</strong></p>



<p>💪⚡En este evento conocerás cómo adaptar la alimentación según el tipo de entrenamiento para mejorar el rendimiento, acelerar la recuperación y prevenir lesiones.</p>
</div>



<div class="wp-block-group is-vertical is-layout-flex wp-container-core-group-is-layout-2 wp-block-group-is-layout-flex">
<p>🌐 Transmisión: Zoom + Facebook Live</p>



<p>🎙 Ponente: Mag. Jean Carlos Sulca &#8211;&nbsp; ISAK nivel II</p>



<p>Inscríbete aquí y asegura tu acceso al evento: <a href="https://acortar.link/IN2Xy2" target="_blank" rel="noopener">https://acortar.link/IN2Xy2</a></p>



<p><strong>¡Regístrate y da el siguiente paso en tu desarrollo profesional!</strong></p>



<p>¡No te lo pierdas!</p>
</div>

<p>🎓 Se parte de nuestra charla informativa gratuita sobre la Segunda Especialidad en Nutrición Clínica con mención en Nutrición Deportiva Tema : Cómo optimizar la dieta según modalidad deportiva: resistencia vs fuerza 💪⚡En este evento conocerás cómo adaptar la alimentación según el tipo de entrenamiento para mejorar el rendimiento, acelerar la recuperación y prevenir lesiones. [&hellip;]</p>
