
{"id":4426,"date":"2025-06-18T17:24:24","date_gmt":"2025-06-18T22:24:24","guid":{"rendered":"https:\/\/posgrado.uwiener.edu.pe\/actividades\/?post_type=evento&#038;p=4426"},"modified":"2025-06-18T17:24:25","modified_gmt":"2025-06-18T22:24:25","slug":"charla-informativa-maestria-en-salud-publica-17","status":"publish","type":"evento","link":"https:\/\/posgrado.uwiener.edu.pe\/actividades\/evento\/charla-informativa-maestria-en-salud-publica-17\/","title":{"rendered":"Charla Informativa \u00abMaestr\u00eda en Salud P\u00fablica\u00bb"},"content":{"rendered":"\n<p>\ud83c\udf1f \u00a1Convi\u00e9rtete en un l\u00edder en Salud P\u00fablica! \ud83c\udfe5<br>La EPG U. Norbert Wiener te invita a participar en la Charla Informativa de la Maestr\u00eda en Salud P\u00fablica.<br>Descubre c\u00f3mo este programa puede impulsar tu impacto en la gesti\u00f3n, investigaci\u00f3n y promoci\u00f3n de la salud comunitaria.<\/p>\n\n\n\n<p>\ud83d\udcc5 Fecha: 20 de junio<br>\u23f0 Hora: 06:00 p.m.<br>\ud83d\udc68\u200d\ud83c\udfeb Ponente: Rosa Mezarina &#8211; Coordinadora Acad\u00e9mica de la Maestr\u00eda<\/p>\n\n\n\n<p>Conocer\u00e1s a detalle los beneficios del programa y las opciones de financiamiento 16 o 20 cuotas sin intereses<\/p>\n\n\n\n<p>\ud83d\udcbb Reg\u00edstrate aqu\u00ed para recibir el enlace de Zoom: \ud83d\udc49 <a href=\"https:\/\/tinyurl.com\/2rfn453f\" target=\"_blank\" rel=\"noopener\">https:\/\/tinyurl.com\/2rfn453f<\/a><br>\ud83d\ude80 \u00a1Da el siguiente paso en tu carrera profesional y marca la diferencia en la salud p\u00fablica! \ud83c\udf10\u2728<\/p>\n\n\n\n<p><\/p>\n\n\n\n<p><\/p>\n","protected":false},"excerpt":{"rendered":"<p>\ud83c\udf1f \u00a1Convi\u00e9rtete en un l\u00edder en Salud P\u00fablica! \ud83c\udfe5La EPG U. Norbert Wiener te invita a participar en la Charla Informativa de la Maestr\u00eda en Salud P\u00fablica.Descubre c\u00f3mo este programa puede impulsar tu impacto en la gesti\u00f3n, investigaci\u00f3n y promoci\u00f3n de la salud comunitaria. \ud83d\udcc5 Fecha: 20 de junio\u23f0 Hora: 06:00 p.m.\ud83d\udc68\u200d\ud83c\udfeb Ponente: Rosa Mezarina [&hellip;]<\/p>\n","protected":false},"featured_media":0,"parent":0,"template":"","categoria-eventos":[17,44],"class_list":["post-4426","evento","type-evento","status-publish","hentry","categoria-eventos-videoconferencias","categoria-eventos-webinar-gratuito"],"custom_fields_data":{"inline_featured_image":["0"],"hcf_post_fecha":["2025-06-20"],"hcf_post_timeI":["18:00"],"hcf_post_timeF":["19:00"],"hcf_post_lugar":["Escuela de Posgrado Norbert Wiener - Facebook Live"],"hcf_post_ingreso":[""],"hcf_post_recomendados":[""],"hcf_post_anexos":[""],"hcf_post_email":[""],"hcf_post_url_face":[""],"hcf_fecha_blog":[""],"hcf_destacado_blog":[""],"hcf_imagenes":["a:0:{}"],"hcf_thumb_500":["https:\/\/posgrado.uwiener.edu.pe\/actividades\/wp-content\/uploads\/2024\/08\/500x82-2.jpg"],"hcf_thumb_1600":["https:\/\/posgrado.uwiener.edu.pe\/actividades\/wp-content\/uploads\/2024\/02\/1920x314-4.jpg"],"hcf_destacada":["https:\/\/posgrado.uwiener.edu.pe\/actividades\/wp-content\/uploads\/2024\/08\/1200x628-3.jpg"],"_edit_lock":["1753394609:5"],"_edit_last":["5"],"rank_math_internal_links_processed":["1"]},"_links":{"self":[{"href":"https:\/\/posgrado.uwiener.edu.pe\/actividades\/wp-json\/wp\/v2\/evento\/4426"}],"collection":[{"href":"https:\/\/posgrado.uwiener.edu.pe\/actividades\/wp-json\/wp\/v2\/evento"}],"about":[{"href":"https:\/\/posgrado.uwiener.edu.pe\/actividades\/wp-json\/wp\/v2\/types\/evento"}],"wp:attachment":[{"href":"https:\/\/posgrado.uwiener.edu.pe\/actividades\/wp-json\/wp\/v2\/media?parent=4426"}],"wp:term":[{"taxonomy":"categoria-eventos","embeddable":true,"href":"https:\/\/posgrado.uwiener.edu.pe\/actividades\/wp-json\/wp\/v2\/categoria-eventos?post=4426"}],"curies":[{"name":"wp","href":"https:\/\/api.w.org\/{rel}","templated":true}]}}

Charla Informativa «Maestría en Salud Pública»

<p>🌟 ¡Conviértete en un líder en Salud Pública! 🏥<br>La EPG U. Norbert Wiener te invita a participar en la Charla Informativa de la Maestría en Salud Pública.<br>Descubre cómo este programa puede impulsar tu impacto en la gestión, investigación y promoción de la salud comunitaria.</p>



<p>📅 Fecha: 20 de junio<br>⏰ Hora: 06:00 p.m.<br>👨‍🏫 Ponente: Rosa Mezarina &#8211; Coordinadora Académica de la Maestría</p>



<p>Conocerás a detalle los beneficios del programa y las opciones de financiamiento 16 o 20 cuotas sin intereses</p>



<p>💻 Regístrate aquí para recibir el enlace de Zoom: 👉 <a href="https://tinyurl.com/2rfn453f" target="_blank" rel="noopener">https://tinyurl.com/2rfn453f</a><br>🚀 ¡Da el siguiente paso en tu carrera profesional y marca la diferencia en la salud pública! 🌐✨</p>



<p></p>



<p></p>

<p>🌟 ¡Conviértete en un líder en Salud Pública! 🏥La EPG U. Norbert Wiener te invita a participar en la Charla Informativa de la Maestría en Salud Pública.Descubre cómo este programa puede impulsar tu impacto en la gestión, investigación y promoción de la salud comunitaria. 📅 Fecha: 20 de junio⏰ Hora: 06:00 p.m.👨‍🏫 Ponente: Rosa Mezarina [&hellip;]</p>
