
{"id":4445,"date":"2025-07-04T17:27:48","date_gmt":"2025-07-04T22:27:48","guid":{"rendered":"https:\/\/posgrado.uwiener.edu.pe\/actividades\/?post_type=evento&#038;p=4445"},"modified":"2025-07-04T17:27:49","modified_gmt":"2025-07-04T22:27:49","slug":"charla-informativa-maestria-en-ciencias-de-enfermeria-con-mencion-en-gerencia-de-los-cuidados-de-enfermeria-9","status":"publish","type":"evento","link":"https:\/\/posgrado.uwiener.edu.pe\/actividades\/evento\/charla-informativa-maestria-en-ciencias-de-enfermeria-con-mencion-en-gerencia-de-los-cuidados-de-enfermeria-9\/","title":{"rendered":"Charla Informativa \u00abMaestr\u00eda en Ciencias de Enfermer\u00eda con menci\u00f3n en Gerencia de los Cuidados de Enfermer\u00eda\u00bb"},"content":{"rendered":"\n<p>\ud83e\ude7a \u00a1Haz que tu vocaci\u00f3n marque la diferencia!<br>La EPG Universidad Norbert Wiener te invita a la Charla Informativa de la Maestr\u00eda en Ciencias de Enfermer\u00eda con menci\u00f3n en Gerencia de los Cuidados de Enfermer\u00eda .<\/p>\n\n\n\n<p>\ud83c\udf1f Descubre c\u00f3mo convertirte en l\u00edder en el cuidado profesional y en la gesti\u00f3n eficiente de los servicios de enfermer\u00eda.<\/p>\n\n\n\n<p>\ud83d\udcc5 Fecha: 07 de julio<br>\u23f0 Hora: 6:00 p.m.<br>\ud83d\udc69\ud83c\udffb\u200d\u2695\ufe0f Ponente: Erika Angulo Angulo \u2013 Gerente de calidad de la cl\u00ednica Santa Isabel<\/p>\n\n\n\n<p>\ud83c\udfaf Conoce todos los beneficios acad\u00e9micos, el enfoque pr\u00e1ctico del programa y nuestras opciones de financiamiento hasta en 20 cuotas sin intereses.<\/p>\n\n\n\n<p>\ud83d\udcbb Reg\u00edstrate aqu\u00ed y asegura tu acceso al Zoom: \ud83d\udc49 <a href=\"https:\/\/tinyurl.com\/bddnp4ze\" target=\"_blank\" rel=\"noopener\">https:\/\/tinyurl.com\/bddnp4ze<\/a><\/p>\n\n\n\n<p><\/p>\n","protected":false},"excerpt":{"rendered":"<p>\ud83e\ude7a \u00a1Haz que tu vocaci\u00f3n marque la diferencia!La EPG Universidad Norbert Wiener te invita a la Charla Informativa de la Maestr\u00eda en Ciencias de Enfermer\u00eda con menci\u00f3n en Gerencia de los Cuidados de Enfermer\u00eda . \ud83c\udf1f Descubre c\u00f3mo convertirte en l\u00edder en el cuidado profesional y en la gesti\u00f3n eficiente de los servicios de enfermer\u00eda. [&hellip;]<\/p>\n","protected":false},"featured_media":0,"parent":0,"template":"","categoria-eventos":[17,44],"class_list":["post-4445","evento","type-evento","status-publish","hentry","categoria-eventos-videoconferencias","categoria-eventos-webinar-gratuito"],"custom_fields_data":{"inline_featured_image":["0"],"hcf_post_fecha":["2025-07-07"],"hcf_post_timeI":["18:00"],"hcf_post_timeF":["19:00"],"hcf_post_lugar":["Escuela de Posgrado Norbert Wiener - Facebook Live"],"hcf_post_ingreso":[""],"hcf_post_recomendados":[""],"hcf_post_anexos":[""],"hcf_post_email":[""],"hcf_post_url_face":[""],"hcf_fecha_blog":[""],"hcf_destacado_blog":[""],"hcf_imagenes":["a:0:{}"],"hcf_thumb_500":["https:\/\/posgrado.uwiener.edu.pe\/actividades\/wp-content\/uploads\/2024\/08\/500x82.jpg"],"hcf_thumb_1600":["https:\/\/posgrado.uwiener.edu.pe\/actividades\/wp-content\/uploads\/2024\/08\/1920x314.jpg"],"hcf_destacada":["https:\/\/posgrado.uwiener.edu.pe\/actividades\/wp-content\/uploads\/2024\/08\/1200x628-1.jpg"],"_edit_lock":["1752793082:5"],"_edit_last":["5"],"rank_math_internal_links_processed":["1"]},"_links":{"self":[{"href":"https:\/\/posgrado.uwiener.edu.pe\/actividades\/wp-json\/wp\/v2\/evento\/4445"}],"collection":[{"href":"https:\/\/posgrado.uwiener.edu.pe\/actividades\/wp-json\/wp\/v2\/evento"}],"about":[{"href":"https:\/\/posgrado.uwiener.edu.pe\/actividades\/wp-json\/wp\/v2\/types\/evento"}],"wp:attachment":[{"href":"https:\/\/posgrado.uwiener.edu.pe\/actividades\/wp-json\/wp\/v2\/media?parent=4445"}],"wp:term":[{"taxonomy":"categoria-eventos","embeddable":true,"href":"https:\/\/posgrado.uwiener.edu.pe\/actividades\/wp-json\/wp\/v2\/categoria-eventos?post=4445"}],"curies":[{"name":"wp","href":"https:\/\/api.w.org\/{rel}","templated":true}]}}

Charla Informativa «Maestría en Ciencias de Enfermería con mención en Gerencia de los Cuidados de Enfermería»

<p>🩺 ¡Haz que tu vocación marque la diferencia!<br>La EPG Universidad Norbert Wiener te invita a la Charla Informativa de la Maestría en Ciencias de Enfermería con mención en Gerencia de los Cuidados de Enfermería .</p>



<p>🌟 Descubre cómo convertirte en líder en el cuidado profesional y en la gestión eficiente de los servicios de enfermería.</p>



<p>📅 Fecha: 07 de julio<br>⏰ Hora: 6:00 p.m.<br>👩🏻‍⚕️ Ponente: Erika Angulo Angulo – Gerente de calidad de la clínica Santa Isabel</p>



<p>🎯 Conoce todos los beneficios académicos, el enfoque práctico del programa y nuestras opciones de financiamiento hasta en 20 cuotas sin intereses.</p>



<p>💻 Regístrate aquí y asegura tu acceso al Zoom: 👉 <a href="https://tinyurl.com/bddnp4ze" target="_blank" rel="noopener">https://tinyurl.com/bddnp4ze</a></p>



<p></p>

<p>🩺 ¡Haz que tu vocación marque la diferencia!La EPG Universidad Norbert Wiener te invita a la Charla Informativa de la Maestría en Ciencias de Enfermería con mención en Gerencia de los Cuidados de Enfermería . 🌟 Descubre cómo convertirte en líder en el cuidado profesional y en la gestión eficiente de los servicios de enfermería. [&hellip;]</p>
