
{"id":4499,"date":"2025-07-25T23:41:02","date_gmt":"2025-07-26T04:41:02","guid":{"rendered":"https:\/\/posgrado.uwiener.edu.pe\/actividades\/?post_type=evento&#038;p=4499"},"modified":"2025-07-25T23:44:07","modified_gmt":"2025-07-26T04:44:07","slug":"webinar-evaluacion-ecografica-de-la-placenta","status":"publish","type":"evento","link":"https:\/\/posgrado.uwiener.edu.pe\/actividades\/evento\/webinar-evaluacion-ecografica-de-la-placenta\/","title":{"rendered":"Webinar \u00abEvaluaci\u00f3n ecogr\u00e1fica de la placenta\u00bb"},"content":{"rendered":"\n<div class=\"wp-block-group is-vertical is-layout-flex wp-container-core-group-is-layout-1 wp-block-group-is-layout-flex\">\n<p><strong>\ud83d\udd0d&nbsp;\u00bfSabes identificar a tiempo alteraciones en la placenta que ponen en riesgo la gestaci\u00f3n?<\/strong><\/p>\n\n\n\n<p>Te invitamos a participar en el <strong>webinar <\/strong>de nuestra <strong>Segunda Especialidad en Monitoreo Feta<\/strong>l y conoce el rol fundamental de la ecograf\u00eda en el profesional de obstetricia en la evaluaci\u00f3n placentaria para una\u00a0gestaci\u00f3n segura y un parto sin complicaciones.<\/p>\n\n\n\n<p><strong>\ud83d\udccc Tema: Evaluaci\u00f3n ecogr\u00e1fica de la placenta<\/strong><\/p>\n\n\n\n<p>Profundiza en la identificaci\u00f3n de hallazgos ecogr\u00e1ficos clave y aprende a interpretar alteraciones que podr\u00edan comprometer el bienestar materno-fetal.<\/p>\n<\/div>\n\n\n\n<div class=\"wp-block-group is-vertical is-layout-flex wp-container-core-group-is-layout-2 wp-block-group-is-layout-flex\">\n<p>\ud83c\udf10Transmisi\u00f3n: Zoom + Facebook Live<\/p>\n\n\n\n<p>\ud83c\udf99Ponente: Mag. Leslie Antonio S\u00e1nchez &#8211; Especialista en Diagn\u00f3stico por Im\u00e1genes y Monitoreo Fetal<\/p>\n\n\n\n<p>\ud83d\udd17 Inscr\u00edbete y asegura tu participaci\u00f3n: <a href=\"https:\/\/acortar.link\/YM9prl\" target=\"_blank\" rel=\"noopener\">https:\/\/acortar.link\/YM9prl<\/a><\/p>\n\n\n\n<p>\u00a1Reg\u00edstrate y da el siguiente paso en tu desarrollo profesional!<\/p>\n<\/div>\n","protected":false},"excerpt":{"rendered":"<p>\ud83d\udd0d&nbsp;\u00bfSabes identificar a tiempo alteraciones en la placenta que ponen en riesgo la gestaci\u00f3n? Te invitamos a participar en el webinar de nuestra Segunda Especialidad en Monitoreo Fetal y conoce el rol fundamental de la ecograf\u00eda en el profesional de obstetricia en la evaluaci\u00f3n placentaria para una\u00a0gestaci\u00f3n segura y un parto sin complicaciones. \ud83d\udccc Tema: [&hellip;]<\/p>\n","protected":false},"featured_media":0,"parent":0,"template":"","categoria-eventos":[17,44],"class_list":["post-4499","evento","type-evento","status-publish","hentry","categoria-eventos-videoconferencias","categoria-eventos-webinar-gratuito"],"custom_fields_data":{"inline_featured_image":["0"],"hcf_post_fecha":["2025-08-07"],"hcf_post_timeI":["18:00"],"hcf_post_timeF":["19:00"],"hcf_post_lugar":["Escuela de Posgrado Norbert Wiener - Facebook Live"],"hcf_post_ingreso":[""],"hcf_post_recomendados":[""],"hcf_post_anexos":[""],"hcf_post_email":[""],"hcf_post_url_face":[""],"hcf_fecha_blog":[""],"hcf_destacado_blog":[""],"hcf_imagenes":["a:0:{}"],"hcf_thumb_500":["https:\/\/posgrado.uwiener.edu.pe\/actividades\/wp-content\/uploads\/2024\/04\/500-x-82.png"],"hcf_thumb_1600":["https:\/\/posgrado.uwiener.edu.pe\/actividades\/wp-content\/uploads\/2024\/04\/1920-x-314.png"],"hcf_destacada":["https:\/\/posgrado.uwiener.edu.pe\/actividades\/wp-content\/uploads\/2024\/04\/1200-x-550px.png"],"_edit_lock":["1753505048:5"],"rank_math_internal_links_processed":["1"],"rank_math_seo_score":["8"],"_edit_last":["5"]},"_links":{"self":[{"href":"https:\/\/posgrado.uwiener.edu.pe\/actividades\/wp-json\/wp\/v2\/evento\/4499"}],"collection":[{"href":"https:\/\/posgrado.uwiener.edu.pe\/actividades\/wp-json\/wp\/v2\/evento"}],"about":[{"href":"https:\/\/posgrado.uwiener.edu.pe\/actividades\/wp-json\/wp\/v2\/types\/evento"}],"wp:attachment":[{"href":"https:\/\/posgrado.uwiener.edu.pe\/actividades\/wp-json\/wp\/v2\/media?parent=4499"}],"wp:term":[{"taxonomy":"categoria-eventos","embeddable":true,"href":"https:\/\/posgrado.uwiener.edu.pe\/actividades\/wp-json\/wp\/v2\/categoria-eventos?post=4499"}],"curies":[{"name":"wp","href":"https:\/\/api.w.org\/{rel}","templated":true}]}}

Webinar «Evaluación ecográfica de la placenta»

<div class="wp-block-group is-vertical is-layout-flex wp-container-core-group-is-layout-1 wp-block-group-is-layout-flex">
<p><strong>🔍&nbsp;¿Sabes identificar a tiempo alteraciones en la placenta que ponen en riesgo la gestación?</strong></p>



<p>Te invitamos a participar en el <strong>webinar </strong>de nuestra <strong>Segunda Especialidad en Monitoreo Feta</strong>l y conoce el rol fundamental de la ecografía en el profesional de obstetricia en la evaluación placentaria para una gestación segura y un parto sin complicaciones.</p>



<p><strong>📌 Tema: Evaluación ecográfica de la placenta</strong></p>



<p>Profundiza en la identificación de hallazgos ecográficos clave y aprende a interpretar alteraciones que podrían comprometer el bienestar materno-fetal.</p>
</div>



<div class="wp-block-group is-vertical is-layout-flex wp-container-core-group-is-layout-2 wp-block-group-is-layout-flex">
<p>🌐Transmisión: Zoom + Facebook Live</p>



<p>🎙Ponente: Mag. Leslie Antonio Sánchez &#8211; Especialista en Diagnóstico por Imágenes y Monitoreo Fetal</p>



<p>🔗 Inscríbete y asegura tu participación: <a href="https://acortar.link/YM9prl" target="_blank" rel="noopener">https://acortar.link/YM9prl</a></p>



<p>¡Regístrate y da el siguiente paso en tu desarrollo profesional!</p>
</div>

<p>🔍&nbsp;¿Sabes identificar a tiempo alteraciones en la placenta que ponen en riesgo la gestación? Te invitamos a participar en el webinar de nuestra Segunda Especialidad en Monitoreo Fetal y conoce el rol fundamental de la ecografía en el profesional de obstetricia en la evaluación placentaria para una gestación segura y un parto sin complicaciones. 📌 Tema: [&hellip;]</p>
