
{"id":4502,"date":"2025-07-25T23:52:04","date_gmt":"2025-07-26T04:52:04","guid":{"rendered":"https:\/\/posgrado.uwiener.edu.pe\/actividades\/?post_type=evento&#038;p=4502"},"modified":"2025-07-25T23:52:05","modified_gmt":"2025-07-26T04:52:05","slug":"charla-informativa-segunda-especialidad-en-hematologia-2","status":"publish","type":"evento","link":"https:\/\/posgrado.uwiener.edu.pe\/actividades\/evento\/charla-informativa-segunda-especialidad-en-hematologia-2\/","title":{"rendered":"Charla informativa: \u00abSegunda Especialidad en Hematolog\u00eda\u00bb"},"content":{"rendered":"\n<div class=\"wp-block-group is-vertical is-layout-flex wp-container-core-group-is-layout-1 wp-block-group-is-layout-flex\">\n<p><strong>\ud83d\udd0d \u00bfTe imaginas detectar a tiempo una leucemia aguda gracias a un cambio sutil en una c\u00e9lula?<br><\/strong>\u00danete a esta charla informativa de la Segunda Especialidad en Hematolog\u00eda, donde abordaremos c\u00f3mo el an\u00e1lisis morfol\u00f3gico es una herramienta esencial, incluso en la era de la gen\u00e9tica avanzada.<\/p>\n\n\n\n<p><strong>\ud83d\udcccTema: \u00abAn\u00e1lisis morfol\u00f3gico en las alteraciones gen\u00e9ticas definitorias de leucemias agudas seg\u00fan la \u00faltima Clasificaci\u00f3n OMS-2024\u00bb<\/strong><br>Aprende a integrar la observaci\u00f3n morfol\u00f3gica con la caracterizaci\u00f3n gen\u00e9tica para un diagn\u00f3stico m\u00e1s preciso, basado en los criterios actualizados de la OMS.<br>\u00a1Un diagn\u00f3stico oportuno comienza con tu conocimiento!<br>\ud83c\udf10 Transmisi\u00f3n : Zoom + Facebook Live<br>\ud83c\udf99 Ponente : Dr. Paulo Avelino Callupe<br>Tecn\u00f3logo M\u00e9dico del Laboratorio de Hematolog\u00eda del Instituto Nacional de Neopl\u00e1sicas.<br>\ud83d\udd17Inscr\u00edbete aqu\u00ed y asegura tu acceso al evento: https:\/\/acortar.link\/syNkuE<\/p>\n\n\n\n<p>\u00a1Te&nbsp;esperamos!<\/p>\n<\/div>\n","protected":false},"excerpt":{"rendered":"<p>\ud83d\udd0d \u00bfTe imaginas detectar a tiempo una leucemia aguda gracias a un cambio sutil en una c\u00e9lula?\u00danete a esta charla informativa de la Segunda Especialidad en Hematolog\u00eda, donde abordaremos c\u00f3mo el an\u00e1lisis morfol\u00f3gico es una herramienta esencial, incluso en la era de la gen\u00e9tica avanzada. \ud83d\udcccTema: \u00abAn\u00e1lisis morfol\u00f3gico en las alteraciones gen\u00e9ticas definitorias de leucemias [&hellip;]<\/p>\n","protected":false},"featured_media":0,"parent":0,"template":"","categoria-eventos":[17,44],"class_list":["post-4502","evento","type-evento","status-publish","hentry","categoria-eventos-videoconferencias","categoria-eventos-webinar-gratuito"],"custom_fields_data":{"inline_featured_image":["0"],"hcf_post_fecha":["2025-06-18"],"hcf_post_timeI":["18:00"],"hcf_post_timeF":["19:00"],"hcf_post_lugar":["Escuela de Posgrado Norbert Wiener - Facebook Live"],"hcf_post_ingreso":[""],"hcf_post_recomendados":[""],"hcf_post_anexos":[""],"hcf_post_email":[""],"hcf_post_url_face":[""],"hcf_fecha_blog":[""],"hcf_destacado_blog":[""],"hcf_imagenes":["a:0:{}"],"hcf_thumb_500":["https:\/\/posgrado.uwiener.edu.pe\/actividades\/wp-content\/uploads\/2024\/05\/500x8226.png"],"hcf_thumb_1600":["https:\/\/posgrado.uwiener.edu.pe\/actividades\/wp-content\/uploads\/2024\/03\/1920x31425.png"],"hcf_destacada":["https:\/\/posgrado.uwiener.edu.pe\/actividades\/wp-content\/uploads\/2024\/05\/1200x62870.png"],"_edit_lock":["1753505432:5"],"rank_math_internal_links_processed":["1"],"rank_math_seo_score":["3"],"_edit_last":["5"]},"_links":{"self":[{"href":"https:\/\/posgrado.uwiener.edu.pe\/actividades\/wp-json\/wp\/v2\/evento\/4502"}],"collection":[{"href":"https:\/\/posgrado.uwiener.edu.pe\/actividades\/wp-json\/wp\/v2\/evento"}],"about":[{"href":"https:\/\/posgrado.uwiener.edu.pe\/actividades\/wp-json\/wp\/v2\/types\/evento"}],"wp:attachment":[{"href":"https:\/\/posgrado.uwiener.edu.pe\/actividades\/wp-json\/wp\/v2\/media?parent=4502"}],"wp:term":[{"taxonomy":"categoria-eventos","embeddable":true,"href":"https:\/\/posgrado.uwiener.edu.pe\/actividades\/wp-json\/wp\/v2\/categoria-eventos?post=4502"}],"curies":[{"name":"wp","href":"https:\/\/api.w.org\/{rel}","templated":true}]}}

Charla informativa: «Segunda Especialidad en Hematología»

<div class="wp-block-group is-vertical is-layout-flex wp-container-core-group-is-layout-1 wp-block-group-is-layout-flex">
<p><strong>🔍 ¿Te imaginas detectar a tiempo una leucemia aguda gracias a un cambio sutil en una célula?<br></strong>Únete a esta charla informativa de la Segunda Especialidad en Hematología, donde abordaremos cómo el análisis morfológico es una herramienta esencial, incluso en la era de la genética avanzada.</p>



<p><strong>📌Tema: «Análisis morfológico en las alteraciones genéticas definitorias de leucemias agudas según la última Clasificación OMS-2024»</strong><br>Aprende a integrar la observación morfológica con la caracterización genética para un diagnóstico más preciso, basado en los criterios actualizados de la OMS.<br>¡Un diagnóstico oportuno comienza con tu conocimiento!<br>🌐 Transmisión : Zoom + Facebook Live<br>🎙 Ponente : Dr. Paulo Avelino Callupe<br>Tecnólogo Médico del Laboratorio de Hematología del Instituto Nacional de Neoplásicas.<br>🔗Inscríbete aquí y asegura tu acceso al evento: https://acortar.link/syNkuE</p>



<p>¡Te&nbsp;esperamos!</p>
</div>

<p>🔍 ¿Te imaginas detectar a tiempo una leucemia aguda gracias a un cambio sutil en una célula?Únete a esta charla informativa de la Segunda Especialidad en Hematología, donde abordaremos cómo el análisis morfológico es una herramienta esencial, incluso en la era de la genética avanzada. 📌Tema: «Análisis morfológico en las alteraciones genéticas definitorias de leucemias [&hellip;]</p>
