
{"id":4507,"date":"2025-07-26T00:31:36","date_gmt":"2025-07-26T05:31:36","guid":{"rendered":"https:\/\/posgrado.uwiener.edu.pe\/actividades\/?post_type=evento&#038;p=4507"},"modified":"2025-07-26T00:31:37","modified_gmt":"2025-07-26T05:31:37","slug":"taller-teorico-practico-introduccion-al-proceso-de-atencion-de-enfermeria-especialista","status":"publish","type":"evento","link":"https:\/\/posgrado.uwiener.edu.pe\/actividades\/evento\/taller-teorico-practico-introduccion-al-proceso-de-atencion-de-enfermeria-especialista\/","title":{"rendered":"Taller te\u00f3rico-pr\u00e1ctico: \u00abIntroducci\u00f3n al Proceso de Atenci\u00f3n de Enfermer\u00eda Especialista\u00bb"},"content":{"rendered":"\n<p>\ud83d\udce3 \u00a1Participa en nuestro taller te\u00f3rico-pr\u00e1ctico!<br>La Universidad Norbert Wiener te invita a fortalecer tus competencias con el taller: \u201cIntroducci\u00f3n al Proceso de Atenci\u00f3n de Enfermer\u00eda Especialista\u201d<\/p>\n\n\n\n<p>Lleva tu pr\u00e1ctica profesional al siguiente nivel y adquiere herramientas clave en el desarrollo del proceso de atenci\u00f3n en enfermer\u00eda especializada.<\/p>\n\n\n\n<p>\ud83d\udccc Fechas:<br>\ud83d\udd39 Sesi\u00f3n virtual: 10 de julio<br>\ud83d\udd39 Sesi\u00f3n presencial: 21 de julio<br>\ud83d\udd58 Horario: 10:00 a. m. a 2:30 p. m.<br>\ud83d\udc69\u200d\ud83c\udfeb Ponente: Lic. Paola Vel\u00e1squez Salvador<\/p>\n\n\n\n<p>\ud83d\udcdd Reg\u00edstrate aqu\u00ed: https:\/\/acortar.link\/zxp4w6<br>\ud83d\udccd Vacantes limitadas \u2013 se entregar\u00e1 constancia de participaci\u00f3n a quienes asistan ambas fechas.<br>\u00a1Te esperamos!<br>EPG&nbsp;Wiener<\/p>\n","protected":false},"excerpt":{"rendered":"<p>\ud83d\udce3 \u00a1Participa en nuestro taller te\u00f3rico-pr\u00e1ctico!La Universidad Norbert Wiener te invita a fortalecer tus competencias con el taller: \u201cIntroducci\u00f3n al Proceso de Atenci\u00f3n de Enfermer\u00eda Especialista\u201d Lleva tu pr\u00e1ctica profesional al siguiente nivel y adquiere herramientas clave en el desarrollo del proceso de atenci\u00f3n en enfermer\u00eda especializada. \ud83d\udccc Fechas:\ud83d\udd39 Sesi\u00f3n virtual: 10 de julio\ud83d\udd39 Sesi\u00f3n [&hellip;]<\/p>\n","protected":false},"featured_media":0,"parent":0,"template":"","categoria-eventos":[17,44],"class_list":["post-4507","evento","type-evento","status-publish","hentry","categoria-eventos-videoconferencias","categoria-eventos-webinar-gratuito"],"custom_fields_data":{"inline_featured_image":["0"],"hcf_post_fecha":["2025-07-10"],"hcf_post_timeI":["10:00"],"hcf_post_timeF":["14:30"],"hcf_post_lugar":["Escuela de Posgrado Norbert Wiener - Facebook Live"],"hcf_post_ingreso":[""],"hcf_post_recomendados":[""],"hcf_post_anexos":[""],"hcf_post_email":[""],"hcf_post_url_face":[""],"hcf_fecha_blog":[""],"hcf_destacado_blog":[""],"hcf_imagenes":["a:0:{}"],"hcf_thumb_500":["https:\/\/posgrado.uwiener.edu.pe\/actividades\/wp-content\/uploads\/2025\/07\/500x82.jpg"],"hcf_thumb_1600":["https:\/\/posgrado.uwiener.edu.pe\/actividades\/wp-content\/uploads\/2025\/07\/1920x314.jpg"],"hcf_destacada":["https:\/\/posgrado.uwiener.edu.pe\/actividades\/wp-content\/uploads\/2025\/07\/1200x628.jpg"],"_edit_lock":["1753508279:5"],"rank_math_internal_links_processed":["1"],"rank_math_seo_score":["3"],"_edit_last":["5"]},"_links":{"self":[{"href":"https:\/\/posgrado.uwiener.edu.pe\/actividades\/wp-json\/wp\/v2\/evento\/4507"}],"collection":[{"href":"https:\/\/posgrado.uwiener.edu.pe\/actividades\/wp-json\/wp\/v2\/evento"}],"about":[{"href":"https:\/\/posgrado.uwiener.edu.pe\/actividades\/wp-json\/wp\/v2\/types\/evento"}],"wp:attachment":[{"href":"https:\/\/posgrado.uwiener.edu.pe\/actividades\/wp-json\/wp\/v2\/media?parent=4507"}],"wp:term":[{"taxonomy":"categoria-eventos","embeddable":true,"href":"https:\/\/posgrado.uwiener.edu.pe\/actividades\/wp-json\/wp\/v2\/categoria-eventos?post=4507"}],"curies":[{"name":"wp","href":"https:\/\/api.w.org\/{rel}","templated":true}]}}

Taller teórico-práctico: «Introducción al Proceso de Atención de Enfermería Especialista»

<p>📣 ¡Participa en nuestro taller teórico-práctico!<br>La Universidad Norbert Wiener te invita a fortalecer tus competencias con el taller: “Introducción al Proceso de Atención de Enfermería Especialista”</p>



<p>Lleva tu práctica profesional al siguiente nivel y adquiere herramientas clave en el desarrollo del proceso de atención en enfermería especializada.</p>



<p>📌 Fechas:<br>🔹 Sesión virtual: 10 de julio<br>🔹 Sesión presencial: 21 de julio<br>🕘 Horario: 10:00 a. m. a 2:30 p. m.<br>👩‍🏫 Ponente: Lic. Paola Velásquez Salvador</p>



<p>📝 Regístrate aquí: https://acortar.link/zxp4w6<br>📍 Vacantes limitadas – se entregará constancia de participación a quienes asistan ambas fechas.<br>¡Te esperamos!<br>EPG&nbsp;Wiener</p>

<p>📣 ¡Participa en nuestro taller teórico-práctico!La Universidad Norbert Wiener te invita a fortalecer tus competencias con el taller: “Introducción al Proceso de Atención de Enfermería Especialista” Lleva tu práctica profesional al siguiente nivel y adquiere herramientas clave en el desarrollo del proceso de atención en enfermería especializada. 📌 Fechas:🔹 Sesión virtual: 10 de julio🔹 Sesión [&hellip;]</p>
