
{"id":4513,"date":"2025-07-26T00:38:34","date_gmt":"2025-07-26T05:38:34","guid":{"rendered":"https:\/\/posgrado.uwiener.edu.pe\/actividades\/?post_type=evento&#038;p=4513"},"modified":"2025-07-26T00:38:35","modified_gmt":"2025-07-26T05:38:35","slug":"webinar-dieta-terapeutica-y-suplementacion-en-pacientes-oncologicos","status":"publish","type":"evento","link":"https:\/\/posgrado.uwiener.edu.pe\/actividades\/evento\/webinar-dieta-terapeutica-y-suplementacion-en-pacientes-oncologicos\/","title":{"rendered":"Webinar: \u00abDieta terap\u00e9utica y suplementaci\u00f3n en pacientes oncol\u00f3gicos\u00bb"},"content":{"rendered":"\n<div class=\"wp-block-group is-vertical is-layout-flex wp-container-core-group-is-layout-1 wp-block-group-is-layout-flex\">\n<p><strong>La Nutrici\u00f3n es parte esencial del tratamiento oncol\u00f3gico.<br><\/strong>Participa en nuestro webinar de la Segunda Especialidad en Nutrici\u00f3n Cl\u00ednica con menci\u00f3n en Nutrici\u00f3n Oncol\u00f3gica y conoce c\u00f3mo una adecuada intervenci\u00f3n alimentaria puede mejorar la evoluci\u00f3n de los pacientes con c\u00e1ncer.<\/p>\n\n\n\n<p><strong>\ud83d\udccc Tema: \u00abDieta terap\u00e9utica y suplementaci\u00f3n en pacientes oncol\u00f3gicos\u00bb<br><\/strong>Aprende a dise\u00f1ar planes nutricionales personalizados que ayuden a potenciar el tratamiento y brindar soporte integral al paciente oncol\u00f3gico.<br>\ud83c\udf10Transmisi\u00f3n: Zoom + Facebook Live<br>\ud83c\udf99Ponente: Lic. Giancarlo Casas Acillo &#8211; Coordinador de la Unidad de Soporte Nutricional de Nutrici\u00f3n y Diet\u00e9tica del Instituto Regional de Enfermedades Neopl\u00e1sicas del Sur.<\/p>\n\n\n\n<p>\ud83d\udd17Inscr\u00edbete aqu\u00ed y asegura tu acceso al evento: https:\/\/acortar.link\/SKXU2P<\/p>\n\n\n\n<p>\u00a1Reg\u00edstrate y da el siguiente paso en tu desarrollo profesional!<br>\u00a1Te esperamos!<\/p>\n<\/div>\n","protected":false},"excerpt":{"rendered":"<p>La Nutrici\u00f3n es parte esencial del tratamiento oncol\u00f3gico.Participa en nuestro webinar de la Segunda Especialidad en Nutrici\u00f3n Cl\u00ednica con menci\u00f3n en Nutrici\u00f3n Oncol\u00f3gica y conoce c\u00f3mo una adecuada intervenci\u00f3n alimentaria puede mejorar la evoluci\u00f3n de los pacientes con c\u00e1ncer. \ud83d\udccc Tema: \u00abDieta terap\u00e9utica y suplementaci\u00f3n en pacientes oncol\u00f3gicos\u00bbAprende a dise\u00f1ar planes nutricionales personalizados que ayuden [&hellip;]<\/p>\n","protected":false},"featured_media":0,"parent":0,"template":"","categoria-eventos":[17,44],"class_list":["post-4513","evento","type-evento","status-publish","hentry","categoria-eventos-videoconferencias","categoria-eventos-webinar-gratuito"],"custom_fields_data":{"inline_featured_image":["0"],"hcf_post_fecha":["2025-07-15"],"hcf_post_timeI":["18:00"],"hcf_post_timeF":["19:00"],"hcf_post_lugar":["Escuela de Posgrado Norbert Wiener - Facebook Live"],"hcf_post_ingreso":[""],"hcf_post_recomendados":[""],"hcf_post_anexos":[""],"hcf_post_email":[""],"hcf_post_url_face":[""],"hcf_fecha_blog":[""],"hcf_destacado_blog":[""],"hcf_imagenes":["a:0:{}"],"hcf_thumb_500":["https:\/\/posgrado.uwiener.edu.pe\/actividades\/wp-content\/uploads\/2024\/03\/500x82.png"],"hcf_thumb_1600":["https:\/\/posgrado.uwiener.edu.pe\/actividades\/wp-content\/uploads\/2024\/03\/1920x314.png"],"hcf_destacada":["https:\/\/posgrado.uwiener.edu.pe\/actividades\/wp-content\/uploads\/2024\/03\/1200x628-1.png"],"_edit_lock":["1753508317:5"],"rank_math_internal_links_processed":["1"],"rank_math_seo_score":["3"],"_edit_last":["5"]},"_links":{"self":[{"href":"https:\/\/posgrado.uwiener.edu.pe\/actividades\/wp-json\/wp\/v2\/evento\/4513"}],"collection":[{"href":"https:\/\/posgrado.uwiener.edu.pe\/actividades\/wp-json\/wp\/v2\/evento"}],"about":[{"href":"https:\/\/posgrado.uwiener.edu.pe\/actividades\/wp-json\/wp\/v2\/types\/evento"}],"wp:attachment":[{"href":"https:\/\/posgrado.uwiener.edu.pe\/actividades\/wp-json\/wp\/v2\/media?parent=4513"}],"wp:term":[{"taxonomy":"categoria-eventos","embeddable":true,"href":"https:\/\/posgrado.uwiener.edu.pe\/actividades\/wp-json\/wp\/v2\/categoria-eventos?post=4513"}],"curies":[{"name":"wp","href":"https:\/\/api.w.org\/{rel}","templated":true}]}}

Webinar: «Dieta terapéutica y suplementación en pacientes oncológicos»

<div class="wp-block-group is-vertical is-layout-flex wp-container-core-group-is-layout-1 wp-block-group-is-layout-flex">
<p><strong>La Nutrición es parte esencial del tratamiento oncológico.<br></strong>Participa en nuestro webinar de la Segunda Especialidad en Nutrición Clínica con mención en Nutrición Oncológica y conoce cómo una adecuada intervención alimentaria puede mejorar la evolución de los pacientes con cáncer.</p>



<p><strong>📌 Tema: «Dieta terapéutica y suplementación en pacientes oncológicos»<br></strong>Aprende a diseñar planes nutricionales personalizados que ayuden a potenciar el tratamiento y brindar soporte integral al paciente oncológico.<br>🌐Transmisión: Zoom + Facebook Live<br>🎙Ponente: Lic. Giancarlo Casas Acillo &#8211; Coordinador de la Unidad de Soporte Nutricional de Nutrición y Dietética del Instituto Regional de Enfermedades Neoplásicas del Sur.</p>



<p>🔗Inscríbete aquí y asegura tu acceso al evento: https://acortar.link/SKXU2P</p>



<p>¡Regístrate y da el siguiente paso en tu desarrollo profesional!<br>¡Te esperamos!</p>
</div>

<p>La Nutrición es parte esencial del tratamiento oncológico.Participa en nuestro webinar de la Segunda Especialidad en Nutrición Clínica con mención en Nutrición Oncológica y conoce cómo una adecuada intervención alimentaria puede mejorar la evolución de los pacientes con cáncer. 📌 Tema: «Dieta terapéutica y suplementación en pacientes oncológicos»Aprende a diseñar planes nutricionales personalizados que ayuden [&hellip;]</p>
