
{"id":4555,"date":"2025-09-03T10:20:26","date_gmt":"2025-09-03T15:20:26","guid":{"rendered":"https:\/\/posgrado.uwiener.edu.pe\/actividades\/?post_type=evento&#038;p=4555"},"modified":"2025-09-03T10:21:19","modified_gmt":"2025-09-03T15:21:19","slug":"webinar-fortaleciendo-la-resilencia-organizativa-e-institucional","status":"publish","type":"evento","link":"https:\/\/posgrado.uwiener.edu.pe\/actividades\/evento\/webinar-fortaleciendo-la-resilencia-organizativa-e-institucional\/","title":{"rendered":"Webinar: Fortaleciendo la resilencia organizativa e institucional"},"content":{"rendered":"\n<p>Participa en nuestro webinar de la <strong>Segunda Especialidad en Gesti\u00f3n y Administraci\u00f3n en los Servicios de Salud Sexual y Reproductiva<\/strong> y descubre c\u00f3mo fortalecer tu perfil profesional en un campo decisivo para el desarrollo institucional en salud.<\/p>\n\n\n\n<p><strong>\ud83d\udccc Tema: \u00abFortaleciendo la resiliencia organizativa e institucional\u00bb<\/strong><\/p>\n\n\n\n<p>Conoce estrategias clave para consolidar estructuras s\u00f3lidas y adaptativas, mejorar la capacidad de respuesta de los servicios y garantizar la sostenibilidad de las organizaciones de salud.<\/p>\n\n\n\n<p>\ud83d\uddd3\ufe0f<strong>Fecha:<\/strong> 4 de setiembre<\/p>\n\n\n\n<p>\ud83d\udd67<strong>Hora:<\/strong> 6:00 p. m.<\/p>\n\n\n\n<p>\ud83c\udf10<strong>Transmisi\u00f3n: <\/strong>Zoom + Facebook Live<\/p>\n\n\n\n<p>\ud83c\udf99<strong>Ponente:<\/strong> Mag. Susana Ch\u00e1vez &#8211; Obstetra con Maestr\u00eda en Salud P\u00fablica. Directora del PROMSEX, Centro de Promoci\u00f3n y Defensa de los Derechos Sexuales y Reproductivos.<\/p>\n\n\n\n<p>\ud83d\udd17<strong> Inscr\u00edbete aqu\u00ed y asegura tu acceso al evento: <\/strong><a href=\"https:\/\/acortar.link\/wUys7q\" target=\"_blank\" rel=\"noopener\">https:\/\/acortar.link\/wUys7q<\/a><\/p>\n\n\n\n<p>\u00a1Reg\u00edstrate y da el siguiente paso en tu desarrollo profesional!<\/p>\n\n\n\n<p><em>\u00a1Te esperamos!<\/em><\/p>\n","protected":false},"excerpt":{"rendered":"<p>Participa en nuestro webinar de la Segunda Especialidad en Gesti\u00f3n y Administraci\u00f3n en los Servicios de Salud Sexual y Reproductiva y descubre c\u00f3mo fortalecer tu perfil profesional en un campo decisivo para el desarrollo institucional en salud. \ud83d\udccc Tema: \u00abFortaleciendo la resiliencia organizativa e institucional\u00bb Conoce estrategias clave para consolidar estructuras s\u00f3lidas y adaptativas, mejorar [&hellip;]<\/p>\n","protected":false},"featured_media":0,"parent":0,"template":"","categoria-eventos":[17,44],"class_list":["post-4555","evento","type-evento","status-publish","hentry","categoria-eventos-videoconferencias","categoria-eventos-webinar-gratuito"],"custom_fields_data":{"inline_featured_image":["0"],"hcf_post_fecha":["2025-09-04"],"hcf_post_timeI":["18:00"],"hcf_post_timeF":["19:00"],"hcf_post_lugar":["Escuela de Posgrado Norbert Wiener - Facebook Live"],"hcf_post_ingreso":[""],"hcf_post_recomendados":[""],"hcf_post_anexos":[""],"hcf_post_email":[""],"hcf_post_url_face":[""],"hcf_fecha_blog":[""],"hcf_destacado_blog":[""],"hcf_imagenes":["a:0:{}"],"hcf_thumb_500":["https:\/\/posgrado.uwiener.edu.pe\/actividades\/wp-content\/uploads\/2025\/09\/500x82.png"],"hcf_thumb_1600":["https:\/\/posgrado.uwiener.edu.pe\/actividades\/wp-content\/uploads\/2025\/09\/1920x314.png"],"hcf_destacada":["https:\/\/posgrado.uwiener.edu.pe\/actividades\/wp-content\/uploads\/2025\/09\/1200x628.png"],"_edit_lock":["1756941940:5"],"rank_math_internal_links_processed":["1"],"rank_math_seo_score":["8"],"_edit_last":["5"]},"_links":{"self":[{"href":"https:\/\/posgrado.uwiener.edu.pe\/actividades\/wp-json\/wp\/v2\/evento\/4555"}],"collection":[{"href":"https:\/\/posgrado.uwiener.edu.pe\/actividades\/wp-json\/wp\/v2\/evento"}],"about":[{"href":"https:\/\/posgrado.uwiener.edu.pe\/actividades\/wp-json\/wp\/v2\/types\/evento"}],"wp:attachment":[{"href":"https:\/\/posgrado.uwiener.edu.pe\/actividades\/wp-json\/wp\/v2\/media?parent=4555"}],"wp:term":[{"taxonomy":"categoria-eventos","embeddable":true,"href":"https:\/\/posgrado.uwiener.edu.pe\/actividades\/wp-json\/wp\/v2\/categoria-eventos?post=4555"}],"curies":[{"name":"wp","href":"https:\/\/api.w.org\/{rel}","templated":true}]}}

<p>Participa en nuestro webinar de la <strong>Segunda Especialidad en Gestión y Administración en los Servicios de Salud Sexual y Reproductiva</strong> y descubre cómo fortalecer tu perfil profesional en un campo decisivo para el desarrollo institucional en salud.</p>



<p><strong>📌 Tema: «Fortaleciendo la resiliencia organizativa e institucional»</strong></p>



<p>Conoce estrategias clave para consolidar estructuras sólidas y adaptativas, mejorar la capacidad de respuesta de los servicios y garantizar la sostenibilidad de las organizaciones de salud.</p>



<p>🗓️<strong>Fecha:</strong> 4 de setiembre</p>



<p>🕧<strong>Hora:</strong> 6:00 p. m.</p>



<p>🌐<strong>Transmisión: </strong>Zoom + Facebook Live</p>



<p>🎙<strong>Ponente:</strong> Mag. Susana Chávez &#8211; Obstetra con Maestría en Salud Pública. Directora del PROMSEX, Centro de Promoción y Defensa de los Derechos Sexuales y Reproductivos.</p>



<p>🔗<strong> Inscríbete aquí y asegura tu acceso al evento: </strong><a href="https://acortar.link/wUys7q" target="_blank" rel="noopener">https://acortar.link/wUys7q</a></p>



<p>¡Regístrate y da el siguiente paso en tu desarrollo profesional!</p>



<p><em>¡Te esperamos!</em></p>

<p>Participa en nuestro webinar de la Segunda Especialidad en Gestión y Administración en los Servicios de Salud Sexual y Reproductiva y descubre cómo fortalecer tu perfil profesional en un campo decisivo para el desarrollo institucional en salud. 📌 Tema: «Fortaleciendo la resiliencia organizativa e institucional» Conoce estrategias clave para consolidar estructuras sólidas y adaptativas, mejorar [&hellip;]</p>
