
{"id":4561,"date":"2025-09-03T18:08:45","date_gmt":"2025-09-03T23:08:45","guid":{"rendered":"https:\/\/posgrado.uwiener.edu.pe\/actividades\/?post_type=evento&#038;p=4561"},"modified":"2025-09-03T18:08:46","modified_gmt":"2025-09-03T23:08:46","slug":"webinar-perspectiva-de-la-fisioterapia-cardiorrespiratoria-peruana","status":"publish","type":"evento","link":"https:\/\/posgrado.uwiener.edu.pe\/actividades\/evento\/webinar-perspectiva-de-la-fisioterapia-cardiorrespiratoria-peruana\/","title":{"rendered":"Webinar: Perspectiva de la fisioterapia cardiorrespiratoria peruana"},"content":{"rendered":"\n<p>Participa en nuestro webinar de la <strong>Segunda Especialidad en Fisioterapia Cardiorrespiratoria<\/strong> y potencia tu formaci\u00f3n en un campo esencial para la salud p\u00fablica y cl\u00ednica.<\/p>\n\n\n\n<p><strong>\ud83d\udccc<\/strong><strong> Tema: \u201cPerspectiva de la Fisioterapia Cardiorrespiratoria peruana\u201d<\/strong><\/p>\n\n\n\n<p>Ampl\u00eda tu visi\u00f3n sobre los avances, retos y oportunidades de esta Segunda Especialidad en el contexto nacional.<\/p>\n\n\n\n<p>\ud83d\uddd3\ufe0f <strong>Fecha<\/strong>: 10 de setiembre<\/p>\n\n\n\n<p>\ud83d\udd67 <strong>Hora<\/strong>: 7:00 p. m.<\/p>\n\n\n\n<p>\ud83c\udf10 <strong>Transmisi\u00f3n<\/strong>: Zoom + Facebook Live<\/p>\n\n\n\n<p>\ud83c\udf99 Ponente: Dr. Santos Lucio Chero P\u00edsfil- Fisioterapeuta Cardiorrespiratorio en el Hospital Central Fuerza A\u00e9rea del Per\u00fa.<br><strong>Inscr\u00edbete aqu\u00ed y asegura tu acceso al evento: <\/strong><a href=\"https:\/\/acortar.link\/Bs7Ult\" target=\"_blank\" rel=\"noopener\">https:\/\/acortar.link\/Bs7Ult<\/a><br>\u00a1Reg\u00edstrate y fortalece tu futuro profesional!<\/p>\n","protected":false},"excerpt":{"rendered":"<p>Participa en nuestro webinar de la Segunda Especialidad en Fisioterapia Cardiorrespiratoria y potencia tu formaci\u00f3n en un campo esencial para la salud p\u00fablica y cl\u00ednica. \ud83d\udccc Tema: \u201cPerspectiva de la Fisioterapia Cardiorrespiratoria peruana\u201d Ampl\u00eda tu visi\u00f3n sobre los avances, retos y oportunidades de esta Segunda Especialidad en el contexto nacional. \ud83d\uddd3\ufe0f Fecha: 10 de setiembre [&hellip;]<\/p>\n","protected":false},"featured_media":0,"parent":0,"template":"","categoria-eventos":[17,44],"class_list":["post-4561","evento","type-evento","status-publish","hentry","categoria-eventos-videoconferencias","categoria-eventos-webinar-gratuito"],"custom_fields_data":{"inline_featured_image":["0"],"hcf_post_fecha":["2025-09-10"],"hcf_post_timeI":["19:00"],"hcf_post_timeF":["20:00"],"hcf_post_lugar":["Escuela de Posgrado Norbert Wiener - Facebook Live"],"hcf_post_ingreso":[""],"hcf_post_recomendados":[""],"hcf_post_anexos":[""],"hcf_post_email":[""],"hcf_post_url_face":[""],"hcf_fecha_blog":[""],"hcf_destacado_blog":[""],"hcf_imagenes":["a:0:{}"],"hcf_thumb_500":["https:\/\/posgrado.uwiener.edu.pe\/actividades\/wp-content\/uploads\/2025\/04\/500x82px.png"],"hcf_thumb_1600":["https:\/\/posgrado.uwiener.edu.pe\/actividades\/wp-content\/uploads\/2025\/04\/1920-x-314px-1.png"],"hcf_destacada":["https:\/\/posgrado.uwiener.edu.pe\/actividades\/wp-content\/uploads\/2025\/04\/1200px_628px.png"],"_edit_lock":["1757092204:5"],"rank_math_internal_links_processed":["1"],"rank_math_seo_score":["12"],"_edit_last":["5"]},"_links":{"self":[{"href":"https:\/\/posgrado.uwiener.edu.pe\/actividades\/wp-json\/wp\/v2\/evento\/4561"}],"collection":[{"href":"https:\/\/posgrado.uwiener.edu.pe\/actividades\/wp-json\/wp\/v2\/evento"}],"about":[{"href":"https:\/\/posgrado.uwiener.edu.pe\/actividades\/wp-json\/wp\/v2\/types\/evento"}],"wp:attachment":[{"href":"https:\/\/posgrado.uwiener.edu.pe\/actividades\/wp-json\/wp\/v2\/media?parent=4561"}],"wp:term":[{"taxonomy":"categoria-eventos","embeddable":true,"href":"https:\/\/posgrado.uwiener.edu.pe\/actividades\/wp-json\/wp\/v2\/categoria-eventos?post=4561"}],"curies":[{"name":"wp","href":"https:\/\/api.w.org\/{rel}","templated":true}]}}

<p>Participa en nuestro webinar de la <strong>Segunda Especialidad en Fisioterapia Cardiorrespiratoria</strong> y potencia tu formación en un campo esencial para la salud pública y clínica.</p>



<p><strong>📌</strong><strong> Tema: “Perspectiva de la Fisioterapia Cardiorrespiratoria peruana”</strong></p>



<p>Amplía tu visión sobre los avances, retos y oportunidades de esta Segunda Especialidad en el contexto nacional.</p>



<p>🗓️ <strong>Fecha</strong>: 10 de setiembre</p>



<p>🕧 <strong>Hora</strong>: 7:00 p. m.</p>



<p>🌐 <strong>Transmisión</strong>: Zoom + Facebook Live</p>



<p>🎙 Ponente: Dr. Santos Lucio Chero Písfil- Fisioterapeuta Cardiorrespiratorio en el Hospital Central Fuerza Aérea del Perú.<br><strong>Inscríbete aquí y asegura tu acceso al evento: </strong><a href="https://acortar.link/Bs7Ult" target="_blank" rel="noopener">https://acortar.link/Bs7Ult</a><br>¡Regístrate y fortalece tu futuro profesional!</p>

<p>Participa en nuestro webinar de la Segunda Especialidad en Fisioterapia Cardiorrespiratoria y potencia tu formación en un campo esencial para la salud pública y clínica. 📌 Tema: “Perspectiva de la Fisioterapia Cardiorrespiratoria peruana” Amplía tu visión sobre los avances, retos y oportunidades de esta Segunda Especialidad en el contexto nacional. 🗓️ Fecha: 10 de setiembre [&hellip;]</p>
