
{"id":4563,"date":"2025-09-03T18:25:37","date_gmt":"2025-09-03T23:25:37","guid":{"rendered":"https:\/\/posgrado.uwiener.edu.pe\/actividades\/?post_type=evento&#038;p=4563"},"modified":"2025-09-03T18:25:37","modified_gmt":"2025-09-03T23:25:37","slug":"webinar-evaluacion-por-sistemas-en-el-paciente-neurologico","status":"publish","type":"evento","link":"https:\/\/posgrado.uwiener.edu.pe\/actividades\/evento\/webinar-evaluacion-por-sistemas-en-el-paciente-neurologico\/","title":{"rendered":"Webinar: Evaluaci\u00f3n por sistemas en el paciente neurol\u00f3gico"},"content":{"rendered":"\n<p>Participa en nuestro webinar de la <strong>Segunda Especialidad en Fisioterapia en Neurorrehabilitaci\u00f3n<\/strong> y descubre c\u00f3mo fortalecer tu perfil profesional en un \u00e1rea clave para la recuperaci\u00f3n de pacientes neurol\u00f3gicos.<\/p>\n\n\n\n<p><strong>\ud83d\udccc<\/strong><strong> Tema: \u201cEvaluaci\u00f3n por sistemas en el paciente neurol\u00f3gico\u201d<\/strong><\/p>\n\n\n\n<p>Conoce estrategias y enfoques para realizar una valoraci\u00f3n integral que permita optimizar la intervenci\u00f3n y mejorar la calidad de vida de tus pacientes.<\/p>\n\n\n\n<p>\ud83d\uddd3\ufe0f <strong>Fecha<\/strong>: 16 de setiembre<\/p>\n\n\n\n<p>\ud83d\udd67 <strong>Hora<\/strong>: 7:00 p. m.<\/p>\n\n\n\n<p>\ud83c\udf10 <strong>Transmisi\u00f3n<\/strong>: Zoom + Facebook Live<\/p>\n\n\n\n<p>\ud83c\udf99 <strong>Ponente<\/strong>: Mag. Luisa Luc\u00eda Quispe Valladares &#8211; Miembro de la Asociaci\u00f3n Peruana de Fisioterapia en Neurorehabilitaci\u00f3n &#8211; ASPEFIN<\/p>\n\n\n\n<p><strong>Inscr\u00edbete aqu\u00ed y asegura tu acceso al evento: <\/strong><a href=\"https:\/\/acortar.link\/1gqCgy\" target=\"_blank\" rel=\"noopener\">https:\/\/acortar.link\/1gqCgy<\/a><\/p>\n\n\n\n<p>\u00a1Reg\u00edstrate y da el siguiente paso en tu desarrollo profesional!<\/p>\n\n\n\n<p><\/p>\n","protected":false},"excerpt":{"rendered":"<p>Participa en nuestro webinar de la Segunda Especialidad en Fisioterapia en Neurorrehabilitaci\u00f3n y descubre c\u00f3mo fortalecer tu perfil profesional en un \u00e1rea clave para la recuperaci\u00f3n de pacientes neurol\u00f3gicos. \ud83d\udccc Tema: \u201cEvaluaci\u00f3n por sistemas en el paciente neurol\u00f3gico\u201d Conoce estrategias y enfoques para realizar una valoraci\u00f3n integral que permita optimizar la intervenci\u00f3n y mejorar la [&hellip;]<\/p>\n","protected":false},"featured_media":0,"parent":0,"template":"","categoria-eventos":[17,44],"class_list":["post-4563","evento","type-evento","status-publish","hentry","categoria-eventos-videoconferencias","categoria-eventos-webinar-gratuito"],"custom_fields_data":{"inline_featured_image":["0"],"hcf_post_fecha":["2025-09-16"],"hcf_post_timeI":["19:00"],"hcf_post_timeF":["20:00"],"hcf_post_lugar":["Escuela de Posgrado Norbert Wiener - Facebook Live"],"hcf_post_ingreso":[""],"hcf_post_recomendados":[""],"hcf_post_anexos":[""],"hcf_post_email":[""],"hcf_post_url_face":[""],"hcf_fecha_blog":[""],"hcf_destacado_blog":[""],"hcf_imagenes":["a:0:{}"],"hcf_thumb_500":["https:\/\/posgrado.uwiener.edu.pe\/actividades\/wp-content\/uploads\/2025\/04\/500x82.png"],"hcf_thumb_1600":["https:\/\/posgrado.uwiener.edu.pe\/actividades\/wp-content\/uploads\/2025\/04\/1920-px-314px.png"],"hcf_destacada":["https:\/\/posgrado.uwiener.edu.pe\/actividades\/wp-content\/uploads\/2025\/04\/1200px-628px.png"],"_edit_lock":["1757015788:5"],"rank_math_internal_links_processed":["1"],"rank_math_seo_score":["12"],"_edit_last":["5"]},"_links":{"self":[{"href":"https:\/\/posgrado.uwiener.edu.pe\/actividades\/wp-json\/wp\/v2\/evento\/4563"}],"collection":[{"href":"https:\/\/posgrado.uwiener.edu.pe\/actividades\/wp-json\/wp\/v2\/evento"}],"about":[{"href":"https:\/\/posgrado.uwiener.edu.pe\/actividades\/wp-json\/wp\/v2\/types\/evento"}],"wp:attachment":[{"href":"https:\/\/posgrado.uwiener.edu.pe\/actividades\/wp-json\/wp\/v2\/media?parent=4563"}],"wp:term":[{"taxonomy":"categoria-eventos","embeddable":true,"href":"https:\/\/posgrado.uwiener.edu.pe\/actividades\/wp-json\/wp\/v2\/categoria-eventos?post=4563"}],"curies":[{"name":"wp","href":"https:\/\/api.w.org\/{rel}","templated":true}]}}

Webinar: Evaluación por sistemas en el paciente neurológico

<p>Participa en nuestro webinar de la <strong>Segunda Especialidad en Fisioterapia en Neurorrehabilitación</strong> y descubre cómo fortalecer tu perfil profesional en un área clave para la recuperación de pacientes neurológicos.</p>



<p><strong>📌</strong><strong> Tema: “Evaluación por sistemas en el paciente neurológico”</strong></p>



<p>Conoce estrategias y enfoques para realizar una valoración integral que permita optimizar la intervención y mejorar la calidad de vida de tus pacientes.</p>



<p>🗓️ <strong>Fecha</strong>: 16 de setiembre</p>



<p>🕧 <strong>Hora</strong>: 7:00 p. m.</p>



<p>🌐 <strong>Transmisión</strong>: Zoom + Facebook Live</p>



<p>🎙 <strong>Ponente</strong>: Mag. Luisa Lucía Quispe Valladares &#8211; Miembro de la Asociación Peruana de Fisioterapia en Neurorehabilitación &#8211; ASPEFIN</p>



<p><strong>Inscríbete aquí y asegura tu acceso al evento: </strong><a href="https://acortar.link/1gqCgy" target="_blank" rel="noopener">https://acortar.link/1gqCgy</a></p>



<p>¡Regístrate y da el siguiente paso en tu desarrollo profesional!</p>



<p></p>

<p>Participa en nuestro webinar de la Segunda Especialidad en Fisioterapia en Neurorrehabilitación y descubre cómo fortalecer tu perfil profesional en un área clave para la recuperación de pacientes neurológicos. 📌 Tema: “Evaluación por sistemas en el paciente neurológico” Conoce estrategias y enfoques para realizar una valoración integral que permita optimizar la intervención y mejorar la [&hellip;]</p>
