
{"id":4569,"date":"2025-09-04T14:56:22","date_gmt":"2025-09-04T19:56:22","guid":{"rendered":"https:\/\/posgrado.uwiener.edu.pe\/actividades\/?post_type=evento&#038;p=4569"},"modified":"2025-09-04T14:56:22","modified_gmt":"2025-09-04T19:56:22","slug":"webinar-valuacion-y-estrategias-de-tratamiento-del-fenotipo-del-dolor","status":"publish","type":"evento","link":"https:\/\/posgrado.uwiener.edu.pe\/actividades\/evento\/webinar-valuacion-y-estrategias-de-tratamiento-del-fenotipo-del-dolor\/","title":{"rendered":"Webinar: Valuaci\u00f3n y estrategias de tratamiento del fenotipo del dolor"},"content":{"rendered":"\n<p>Participa en nuestro webinar de <strong>la Segunda Especialidad en Terapia Manual Ortop\u00e9dica<\/strong> y actual\u00edzate en el abordaje cl\u00ednico del dolor desde un enfoque especializado.<\/p>\n\n\n\n<p><strong>\ud83d\udccc<\/strong><strong> Tema: \u201cValuaci\u00f3n y estrategias de tratamiento del fenotipo del dolor\u201d<\/strong><\/p>\n\n\n\n<p>Conoce herramientas pr\u00e1cticas para identificar y tratar adecuadamente diferentes presentaciones del dolor en tus pacientes.<\/p>\n\n\n\n<p>\ud83d\uddd3\ufe0f <strong>Fecha<\/strong>: 17 de setiembre<\/p>\n\n\n\n<p>\ud83d\udd67 <strong>Hora<\/strong>: 7:00 p. m.<\/p>\n\n\n\n<p>\ud83c\udf10 <strong>Transmisi\u00f3n<\/strong>: Zoom + Facebook Live<\/p>\n\n\n\n<p>\ud83c\udf99 <strong>Ponente<\/strong>: Mag. Christian Vilchez Galindo &#8211; Director de FisioStudio, Centro especializado en Fisioterapia y Rehabilitaci\u00f3n.<\/p>\n\n\n\n<p><strong>Inscr\u00edbete aqu\u00ed y asegura tu acceso al evento:<\/strong> <a href=\"https:\/\/acortar.link\/h7vGQz\" target=\"_blank\" rel=\"noopener\">https:\/\/acortar.link\/h7vGQz<\/a><\/p>\n\n\n\n<p>\u00a1Especial\u00edzate y marca la diferencia en tu pr\u00e1ctica profesional!<\/p>\n\n\n\n<p><\/p>\n","protected":false},"excerpt":{"rendered":"<p>Participa en nuestro webinar de la Segunda Especialidad en Terapia Manual Ortop\u00e9dica y actual\u00edzate en el abordaje cl\u00ednico del dolor desde un enfoque especializado. \ud83d\udccc Tema: \u201cValuaci\u00f3n y estrategias de tratamiento del fenotipo del dolor\u201d Conoce herramientas pr\u00e1cticas para identificar y tratar adecuadamente diferentes presentaciones del dolor en tus pacientes. \ud83d\uddd3\ufe0f Fecha: 17 de setiembre [&hellip;]<\/p>\n","protected":false},"featured_media":0,"parent":0,"template":"","categoria-eventos":[17,44],"class_list":["post-4569","evento","type-evento","status-publish","hentry","categoria-eventos-videoconferencias","categoria-eventos-webinar-gratuito"],"custom_fields_data":{"inline_featured_image":["0"],"hcf_post_fecha":["2025-09-17"],"hcf_post_timeI":["19:00"],"hcf_post_timeF":["20:00"],"hcf_post_lugar":["Escuela de Posgrado Norbert Wiener - Facebook Live"],"hcf_post_ingreso":[""],"hcf_post_recomendados":[""],"hcf_post_anexos":[""],"hcf_post_email":[""],"hcf_post_url_face":[""],"hcf_fecha_blog":[""],"hcf_destacado_blog":[""],"hcf_imagenes":["a:0:{}"],"hcf_thumb_500":["https:\/\/posgrado.uwiener.edu.pe\/actividades\/wp-content\/uploads\/2025\/09\/500x82-2.png"],"hcf_thumb_1600":["https:\/\/posgrado.uwiener.edu.pe\/actividades\/wp-content\/uploads\/2025\/09\/1920x314-2.png"],"hcf_destacada":["https:\/\/posgrado.uwiener.edu.pe\/actividades\/wp-content\/uploads\/2025\/09\/1200x628-2.png"],"_edit_lock":["1758833063:5"],"rank_math_internal_links_processed":["1"],"rank_math_seo_score":["12"],"_edit_last":["5"]},"_links":{"self":[{"href":"https:\/\/posgrado.uwiener.edu.pe\/actividades\/wp-json\/wp\/v2\/evento\/4569"}],"collection":[{"href":"https:\/\/posgrado.uwiener.edu.pe\/actividades\/wp-json\/wp\/v2\/evento"}],"about":[{"href":"https:\/\/posgrado.uwiener.edu.pe\/actividades\/wp-json\/wp\/v2\/types\/evento"}],"wp:attachment":[{"href":"https:\/\/posgrado.uwiener.edu.pe\/actividades\/wp-json\/wp\/v2\/media?parent=4569"}],"wp:term":[{"taxonomy":"categoria-eventos","embeddable":true,"href":"https:\/\/posgrado.uwiener.edu.pe\/actividades\/wp-json\/wp\/v2\/categoria-eventos?post=4569"}],"curies":[{"name":"wp","href":"https:\/\/api.w.org\/{rel}","templated":true}]}}

Webinar: Valuación y estrategias de tratamiento del fenotipo del dolor

<p>Participa en nuestro webinar de <strong>la Segunda Especialidad en Terapia Manual Ortopédica</strong> y actualízate en el abordaje clínico del dolor desde un enfoque especializado.</p>



<p><strong>📌</strong><strong> Tema: “Valuación y estrategias de tratamiento del fenotipo del dolor”</strong></p>



<p>Conoce herramientas prácticas para identificar y tratar adecuadamente diferentes presentaciones del dolor en tus pacientes.</p>



<p>🗓️ <strong>Fecha</strong>: 17 de setiembre</p>



<p>🕧 <strong>Hora</strong>: 7:00 p. m.</p>



<p>🌐 <strong>Transmisión</strong>: Zoom + Facebook Live</p>



<p>🎙 <strong>Ponente</strong>: Mag. Christian Vilchez Galindo &#8211; Director de FisioStudio, Centro especializado en Fisioterapia y Rehabilitación.</p>



<p><strong>Inscríbete aquí y asegura tu acceso al evento:</strong> <a href="https://acortar.link/h7vGQz" target="_blank" rel="noopener">https://acortar.link/h7vGQz</a></p>



<p>¡Especialízate y marca la diferencia en tu práctica profesional!</p>



<p></p>

<p>Participa en nuestro webinar de la Segunda Especialidad en Terapia Manual Ortopédica y actualízate en el abordaje clínico del dolor desde un enfoque especializado. 📌 Tema: “Valuación y estrategias de tratamiento del fenotipo del dolor” Conoce herramientas prácticas para identificar y tratar adecuadamente diferentes presentaciones del dolor en tus pacientes. 🗓️ Fecha: 17 de setiembre [&hellip;]</p>
