
{"id":4612,"date":"2025-10-03T10:20:50","date_gmt":"2025-10-03T15:20:50","guid":{"rendered":"https:\/\/posgrado.uwiener.edu.pe\/actividades\/?post_type=evento&#038;p=4612"},"modified":"2025-10-03T10:20:50","modified_gmt":"2025-10-03T15:20:50","slug":"webinar-psicooncologia-acompanando-el-dolor-potenciando-la-esperanza","status":"publish","type":"evento","link":"https:\/\/posgrado.uwiener.edu.pe\/actividades\/evento\/webinar-psicooncologia-acompanando-el-dolor-potenciando-la-esperanza\/","title":{"rendered":"Webinar &#8211; Psicooncolog\u00eda: Acompa\u00f1ando el dolor, potenciando la esperanza"},"content":{"rendered":"\n<p>Conoce m\u00e1s de la <strong>Segunda Especialidad en Psicooncolog\u00eda<\/strong> en nuestro webinar gratuito.<\/p>\n\n\n\n<p><strong>Tema: \u201cPsicooncolog\u00eda: Acompa\u00f1ando el dolor, potenciando la esperanza\u201d<\/strong><\/p>\n\n\n\n<p>Descubre la importancia del apoyo psicol\u00f3gico integral a personas con c\u00e1ncer y sus familias, acompa\u00f1\u00e1ndolas en el afrontamiento del impacto emocional, fortaleciendo sus recursos internos y promoviendo la esperanza como parte esencial del proceso de tratamiento y recuperaci\u00f3n.<\/p>\n\n\n\n<p><strong>\ud83d\udcc5 Fecha: 7 de octubre<\/strong><\/p>\n\n\n\n<p>\ud83d\udd56 Hora: 6:30 p. m.<\/p>\n\n\n\n<p>\ud83c\udf10 Transmisi\u00f3n: Zoom + Facebook Live<\/p>\n\n\n\n<p>\ud83c\udf99 Ponente: Dra. Katherine Grace Barahona Rojas &#8211; Directora de CFP Salud Mental<\/p>\n\n\n\n<p>\ud83d\udd17 Inscr\u00edbete aqu\u00ed y asegura tu acceso al evento: <a href=\"https:\/\/acortar.link\/upTbsd\" target=\"_blank\" rel=\"noopener\">https:\/\/acortar.link\/upTbsd<\/a><\/p>\n\n\n\n<p>Reg\u00edstrate y fortalece tu perfil profesional con nuevos conocimientos.<\/p>\n","protected":false},"excerpt":{"rendered":"<p>Conoce m\u00e1s de la Segunda Especialidad en Psicooncolog\u00eda en nuestro webinar gratuito. Tema: \u201cPsicooncolog\u00eda: Acompa\u00f1ando el dolor, potenciando la esperanza\u201d Descubre la importancia del apoyo psicol\u00f3gico integral a personas con c\u00e1ncer y sus familias, acompa\u00f1\u00e1ndolas en el afrontamiento del impacto emocional, fortaleciendo sus recursos internos y promoviendo la esperanza como parte esencial del proceso de [&hellip;]<\/p>\n","protected":false},"featured_media":0,"parent":0,"template":"","categoria-eventos":[17,44],"class_list":["post-4612","evento","type-evento","status-publish","hentry","categoria-eventos-videoconferencias","categoria-eventos-webinar-gratuito"],"custom_fields_data":{"inline_featured_image":["0"],"hcf_post_fecha":["2025-10-07"],"hcf_post_timeI":["18:30"],"hcf_post_timeF":["19:30"],"hcf_post_lugar":["Escuela de Posgrado Norbert Wiener - Facebook Live"],"hcf_post_ingreso":[""],"hcf_post_recomendados":[""],"hcf_post_anexos":[""],"hcf_post_email":[""],"hcf_post_url_face":[""],"hcf_fecha_blog":[""],"hcf_destacado_blog":[""],"hcf_imagenes":["a:0:{}"],"hcf_thumb_500":["https:\/\/posgrado.uwiener.edu.pe\/actividades\/wp-content\/uploads\/2024\/04\/500px-82px.png"],"hcf_thumb_1600":["https:\/\/posgrado.uwiener.edu.pe\/actividades\/wp-content\/uploads\/2024\/04\/1920-x-3.png"],"hcf_destacada":["https:\/\/posgrado.uwiener.edu.pe\/actividades\/wp-content\/uploads\/2024\/04\/1200px-628px.png"],"_edit_lock":["1760385603:5"],"rank_math_internal_links_processed":["1"],"rank_math_seo_score":["8"],"_edit_last":["5"]},"_links":{"self":[{"href":"https:\/\/posgrado.uwiener.edu.pe\/actividades\/wp-json\/wp\/v2\/evento\/4612"}],"collection":[{"href":"https:\/\/posgrado.uwiener.edu.pe\/actividades\/wp-json\/wp\/v2\/evento"}],"about":[{"href":"https:\/\/posgrado.uwiener.edu.pe\/actividades\/wp-json\/wp\/v2\/types\/evento"}],"wp:attachment":[{"href":"https:\/\/posgrado.uwiener.edu.pe\/actividades\/wp-json\/wp\/v2\/media?parent=4612"}],"wp:term":[{"taxonomy":"categoria-eventos","embeddable":true,"href":"https:\/\/posgrado.uwiener.edu.pe\/actividades\/wp-json\/wp\/v2\/categoria-eventos?post=4612"}],"curies":[{"name":"wp","href":"https:\/\/api.w.org\/{rel}","templated":true}]}}

Webinar &#8211; Psicooncología: Acompañando el dolor, potenciando la esperanza

<p>Conoce más de la <strong>Segunda Especialidad en Psicooncología</strong> en nuestro webinar gratuito.</p>



<p><strong>Tema: “Psicooncología: Acompañando el dolor, potenciando la esperanza”</strong></p>



<p>Descubre la importancia del apoyo psicológico integral a personas con cáncer y sus familias, acompañándolas en el afrontamiento del impacto emocional, fortaleciendo sus recursos internos y promoviendo la esperanza como parte esencial del proceso de tratamiento y recuperación.</p>



<p><strong>📅 Fecha: 7 de octubre</strong></p>



<p>🕖 Hora: 6:30 p. m.</p>



<p>🌐 Transmisión: Zoom + Facebook Live</p>



<p>🎙 Ponente: Dra. Katherine Grace Barahona Rojas &#8211; Directora de CFP Salud Mental</p>



<p>🔗 Inscríbete aquí y asegura tu acceso al evento: <a href="https://acortar.link/upTbsd" target="_blank" rel="noopener">https://acortar.link/upTbsd</a></p>



<p>Regístrate y fortalece tu perfil profesional con nuevos conocimientos.</p>

<p>Conoce más de la Segunda Especialidad en Psicooncología en nuestro webinar gratuito. Tema: “Psicooncología: Acompañando el dolor, potenciando la esperanza” Descubre la importancia del apoyo psicológico integral a personas con cáncer y sus familias, acompañándolas en el afrontamiento del impacto emocional, fortaleciendo sus recursos internos y promoviendo la esperanza como parte esencial del proceso de [&hellip;]</p>
