
{"id":4621,"date":"2025-10-14T17:54:38","date_gmt":"2025-10-14T22:54:38","guid":{"rendered":"https:\/\/posgrado.uwiener.edu.pe\/actividades\/?post_type=evento&#038;p=4621"},"modified":"2025-10-14T17:54:39","modified_gmt":"2025-10-14T22:54:39","slug":"webinar-alimentando-la-mente-nutricion-estrategica-en-tea-y-tdah","status":"publish","type":"evento","link":"https:\/\/posgrado.uwiener.edu.pe\/actividades\/evento\/webinar-alimentando-la-mente-nutricion-estrategica-en-tea-y-tdah\/","title":{"rendered":"Webinar: Alimentando la mente: Nutrici\u00f3n estrat\u00e9gica\u00a0en\u00a0TEA\u00a0y\u00a0TDAH"},"content":{"rendered":"\n<p>Conoce m\u00e1s sobre la <strong>Segunda Especialidad en Nutrici\u00f3n Pedi\u00e1trica<\/strong> en nuestro webinar gratuito.<\/p>\n\n\n\n<p><strong>Tema: \u201cAlimentando la mente: Nutrici\u00f3n estrat\u00e9gica en TEA y TDAH\u201d<\/strong><\/p>\n\n\n\n<p>Explora c\u00f3mo una alimentaci\u00f3n adecuada puede favorecer el desarrollo cognitivo y conductual de ni\u00f1os con Trastorno del Espectro Autista (TEA) y Trastorno por D\u00e9ficit de Atenci\u00f3n e Hiperactividad (TDAH), incorporando estrategias nutricionales efectivas para su bienestar integral.<\/p>\n\n\n\n<p><strong>\ud83d\udcc5 Fecha: 22 de octubre<\/strong><\/p>\n\n\n\n<p>\ud83d\udd56 Hora: 7:00 p. m.<\/p>\n\n\n\n<p>\ud83c\udf10 Transmisi\u00f3n: Zoom + Facebook Live<\/p>\n\n\n\n<p>\ud83c\udf99 Ponente: Mag. Alicia S\u00e1nchez &#8211; Nutricionista infantil especializada y experta internacional en nutrici\u00f3n pedi\u00e1trica.<\/p>\n\n\n\n<p>\ud83d\udd17 Inscr\u00edbete aqu\u00ed y asegura tu acceso: <a href=\"https:\/\/acortar.link\/rnk0L5\" target=\"_blank\" rel=\"noopener\">https:\/\/acortar.link\/rnk0L5<\/a><\/p>\n","protected":false},"excerpt":{"rendered":"<p>Conoce m\u00e1s sobre la Segunda Especialidad en Nutrici\u00f3n Pedi\u00e1trica en nuestro webinar gratuito. Tema: \u201cAlimentando la mente: Nutrici\u00f3n estrat\u00e9gica en TEA y TDAH\u201d Explora c\u00f3mo una alimentaci\u00f3n adecuada puede favorecer el desarrollo cognitivo y conductual de ni\u00f1os con Trastorno del Espectro Autista (TEA) y Trastorno por D\u00e9ficit de Atenci\u00f3n e Hiperactividad (TDAH), incorporando estrategias nutricionales [&hellip;]<\/p>\n","protected":false},"featured_media":0,"parent":0,"template":"","categoria-eventos":[17,44],"class_list":["post-4621","evento","type-evento","status-publish","hentry","categoria-eventos-videoconferencias","categoria-eventos-webinar-gratuito"],"custom_fields_data":{"inline_featured_image":["0"],"hcf_post_fecha":["2025-10-22"],"hcf_post_timeI":["19:00"],"hcf_post_timeF":["20:00"],"hcf_post_lugar":["Escuela de Posgrado Norbert Wiener - Facebook Live"],"hcf_post_ingreso":[""],"hcf_post_recomendados":[""],"hcf_post_anexos":[""],"hcf_post_email":[""],"hcf_post_url_face":[""],"hcf_fecha_blog":[""],"hcf_destacado_blog":[""],"hcf_imagenes":["a:0:{}"],"hcf_thumb_500":["https:\/\/posgrado.uwiener.edu.pe\/actividades\/wp-content\/uploads\/2024\/11\/500x82.png"],"hcf_thumb_1600":["https:\/\/posgrado.uwiener.edu.pe\/actividades\/wp-content\/uploads\/2024\/11\/1920x314.png"],"hcf_destacada":["https:\/\/posgrado.uwiener.edu.pe\/actividades\/wp-content\/uploads\/2024\/11\/1200x628.png"],"_edit_lock":["1760482479:5"],"rank_math_internal_links_processed":["1"],"rank_math_seo_score":["8"],"_edit_last":["5"]},"_links":{"self":[{"href":"https:\/\/posgrado.uwiener.edu.pe\/actividades\/wp-json\/wp\/v2\/evento\/4621"}],"collection":[{"href":"https:\/\/posgrado.uwiener.edu.pe\/actividades\/wp-json\/wp\/v2\/evento"}],"about":[{"href":"https:\/\/posgrado.uwiener.edu.pe\/actividades\/wp-json\/wp\/v2\/types\/evento"}],"wp:attachment":[{"href":"https:\/\/posgrado.uwiener.edu.pe\/actividades\/wp-json\/wp\/v2\/media?parent=4621"}],"wp:term":[{"taxonomy":"categoria-eventos","embeddable":true,"href":"https:\/\/posgrado.uwiener.edu.pe\/actividades\/wp-json\/wp\/v2\/categoria-eventos?post=4621"}],"curies":[{"name":"wp","href":"https:\/\/api.w.org\/{rel}","templated":true}]}}

Webinar: Alimentando la mente: Nutrición estratégica en TEA y TDAH

<p>Conoce más sobre la <strong>Segunda Especialidad en Nutrición Pediátrica</strong> en nuestro webinar gratuito.</p>



<p><strong>Tema: “Alimentando la mente: Nutrición estratégica en TEA y TDAH”</strong></p>



<p>Explora cómo una alimentación adecuada puede favorecer el desarrollo cognitivo y conductual de niños con Trastorno del Espectro Autista (TEA) y Trastorno por Déficit de Atención e Hiperactividad (TDAH), incorporando estrategias nutricionales efectivas para su bienestar integral.</p>



<p><strong>📅 Fecha: 22 de octubre</strong></p>



<p>🕖 Hora: 7:00 p. m.</p>



<p>🌐 Transmisión: Zoom + Facebook Live</p>



<p>🎙 Ponente: Mag. Alicia Sánchez &#8211; Nutricionista infantil especializada y experta internacional en nutrición pediátrica.</p>



<p>🔗 Inscríbete aquí y asegura tu acceso: <a href="https://acortar.link/rnk0L5" target="_blank" rel="noopener">https://acortar.link/rnk0L5</a></p>

<p>Conoce más sobre la Segunda Especialidad en Nutrición Pediátrica en nuestro webinar gratuito. Tema: “Alimentando la mente: Nutrición estratégica en TEA y TDAH” Explora cómo una alimentación adecuada puede favorecer el desarrollo cognitivo y conductual de niños con Trastorno del Espectro Autista (TEA) y Trastorno por Déficit de Atención e Hiperactividad (TDAH), incorporando estrategias nutricionales [&hellip;]</p>
