
{"id":4647,"date":"2025-11-03T15:33:41","date_gmt":"2025-11-03T20:33:41","guid":{"rendered":"https:\/\/posgrado.uwiener.edu.pe\/actividades\/?post_type=evento&#038;p=4647"},"modified":"2025-11-03T15:33:41","modified_gmt":"2025-11-03T20:33:41","slug":"webinar-la-educacion-prenatal-en-la-era-digital","status":"publish","type":"evento","link":"https:\/\/posgrado.uwiener.edu.pe\/actividades\/evento\/webinar-la-educacion-prenatal-en-la-era-digital\/","title":{"rendered":"Webinar: La educaci\u00f3n prenatal en la era digital"},"content":{"rendered":"\n<p>Conoce m\u00e1s sobre la<strong> Segunda Especialidad en Psicoprofilaxis Obst\u00e9trica y Estimulaci\u00f3n Pre Natal<\/strong> en nuestro webinar gratuito.<\/p>\n\n\n\n<p><strong>Tema: \u201cLa educaci\u00f3n prenatal en la era digital\u201d<\/strong><br>Descubre c\u00f3mo la tecnolog\u00eda transforma el acompa\u00f1amiento a la gestante, promoviendo una preparaci\u00f3n m\u00e1s consciente y centrada en la familia. Adem\u00e1s, fortalece tus competencias en la atenci\u00f3n prenatal y contribuye a una experiencia materna positiva.<\/p>\n\n\n\n<p><br>\ud83c\udf10 Transmisi\u00f3n: Zoom + Facebook Live<br><strong>\ud83c\udf99 Ponente: <\/strong>Mag. Sonia Sotelo Mu\u00f1oz &#8211; Mag\u00edster en Educaci\u00f3n. Obstetra Educadora y Especialista en Alto Riesgo. Gerente general del L&amp;S Consultores y Asociados.<br><strong>\ud83d\udd17 Inscr\u00edbete aqu\u00ed y asegura tu\u00a0acceso:<\/strong>\u00a0<a href=\"https:\/\/acortar.link\/JR5Mng\" target=\"_blank\" rel=\"noopener\">https:\/\/acortar.link\/JR5Mng<\/a><\/p>\n","protected":false},"excerpt":{"rendered":"<p>Conoce m\u00e1s sobre la Segunda Especialidad en Psicoprofilaxis Obst\u00e9trica y Estimulaci\u00f3n Pre Natal en nuestro webinar gratuito. Tema: \u201cLa educaci\u00f3n prenatal en la era digital\u201dDescubre c\u00f3mo la tecnolog\u00eda transforma el acompa\u00f1amiento a la gestante, promoviendo una preparaci\u00f3n m\u00e1s consciente y centrada en la familia. Adem\u00e1s, fortalece tus competencias en la atenci\u00f3n prenatal y contribuye a [&hellip;]<\/p>\n","protected":false},"featured_media":0,"parent":0,"template":"","categoria-eventos":[17,44],"class_list":["post-4647","evento","type-evento","status-publish","hentry","categoria-eventos-videoconferencias","categoria-eventos-webinar-gratuito"],"custom_fields_data":{"inline_featured_image":["0"],"hcf_post_fecha":["2025-11-14"],"hcf_post_timeI":["18:00"],"hcf_post_timeF":["19:00"],"hcf_post_lugar":["Escuela de Posgrado Norbert Wiener - Facebook Live"],"hcf_post_ingreso":[""],"hcf_post_recomendados":[""],"hcf_post_anexos":[""],"hcf_post_email":[""],"hcf_post_url_face":[""],"hcf_fecha_blog":[""],"hcf_destacado_blog":[""],"hcf_imagenes":["a:0:{}"],"hcf_thumb_500":["https:\/\/posgrado.uwiener.edu.pe\/actividades\/wp-content\/uploads\/2024\/08\/se_psicoprofilaxis_500x82.png"],"hcf_thumb_1600":["https:\/\/posgrado.uwiener.edu.pe\/actividades\/wp-content\/uploads\/2024\/08\/se_psicoprofilaxis_1920x314.png"],"hcf_destacada":["https:\/\/posgrado.uwiener.edu.pe\/actividades\/wp-content\/uploads\/2024\/08\/se_psicoprofilaxis_1200x628.png"],"_edit_lock":["1769190104:5"],"rank_math_internal_links_processed":["1"],"rank_math_seo_score":["12"],"_edit_last":["5"]},"_links":{"self":[{"href":"https:\/\/posgrado.uwiener.edu.pe\/actividades\/wp-json\/wp\/v2\/evento\/4647"}],"collection":[{"href":"https:\/\/posgrado.uwiener.edu.pe\/actividades\/wp-json\/wp\/v2\/evento"}],"about":[{"href":"https:\/\/posgrado.uwiener.edu.pe\/actividades\/wp-json\/wp\/v2\/types\/evento"}],"wp:attachment":[{"href":"https:\/\/posgrado.uwiener.edu.pe\/actividades\/wp-json\/wp\/v2\/media?parent=4647"}],"wp:term":[{"taxonomy":"categoria-eventos","embeddable":true,"href":"https:\/\/posgrado.uwiener.edu.pe\/actividades\/wp-json\/wp\/v2\/categoria-eventos?post=4647"}],"curies":[{"name":"wp","href":"https:\/\/api.w.org\/{rel}","templated":true}]}}

Webinar: La educación prenatal en la era digital

<p>Conoce más sobre la<strong> Segunda Especialidad en Psicoprofilaxis Obstétrica y Estimulación Pre Natal</strong> en nuestro webinar gratuito.</p>



<p><strong>Tema: “La educación prenatal en la era digital”</strong><br>Descubre cómo la tecnología transforma el acompañamiento a la gestante, promoviendo una preparación más consciente y centrada en la familia. Además, fortalece tus competencias en la atención prenatal y contribuye a una experiencia materna positiva.</p>



<p><br>🌐 Transmisión: Zoom + Facebook Live<br><strong>🎙 Ponente: </strong>Mag. Sonia Sotelo Muñoz &#8211; Magíster en Educación. Obstetra Educadora y Especialista en Alto Riesgo. Gerente general del L&amp;S Consultores y Asociados.<br><strong>🔗 Inscríbete aquí y asegura tu acceso:</strong> <a href="https://acortar.link/JR5Mng" target="_blank" rel="noopener">https://acortar.link/JR5Mng</a></p>

<p>Conoce más sobre la Segunda Especialidad en Psicoprofilaxis Obstétrica y Estimulación Pre Natal en nuestro webinar gratuito. Tema: “La educación prenatal en la era digital”Descubre cómo la tecnología transforma el acompañamiento a la gestante, promoviendo una preparación más consciente y centrada en la familia. Además, fortalece tus competencias en la atención prenatal y contribuye a [&hellip;]</p>
