
{"id":4670,"date":"2026-01-23T12:55:04","date_gmt":"2026-01-23T17:55:04","guid":{"rendered":"https:\/\/posgrado.uwiener.edu.pe\/actividades\/?post_type=evento&#038;p=4670"},"modified":"2026-01-23T12:55:05","modified_gmt":"2026-01-23T17:55:05","slug":"webinar-psicologia-clinica-frente-a-los-desafios-actuales-de-la-salud-mental","status":"publish","type":"evento","link":"https:\/\/posgrado.uwiener.edu.pe\/actividades\/evento\/webinar-psicologia-clinica-frente-a-los-desafios-actuales-de-la-salud-mental\/","title":{"rendered":"Webinar: Psicolog\u00eda Cl\u00ednica frente a los desaf\u00edos actuales de la salud mental"},"content":{"rendered":"\n<p>Conoce m\u00e1s sobre la <strong>Segunda Especialidad en Psicolog\u00eda Cl\u00ednica<\/strong> en nuestro <strong>webinar gratuito<\/strong>.<\/p>\n\n\n\n<p><strong><em>Tema:<\/em><\/strong><em> <strong>Psicolog\u00eda Cl\u00ednica frente a los desaf\u00edos actuales de la salud mental<\/strong><\/em><br>Descubre c\u00f3mo esta especialidad fortalece tu formaci\u00f3n profesional frente a los desaf\u00edos actuales de la salud mental, abordando las nuevas demandas psicol\u00f3gicas que surgen en contextos de crisis social, sanitaria y emocional, y ampliando tus competencias para brindar intervenciones psicol\u00f3gicas oportunas y de calidad.<\/p>\n\n\n\n<p>\ud83d\udcc5 <strong>Fecha: <\/strong>28 de enero<br>\ud83d\udd56 <strong>Hora: <\/strong>8:00 p. m.<br>\ud83c\udf10 <strong>Transmisi\u00f3n:<\/strong> Zoom + Facebook Live<br>\ud83c\udf99 <strong>Ponente: <\/strong>Erica Vargas Tantalean &#8211; Psic\u00f3loga en el Centro de Salud Mental Comunitario de San Borja<\/p>\n\n\n\n<p>\ud83d\udd17 <strong>Inscr\u00edbete aqu\u00ed y asegura tu acceso: <\/strong><a href=\"https:\/\/tinyurl.com\/4b7pnvxj\" target=\"_blank\" rel=\"noopener\">https:\/\/tinyurl.com\/4b7pnvxj<\/a><\/p>\n\n\n\n<p><em>Potencia tu desarrollo profesional en el campo de la psicolog\u00eda cl\u00ednica.<\/em><\/p>\n\n\n\n<p><\/p>\n","protected":false},"excerpt":{"rendered":"<p>Conoce m\u00e1s sobre la Segunda Especialidad en Psicolog\u00eda Cl\u00ednica en nuestro webinar gratuito. Tema: Psicolog\u00eda Cl\u00ednica frente a los desaf\u00edos actuales de la salud mentalDescubre c\u00f3mo esta especialidad fortalece tu formaci\u00f3n profesional frente a los desaf\u00edos actuales de la salud mental, abordando las nuevas demandas psicol\u00f3gicas que surgen en contextos de crisis social, sanitaria y [&hellip;]<\/p>\n","protected":false},"featured_media":0,"parent":0,"template":"","categoria-eventos":[17,44],"class_list":["post-4670","evento","type-evento","status-publish","hentry","categoria-eventos-videoconferencias","categoria-eventos-webinar-gratuito"],"custom_fields_data":{"inline_featured_image":["0"],"hcf_post_fecha":["2026-01-28"],"hcf_post_timeI":["20:00"],"hcf_post_timeF":["21:00"],"hcf_post_lugar":["Posgrado Norbert Wiener - Facebook Live"],"hcf_post_ingreso":[""],"hcf_post_recomendados":[""],"hcf_post_anexos":[""],"hcf_post_email":[""],"hcf_post_url_face":[""],"hcf_fecha_blog":[""],"hcf_destacado_blog":[""],"hcf_imagenes":["a:0:{}"],"hcf_thumb_500":["https:\/\/posgrado.uwiener.edu.pe\/actividades\/wp-content\/uploads\/2025\/07\/500x82-1.png"],"hcf_thumb_1600":["https:\/\/posgrado.uwiener.edu.pe\/actividades\/wp-content\/uploads\/2025\/07\/1920x314-1.png"],"hcf_destacada":["https:\/\/posgrado.uwiener.edu.pe\/actividades\/wp-content\/uploads\/2025\/07\/1200x628-1.png"],"_edit_lock":["1769190960:5"],"rank_math_internal_links_processed":["1"],"rank_math_seo_score":["12"],"_edit_last":["5"]},"_links":{"self":[{"href":"https:\/\/posgrado.uwiener.edu.pe\/actividades\/wp-json\/wp\/v2\/evento\/4670"}],"collection":[{"href":"https:\/\/posgrado.uwiener.edu.pe\/actividades\/wp-json\/wp\/v2\/evento"}],"about":[{"href":"https:\/\/posgrado.uwiener.edu.pe\/actividades\/wp-json\/wp\/v2\/types\/evento"}],"wp:attachment":[{"href":"https:\/\/posgrado.uwiener.edu.pe\/actividades\/wp-json\/wp\/v2\/media?parent=4670"}],"wp:term":[{"taxonomy":"categoria-eventos","embeddable":true,"href":"https:\/\/posgrado.uwiener.edu.pe\/actividades\/wp-json\/wp\/v2\/categoria-eventos?post=4670"}],"curies":[{"name":"wp","href":"https:\/\/api.w.org\/{rel}","templated":true}]}}

Webinar: Psicología Clínica frente a los desafíos actuales de la salud mental

<p>Conoce más sobre la <strong>Segunda Especialidad en Psicología Clínica</strong> en nuestro <strong>webinar gratuito</strong>.</p>



<p><strong><em>Tema:</em></strong><em> <strong>Psicología Clínica frente a los desafíos actuales de la salud mental</strong></em><br>Descubre cómo esta especialidad fortalece tu formación profesional frente a los desafíos actuales de la salud mental, abordando las nuevas demandas psicológicas que surgen en contextos de crisis social, sanitaria y emocional, y ampliando tus competencias para brindar intervenciones psicológicas oportunas y de calidad.</p>



<p>📅 <strong>Fecha: </strong>28 de enero<br>🕖 <strong>Hora: </strong>8:00 p. m.<br>🌐 <strong>Transmisión:</strong> Zoom + Facebook Live<br>🎙 <strong>Ponente: </strong>Erica Vargas Tantalean &#8211; Psicóloga en el Centro de Salud Mental Comunitario de San Borja</p>



<p>🔗 <strong>Inscríbete aquí y asegura tu acceso: </strong><a href="https://tinyurl.com/4b7pnvxj" target="_blank" rel="noopener">https://tinyurl.com/4b7pnvxj</a></p>



<p><em>Potencia tu desarrollo profesional en el campo de la psicología clínica.</em></p>



<p></p>

<p>Conoce más sobre la Segunda Especialidad en Psicología Clínica en nuestro webinar gratuito. Tema: Psicología Clínica frente a los desafíos actuales de la salud mentalDescubre cómo esta especialidad fortalece tu formación profesional frente a los desafíos actuales de la salud mental, abordando las nuevas demandas psicológicas que surgen en contextos de crisis social, sanitaria y [&hellip;]</p>
