
{"id":4767,"date":"2026-03-31T15:55:13","date_gmt":"2026-03-31T20:55:13","guid":{"rendered":"https:\/\/posgrado.uwiener.edu.pe\/actividades\/?post_type=evento&#038;p=4767"},"modified":"2026-04-01T17:36:57","modified_gmt":"2026-04-01T22:36:57","slug":"charla-informativa-maestria-en-gestion-del-talento-humano-y-liderazgo-organizacional","status":"publish","type":"evento","link":"https:\/\/posgrado.uwiener.edu.pe\/actividades\/evento\/charla-informativa-maestria-en-gestion-del-talento-humano-y-liderazgo-organizacional\/","title":{"rendered":"Charla Informativa: Maestr\u00eda en Gesti\u00f3n del Talento Humano y Liderazgo Organizacional"},"content":{"rendered":"\n<p>Conoce m\u00e1s sobre la <strong>Maestr\u00eda en Gesti\u00f3n del Talento Humano y Liderazgo Organizacional<\/strong> en nuestra charla informativa gratuita.<\/p>\n\n\n\n<p>Descubre c\u00f3mo esta maestr\u00eda fortalecer\u00e1 tus competencias en liderazgo, gesti\u00f3n estrat\u00e9gica del talento y desarrollo organizacional, permiti\u00e9ndote impulsar equipos de alto rendimiento y tomar decisiones efectivas en entornos empresariales.<\/p>\n\n\n\n<p>\ud83d\udcc5 <strong>Fecha:<\/strong> <strong>8 de abril<\/strong><br>\ud83d\udd52 <strong>Hora:<\/strong> 7:00 p. m.<br>\ud83d\udcbb <strong>Transmisi\u00f3n:<\/strong> Zoom<br>\ud83c\udf99 <strong>Ponente:<\/strong> Maria del Carmen Portocarrero \u2013 CEO y Directora Ejecutiva de Inspira Group<\/p>\n\n\n\n<p>\ud83d\udd17 <strong>Inscr\u00edbete aqu\u00ed y asegura tu acceso:<\/strong> <a href=\"https:\/\/tinyurl.com\/3v3asuz6\" target=\"_blank\" rel=\"noopener\">https:\/\/tinyurl.com\/3v3asuz6<\/a><\/p>\n\n\n\n<p>Potencia tu desarrollo profesional en la gesti\u00f3n del talento humano y liderazgo organizacional.<\/p>\n","protected":false},"excerpt":{"rendered":"<p>Conoce m\u00e1s sobre la Maestr\u00eda en Gesti\u00f3n del Talento Humano y Liderazgo Organizacional en nuestra charla informativa gratuita. Descubre c\u00f3mo esta maestr\u00eda fortalecer\u00e1 tus competencias en liderazgo, gesti\u00f3n estrat\u00e9gica del talento y desarrollo organizacional, permiti\u00e9ndote impulsar equipos de alto rendimiento y tomar decisiones efectivas en entornos empresariales. \ud83d\udcc5 Fecha: 8 de abril\ud83d\udd52 Hora: 7:00 p. [&hellip;]<\/p>\n","protected":false},"featured_media":0,"parent":0,"template":"","categoria-eventos":[17],"class_list":["post-4767","evento","type-evento","status-publish","hentry","categoria-eventos-videoconferencias"],"custom_fields_data":{"inline_featured_image":["0"],"hcf_post_fecha":["2026-04-08"],"hcf_post_timeI":["19:00"],"hcf_post_timeF":["20:00"],"hcf_post_lugar":["Posgrado Norbert Wiener - Zoom"],"hcf_post_ingreso":[""],"hcf_post_recomendados":[""],"hcf_post_anexos":[""],"hcf_post_email":[""],"hcf_post_url_face":[""],"hcf_fecha_blog":[""],"hcf_destacado_blog":[""],"hcf_imagenes":["a:0:{}"],"hcf_thumb_500":[""],"hcf_thumb_1600":["https:\/\/posgrado.uwiener.edu.pe\/actividades\/wp-content\/uploads\/2026\/03\/1920-x-550px-4-1.png"],"hcf_destacada":["https:\/\/posgrado.uwiener.edu.pe\/actividades\/wp-content\/uploads\/2026\/03\/845-x-350px-4.png"],"_edit_lock":["1775083094:5"],"rank_math_internal_links_processed":["1"],"rank_math_seo_score":["9"],"_edit_last":["5"]},"_links":{"self":[{"href":"https:\/\/posgrado.uwiener.edu.pe\/actividades\/wp-json\/wp\/v2\/evento\/4767"}],"collection":[{"href":"https:\/\/posgrado.uwiener.edu.pe\/actividades\/wp-json\/wp\/v2\/evento"}],"about":[{"href":"https:\/\/posgrado.uwiener.edu.pe\/actividades\/wp-json\/wp\/v2\/types\/evento"}],"wp:attachment":[{"href":"https:\/\/posgrado.uwiener.edu.pe\/actividades\/wp-json\/wp\/v2\/media?parent=4767"}],"wp:term":[{"taxonomy":"categoria-eventos","embeddable":true,"href":"https:\/\/posgrado.uwiener.edu.pe\/actividades\/wp-json\/wp\/v2\/categoria-eventos?post=4767"}],"curies":[{"name":"wp","href":"https:\/\/api.w.org\/{rel}","templated":true}]}}

Charla Informativa: Maestría en Gestión del Talento Humano y Liderazgo Organizacional

<p>Conoce más sobre la <strong>Maestría en Gestión del Talento Humano y Liderazgo Organizacional</strong> en nuestra charla informativa gratuita.</p>



<p>Descubre cómo esta maestría fortalecerá tus competencias en liderazgo, gestión estratégica del talento y desarrollo organizacional, permitiéndote impulsar equipos de alto rendimiento y tomar decisiones efectivas en entornos empresariales.</p>



<p>📅 <strong>Fecha:</strong> <strong>8 de abril</strong><br>🕒 <strong>Hora:</strong> 7:00 p. m.<br>💻 <strong>Transmisión:</strong> Zoom<br>🎙 <strong>Ponente:</strong> Maria del Carmen Portocarrero – CEO y Directora Ejecutiva de Inspira Group</p>



<p>🔗 <strong>Inscríbete aquí y asegura tu acceso:</strong> <a href="https://tinyurl.com/3v3asuz6" target="_blank" rel="noopener">https://tinyurl.com/3v3asuz6</a></p>



<p>Potencia tu desarrollo profesional en la gestión del talento humano y liderazgo organizacional.</p>

<p>Conoce más sobre la Maestría en Gestión del Talento Humano y Liderazgo Organizacional en nuestra charla informativa gratuita. Descubre cómo esta maestría fortalecerá tus competencias en liderazgo, gestión estratégica del talento y desarrollo organizacional, permitiéndote impulsar equipos de alto rendimiento y tomar decisiones efectivas en entornos empresariales. 📅 Fecha: 8 de abril🕒 Hora: 7:00 p. [&hellip;]</p>
