
{"id":4770,"date":"2026-03-31T15:59:10","date_gmt":"2026-03-31T20:59:10","guid":{"rendered":"https:\/\/posgrado.uwiener.edu.pe\/actividades\/?post_type=evento&#038;p=4770"},"modified":"2026-04-01T17:43:28","modified_gmt":"2026-04-01T22:43:28","slug":"charla-informativa-maestria-en-direccion-de-operaciones-y-logistica-global","status":"publish","type":"evento","link":"https:\/\/posgrado.uwiener.edu.pe\/actividades\/evento\/charla-informativa-maestria-en-direccion-de-operaciones-y-logistica-global\/","title":{"rendered":"Charla Informativa: Maestr\u00eda en Direcci\u00f3n de Operaciones y Log\u00edstica Global"},"content":{"rendered":"\n<p>Conoce m\u00e1s sobre la<strong> Maestr\u00eda en Direcci\u00f3n de Operaciones y Log\u00edstica Global<\/strong> en nuestra charla informativa gratuita.<\/p>\n\n\n\n<p>Descubre c\u00f3mo esta maestr\u00eda fortalecer\u00e1 tus competencias en gesti\u00f3n de operaciones, log\u00edstica internacional y toma de decisiones estrat\u00e9gicas, permiti\u00e9ndote optimizar procesos y liderar cadenas de suministro en entornos globales.<\/p>\n\n\n\n<p>\ud83d\udcc5 <strong>Fecha: 16 de abril<\/strong><br>\ud83d\udd52 <strong>Hora:<\/strong> 6:00 p. m.<br>\ud83d\udcbb <strong>Transmisi\u00f3n:<\/strong> Zoom<br>\ud83c\udf99 <strong>Ponente:<\/strong> Carlos Garc\u00eda &#8211; Le\u00f3n Mattos \u2013 Director Gerente \u2013 Unidad de Negocio de Carga A\u00e9rea, Talma<\/p>\n\n\n\n<p>\ud83d\udd17 <strong>Inscr\u00edbete aqu\u00ed y asegura tu acceso:<\/strong> <a href=\"https:\/\/tinyurl.com\/4jcxua3e\" target=\"_blank\" rel=\"noopener\">https:\/\/tinyurl.com\/4jcxua3e<\/a><\/p>\n\n\n\n<p>Potencia tu desarrollo profesional en la gesti\u00f3n de operaciones y log\u00edstica global.<\/p>\n","protected":false},"excerpt":{"rendered":"<p>Conoce m\u00e1s sobre la Maestr\u00eda en Direcci\u00f3n de Operaciones y Log\u00edstica Global en nuestra charla informativa gratuita. Descubre c\u00f3mo esta maestr\u00eda fortalecer\u00e1 tus competencias en gesti\u00f3n de operaciones, log\u00edstica internacional y toma de decisiones estrat\u00e9gicas, permiti\u00e9ndote optimizar procesos y liderar cadenas de suministro en entornos globales. \ud83d\udcc5 Fecha: 16 de abril\ud83d\udd52 Hora: 6:00 p. m.\ud83d\udcbb [&hellip;]<\/p>\n","protected":false},"featured_media":0,"parent":0,"template":"","categoria-eventos":[17],"class_list":["post-4770","evento","type-evento","status-publish","hentry","categoria-eventos-videoconferencias"],"custom_fields_data":{"inline_featured_image":["0"],"hcf_post_fecha":["2026-04-16"],"hcf_post_timeI":["18:00"],"hcf_post_timeF":["19:00"],"hcf_post_lugar":["Posgrado Norbert Wiener - Zoom"],"hcf_post_ingreso":[""],"hcf_post_recomendados":[""],"hcf_post_anexos":[""],"hcf_post_email":[""],"hcf_post_url_face":[""],"hcf_fecha_blog":[""],"hcf_destacado_blog":[""],"hcf_imagenes":["a:0:{}"],"hcf_thumb_500":[""],"hcf_thumb_1600":["https:\/\/posgrado.uwiener.edu.pe\/actividades\/wp-content\/uploads\/2026\/03\/1920-x-550px-6.png"],"hcf_destacada":["https:\/\/posgrado.uwiener.edu.pe\/actividades\/wp-content\/uploads\/2026\/03\/845-x-350px-6.png"],"_edit_lock":["1775083428:5"],"rank_math_internal_links_processed":["1"],"rank_math_seo_score":["8"],"_edit_last":["5"]},"_links":{"self":[{"href":"https:\/\/posgrado.uwiener.edu.pe\/actividades\/wp-json\/wp\/v2\/evento\/4770"}],"collection":[{"href":"https:\/\/posgrado.uwiener.edu.pe\/actividades\/wp-json\/wp\/v2\/evento"}],"about":[{"href":"https:\/\/posgrado.uwiener.edu.pe\/actividades\/wp-json\/wp\/v2\/types\/evento"}],"wp:attachment":[{"href":"https:\/\/posgrado.uwiener.edu.pe\/actividades\/wp-json\/wp\/v2\/media?parent=4770"}],"wp:term":[{"taxonomy":"categoria-eventos","embeddable":true,"href":"https:\/\/posgrado.uwiener.edu.pe\/actividades\/wp-json\/wp\/v2\/categoria-eventos?post=4770"}],"curies":[{"name":"wp","href":"https:\/\/api.w.org\/{rel}","templated":true}]}}

Charla Informativa: Maestría en Dirección de Operaciones y Logística Global

<p>Conoce más sobre la<strong> Maestría en Dirección de Operaciones y Logística Global</strong> en nuestra charla informativa gratuita.</p>



<p>Descubre cómo esta maestría fortalecerá tus competencias en gestión de operaciones, logística internacional y toma de decisiones estratégicas, permitiéndote optimizar procesos y liderar cadenas de suministro en entornos globales.</p>



<p>📅 <strong>Fecha: 16 de abril</strong><br>🕒 <strong>Hora:</strong> 6:00 p. m.<br>💻 <strong>Transmisión:</strong> Zoom<br>🎙 <strong>Ponente:</strong> Carlos García &#8211; León Mattos – Director Gerente – Unidad de Negocio de Carga Aérea, Talma</p>



<p>🔗 <strong>Inscríbete aquí y asegura tu acceso:</strong> <a href="https://tinyurl.com/4jcxua3e" target="_blank" rel="noopener">https://tinyurl.com/4jcxua3e</a></p>



<p>Potencia tu desarrollo profesional en la gestión de operaciones y logística global.</p>

<p>Conoce más sobre la Maestría en Dirección de Operaciones y Logística Global en nuestra charla informativa gratuita. Descubre cómo esta maestría fortalecerá tus competencias en gestión de operaciones, logística internacional y toma de decisiones estratégicas, permitiéndote optimizar procesos y liderar cadenas de suministro en entornos globales. 📅 Fecha: 16 de abril🕒 Hora: 6:00 p. m.💻 [&hellip;]</p>
