
{"id":4790,"date":"2026-04-06T12:24:26","date_gmt":"2026-04-06T17:24:26","guid":{"rendered":"https:\/\/posgrado.uwiener.edu.pe\/actividades\/?post_type=evento&#038;p=4790"},"modified":"2026-04-06T12:55:47","modified_gmt":"2026-04-06T17:55:47","slug":"charla-informativa-segunda-especialidad-en-fisioterapia-cardiorrespiratoria","status":"publish","type":"evento","link":"https:\/\/posgrado.uwiener.edu.pe\/actividades\/evento\/charla-informativa-segunda-especialidad-en-fisioterapia-cardiorrespiratoria\/","title":{"rendered":"Charla Informativa: Segunda Especialidad en Fisioterapia Cardiorrespiratoria"},"content":{"rendered":"\n<p>Te invitamos a la charla informativa de la&nbsp;<strong>Segunda Especialidad en Fisioterapia Cardiorrespiratoria<\/strong>.&nbsp;Ingresa y descubre c\u00f3mo evaluar disfunciones cardiorrespiratorias y aplicar t\u00e9cnicas de terapia respiratoria que aseguren la recuperaci\u00f3n integral del paciente.&nbsp;<br>\ud83c\udf10 Transmisi\u00f3n: Zoom + Facebook Live<br>\ud83c\udf99 Ponentes:<\/p>\n\n\n\n<ul class=\"wp-block-list\">\n<li><strong>Mag.&nbsp;Marleny Auris Quispe<\/strong>,&nbsp;Coordinadora del programa&nbsp;de&nbsp;Segunda Especialidad&nbsp;en Fisioterapia&nbsp;Cardiorrespiratoria.&nbsp;<\/li>\n\n\n\n<li><strong>Mag.&nbsp;Abrahan&nbsp;Munarriz Ticona<\/strong>,&nbsp;Fisioterapeuta en la UCI de Emergencias CELIM del Hospital Edgardo Rebagliati&nbsp;Martins&nbsp;&#8211; EsSalud&nbsp;<\/li>\n<\/ul>\n\n\n\n<p>\ud83d\udd17 Inscr\u00edbete aqu\u00ed y asegura tu acceso: <a href=\"https:\/\/bit.ly\/4c7zdvT\" target=\"_blank\" rel=\"noopener\">https:\/\/bit.ly\/4c7zdvT<\/a><\/p>\n\n\n\n<p><\/p>\n","protected":false},"excerpt":{"rendered":"<p>Te invitamos a la charla informativa de la&nbsp;Segunda Especialidad en Fisioterapia Cardiorrespiratoria.&nbsp;Ingresa y descubre c\u00f3mo evaluar disfunciones cardiorrespiratorias y aplicar t\u00e9cnicas de terapia respiratoria que aseguren la recuperaci\u00f3n integral del paciente.&nbsp;\ud83c\udf10 Transmisi\u00f3n: Zoom + Facebook Live\ud83c\udf99 Ponentes: \ud83d\udd17 Inscr\u00edbete aqu\u00ed y asegura tu acceso: https:\/\/bit.ly\/4c7zdvT<\/p>\n","protected":false},"featured_media":0,"parent":0,"template":"","categoria-eventos":[17],"class_list":["post-4790","evento","type-evento","status-publish","hentry","categoria-eventos-videoconferencias"],"custom_fields_data":{"inline_featured_image":["0"],"hcf_post_fecha":["2026-04-08"],"hcf_post_timeI":["19:30"],"hcf_post_timeF":["20:30"],"hcf_post_lugar":["Posgrado Norbert Wiener - Zoom"],"hcf_post_ingreso":[""],"hcf_post_recomendados":[""],"hcf_post_anexos":[""],"hcf_post_email":[""],"hcf_post_url_face":[""],"hcf_fecha_blog":[""],"hcf_destacado_blog":[""],"hcf_imagenes":["a:0:{}"],"hcf_thumb_500":["https:\/\/posgrado.uwiener.edu.pe\/actividades\/wp-content\/uploads\/2025\/04\/500x82px.png"],"hcf_thumb_1600":["https:\/\/posgrado.uwiener.edu.pe\/actividades\/wp-content\/uploads\/2025\/04\/1920-x-314px.png"],"hcf_destacada":["https:\/\/posgrado.uwiener.edu.pe\/actividades\/wp-content\/uploads\/2025\/04\/1200px_628px.png"],"_edit_lock":["1775505726:5"],"rank_math_internal_links_processed":["1"],"rank_math_seo_score":["8"],"_edit_last":["5"]},"_links":{"self":[{"href":"https:\/\/posgrado.uwiener.edu.pe\/actividades\/wp-json\/wp\/v2\/evento\/4790"}],"collection":[{"href":"https:\/\/posgrado.uwiener.edu.pe\/actividades\/wp-json\/wp\/v2\/evento"}],"about":[{"href":"https:\/\/posgrado.uwiener.edu.pe\/actividades\/wp-json\/wp\/v2\/types\/evento"}],"wp:attachment":[{"href":"https:\/\/posgrado.uwiener.edu.pe\/actividades\/wp-json\/wp\/v2\/media?parent=4790"}],"wp:term":[{"taxonomy":"categoria-eventos","embeddable":true,"href":"https:\/\/posgrado.uwiener.edu.pe\/actividades\/wp-json\/wp\/v2\/categoria-eventos?post=4790"}],"curies":[{"name":"wp","href":"https:\/\/api.w.org\/{rel}","templated":true}]}}

<p>Te invitamos a la charla informativa de la&nbsp;<strong>Segunda Especialidad en Fisioterapia Cardiorrespiratoria</strong>.&nbsp;Ingresa y descubre cómo evaluar disfunciones cardiorrespiratorias y aplicar técnicas de terapia respiratoria que aseguren la recuperación integral del paciente.&nbsp;<br>🌐 Transmisión: Zoom + Facebook Live<br>🎙 Ponentes:</p>



<ul class="wp-block-list">
<li><strong>Mag.&nbsp;Marleny Auris Quispe</strong>,&nbsp;Coordinadora del programa&nbsp;de&nbsp;Segunda Especialidad&nbsp;en Fisioterapia&nbsp;Cardiorrespiratoria.&nbsp;</li>



<li><strong>Mag.&nbsp;Abrahan&nbsp;Munarriz Ticona</strong>,&nbsp;Fisioterapeuta en la UCI de Emergencias CELIM del Hospital Edgardo Rebagliati&nbsp;Martins&nbsp;&#8211; EsSalud&nbsp;</li>
</ul>



<p>🔗 Inscríbete aquí y asegura tu acceso: <a href="https://bit.ly/4c7zdvT" target="_blank" rel="noopener">https://bit.ly/4c7zdvT</a></p>



<p></p>

<p>Te invitamos a la charla informativa de la&nbsp;Segunda Especialidad en Fisioterapia Cardiorrespiratoria.&nbsp;Ingresa y descubre cómo evaluar disfunciones cardiorrespiratorias y aplicar técnicas de terapia respiratoria que aseguren la recuperación integral del paciente.&nbsp;🌐 Transmisión: Zoom + Facebook Live🎙 Ponentes: 🔗 Inscríbete aquí y asegura tu acceso: https://bit.ly/4c7zdvT</p>
