
{"id":4798,"date":"2026-04-06T15:26:24","date_gmt":"2026-04-06T20:26:24","guid":{"rendered":"https:\/\/posgrado.uwiener.edu.pe\/actividades\/?post_type=evento&#038;p=4798"},"modified":"2026-04-06T15:26:40","modified_gmt":"2026-04-06T20:26:40","slug":"charla-informativa-segunda-especialidad-en-asuntos-regulatorios-en-el-sector-farmaceutico-2","status":"publish","type":"evento","link":"https:\/\/posgrado.uwiener.edu.pe\/actividades\/evento\/charla-informativa-segunda-especialidad-en-asuntos-regulatorios-en-el-sector-farmaceutico-2\/","title":{"rendered":"Charla informativa: Segunda Especialidad en Asuntos Regulatorios en el Sector Farmac\u00e9utico"},"content":{"rendered":"\n<p>Te invitamos a la charla informativa de la<strong> Segunda Especialidad en Asuntos Regulatorios en el Sector Farmac\u00e9utico.<\/strong> Ingresa y descubre c\u00f3mo fortalecer tu perfil profesional en la gesti\u00f3n de procesos regulatorios, el cumplimiento de normativas nacionales e internacionales y la garant\u00eda de calidad, seguridad y eficacia de productos farmac\u00e9uticos. <\/p>\n\n\n\n<p><strong>\ud83c\udf10 Transmisi\u00f3n: <\/strong>Zoom + Facebook Live<\/p>\n\n\n\n<p>\ud83c\udf99 <strong>Ponente: Mag. Robert C\u00e1rdenas Orihuela<\/strong>, Docente coordinador de la Segunda Especialidad en Asuntos Regulatorios en el Sector Farmac\u00e9utico.<\/p>\n\n\n\n<p>\ud83d\udd17 Inscr\u00edbete aqu\u00ed y asegura tu acceso: <a href=\"https:\/\/tinyurl.com\/5cywbmyk\" target=\"_blank\" rel=\"noopener\">https:\/\/tinyurl.com\/5cywbmyk<\/a><\/p>\n","protected":false},"excerpt":{"rendered":"<p>Te invitamos a la charla informativa de la Segunda Especialidad en Asuntos Regulatorios en el Sector Farmac\u00e9utico. Ingresa y descubre c\u00f3mo fortalecer tu perfil profesional en la gesti\u00f3n de procesos regulatorios, el cumplimiento de normativas nacionales e internacionales y la garant\u00eda de calidad, seguridad y eficacia de productos farmac\u00e9uticos. \ud83c\udf10 Transmisi\u00f3n: Zoom + Facebook Live [&hellip;]<\/p>\n","protected":false},"featured_media":0,"parent":0,"template":"","categoria-eventos":[17],"class_list":["post-4798","evento","type-evento","status-publish","hentry","categoria-eventos-videoconferencias"],"custom_fields_data":{"inline_featured_image":["0"],"hcf_post_fecha":["2026-03-10"],"hcf_post_timeI":["18:00"],"hcf_post_timeF":["19:00"],"hcf_post_lugar":["Posgrado Norbert Wiener - Zoom"],"hcf_post_ingreso":[""],"hcf_post_recomendados":[""],"hcf_post_anexos":[""],"hcf_post_email":[""],"hcf_post_url_face":[""],"hcf_fecha_blog":[""],"hcf_destacado_blog":[""],"hcf_imagenes":["a:0:{}"],"hcf_thumb_500":["https:\/\/posgrado.uwiener.edu.pe\/actividades\/wp-content\/uploads\/2025\/02\/500x82_asuntos.jpg"],"hcf_thumb_1600":["https:\/\/posgrado.uwiener.edu.pe\/actividades\/wp-content\/uploads\/2025\/02\/1920x314_asuntos.jpg"],"hcf_destacada":["https:\/\/posgrado.uwiener.edu.pe\/actividades\/wp-content\/uploads\/2025\/02\/1200x628_asuntos.jpg"],"_edit_lock":["1775507201:5"],"rank_math_internal_links_processed":["1"],"rank_math_seo_score":["8"],"_edit_last":["5"]},"_links":{"self":[{"href":"https:\/\/posgrado.uwiener.edu.pe\/actividades\/wp-json\/wp\/v2\/evento\/4798"}],"collection":[{"href":"https:\/\/posgrado.uwiener.edu.pe\/actividades\/wp-json\/wp\/v2\/evento"}],"about":[{"href":"https:\/\/posgrado.uwiener.edu.pe\/actividades\/wp-json\/wp\/v2\/types\/evento"}],"wp:attachment":[{"href":"https:\/\/posgrado.uwiener.edu.pe\/actividades\/wp-json\/wp\/v2\/media?parent=4798"}],"wp:term":[{"taxonomy":"categoria-eventos","embeddable":true,"href":"https:\/\/posgrado.uwiener.edu.pe\/actividades\/wp-json\/wp\/v2\/categoria-eventos?post=4798"}],"curies":[{"name":"wp","href":"https:\/\/api.w.org\/{rel}","templated":true}]}}

Charla informativa: Segunda Especialidad en Asuntos Regulatorios en el Sector Farmacéutico

<p>Te invitamos a la charla informativa de la<strong> Segunda Especialidad en Asuntos Regulatorios en el Sector Farmacéutico.</strong> Ingresa y descubre cómo fortalecer tu perfil profesional en la gestión de procesos regulatorios, el cumplimiento de normativas nacionales e internacionales y la garantía de calidad, seguridad y eficacia de productos farmacéuticos. </p>



<p><strong>🌐 Transmisión: </strong>Zoom + Facebook Live</p>



<p>🎙 <strong>Ponente: Mag. Robert Cárdenas Orihuela</strong>, Docente coordinador de la Segunda Especialidad en Asuntos Regulatorios en el Sector Farmacéutico.</p>



<p>🔗 Inscríbete aquí y asegura tu acceso: <a href="https://tinyurl.com/5cywbmyk" target="_blank" rel="noopener">https://tinyurl.com/5cywbmyk</a></p>

<p>Te invitamos a la charla informativa de la Segunda Especialidad en Asuntos Regulatorios en el Sector Farmacéutico. Ingresa y descubre cómo fortalecer tu perfil profesional en la gestión de procesos regulatorios, el cumplimiento de normativas nacionales e internacionales y la garantía de calidad, seguridad y eficacia de productos farmacéuticos. 🌐 Transmisión: Zoom + Facebook Live [&hellip;]</p>
