
{"id":4799,"date":"2026-04-06T15:34:18","date_gmt":"2026-04-06T20:34:18","guid":{"rendered":"https:\/\/posgrado.uwiener.edu.pe\/actividades\/?post_type=evento&#038;p=4799"},"modified":"2026-04-06T15:36:11","modified_gmt":"2026-04-06T20:36:11","slug":"charla-informativa-segunda-especialidad-en-nutricion-clinica-con-mencion-en-nutricion-renal","status":"publish","type":"evento","link":"https:\/\/posgrado.uwiener.edu.pe\/actividades\/evento\/charla-informativa-segunda-especialidad-en-nutricion-clinica-con-mencion-en-nutricion-renal\/","title":{"rendered":"Charla informativa: Segunda Especialidad en Nutrici\u00f3n Cl\u00ednica con menci\u00f3n en Nutrici\u00f3n Renal"},"content":{"rendered":"\n<p>Te invitamos a la charla informativa de la <strong>Segunda Especialidad en Nutrici\u00f3n Cl\u00ednica con menci\u00f3n en Nutrici\u00f3n Renal<\/strong>. Ingresa y descubre c\u00f3mo fortalecer tu formaci\u00f3n profesional en la evaluaci\u00f3n, diagn\u00f3stico e intervenci\u00f3n nutricional del paciente con enfermedad renal. <\/p>\n\n\n\n<p><strong>\ud83c\udf10 Transmisi\u00f3n: <\/strong>Zoom + Facebook Live<br>\ud83c\udf99 <strong>Ponente: Mag. Evelyn Luque Casta\u00f1eda<\/strong>, Docente coordinadora de la Segunda Especialidad en Nutrici\u00f3n Cl\u00ednica con menci\u00f3n en Nutrici\u00f3n Renal. <\/p>\n\n\n\n<p>\ud83d\udd17 Inscr\u00edbete aqu\u00ed y asegura tu acceso: <a href=\"https:\/\/tinyurl.com\/yzn4f2n8\" target=\"_blank\" rel=\"noopener\">https:\/\/tinyurl.com\/yzn4f2n8<\/a><\/p>\n","protected":false},"excerpt":{"rendered":"<p>Te invitamos a la charla informativa de la Segunda Especialidad en Nutrici\u00f3n Cl\u00ednica con menci\u00f3n en Nutrici\u00f3n Renal. Ingresa y descubre c\u00f3mo fortalecer tu formaci\u00f3n profesional en la evaluaci\u00f3n, diagn\u00f3stico e intervenci\u00f3n nutricional del paciente con enfermedad renal. \ud83c\udf10 Transmisi\u00f3n: Zoom + Facebook Live\ud83c\udf99 Ponente: Mag. Evelyn Luque Casta\u00f1eda, Docente coordinadora de la Segunda Especialidad [&hellip;]<\/p>\n","protected":false},"featured_media":0,"parent":0,"template":"","categoria-eventos":[17],"class_list":["post-4799","evento","type-evento","status-publish","hentry","categoria-eventos-videoconferencias"],"custom_fields_data":{"inline_featured_image":["0"],"hcf_post_fecha":["2026-03-11"],"hcf_post_timeI":["19:00"],"hcf_post_timeF":["20:00"],"hcf_post_lugar":["Posgrado Norbert Wiener - Zoom"],"hcf_post_ingreso":[""],"hcf_post_recomendados":[""],"hcf_post_anexos":[""],"hcf_post_email":[""],"hcf_post_url_face":[""],"hcf_fecha_blog":[""],"hcf_destacado_blog":[""],"hcf_imagenes":["a:0:{}"],"hcf_thumb_500":["https:\/\/posgrado.uwiener.edu.pe\/actividades\/wp-content\/uploads\/2024\/04\/500px82px.jpg"],"hcf_thumb_1600":["https:\/\/posgrado.uwiener.edu.pe\/actividades\/wp-content\/uploads\/2024\/04\/1920-x-550px.png"],"hcf_destacada":["https:\/\/posgrado.uwiener.edu.pe\/actividades\/wp-content\/uploads\/2023\/07\/1200x628-32.jpg"],"_edit_lock":["1775507787:5"],"rank_math_internal_links_processed":["1"],"rank_math_seo_score":["8"],"_edit_last":["5"]},"_links":{"self":[{"href":"https:\/\/posgrado.uwiener.edu.pe\/actividades\/wp-json\/wp\/v2\/evento\/4799"}],"collection":[{"href":"https:\/\/posgrado.uwiener.edu.pe\/actividades\/wp-json\/wp\/v2\/evento"}],"about":[{"href":"https:\/\/posgrado.uwiener.edu.pe\/actividades\/wp-json\/wp\/v2\/types\/evento"}],"wp:attachment":[{"href":"https:\/\/posgrado.uwiener.edu.pe\/actividades\/wp-json\/wp\/v2\/media?parent=4799"}],"wp:term":[{"taxonomy":"categoria-eventos","embeddable":true,"href":"https:\/\/posgrado.uwiener.edu.pe\/actividades\/wp-json\/wp\/v2\/categoria-eventos?post=4799"}],"curies":[{"name":"wp","href":"https:\/\/api.w.org\/{rel}","templated":true}]}}

Charla informativa: Segunda Especialidad en Nutrición Clínica con mención en Nutrición Renal

<p>Te invitamos a la charla informativa de la <strong>Segunda Especialidad en Nutrición Clínica con mención en Nutrición Renal</strong>. Ingresa y descubre cómo fortalecer tu formación profesional en la evaluación, diagnóstico e intervención nutricional del paciente con enfermedad renal. </p>



<p><strong>🌐 Transmisión: </strong>Zoom + Facebook Live<br>🎙 <strong>Ponente: Mag. Evelyn Luque Castañeda</strong>, Docente coordinadora de la Segunda Especialidad en Nutrición Clínica con mención en Nutrición Renal. </p>



<p>🔗 Inscríbete aquí y asegura tu acceso: <a href="https://tinyurl.com/yzn4f2n8" target="_blank" rel="noopener">https://tinyurl.com/yzn4f2n8</a></p>

<p>Te invitamos a la charla informativa de la Segunda Especialidad en Nutrición Clínica con mención en Nutrición Renal. Ingresa y descubre cómo fortalecer tu formación profesional en la evaluación, diagnóstico e intervención nutricional del paciente con enfermedad renal. 🌐 Transmisión: Zoom + Facebook Live🎙 Ponente: Mag. Evelyn Luque Castañeda, Docente coordinadora de la Segunda Especialidad [&hellip;]</p>
