
{"id":4802,"date":"2026-04-06T16:07:25","date_gmt":"2026-04-06T21:07:25","guid":{"rendered":"https:\/\/posgrado.uwiener.edu.pe\/actividades\/?post_type=evento&#038;p=4802"},"modified":"2026-04-06T16:07:48","modified_gmt":"2026-04-06T21:07:48","slug":"charla-informativa-se-en-asuntos-regulatorios-en-el-sector-farmaceutico","status":"publish","type":"evento","link":"https:\/\/posgrado.uwiener.edu.pe\/actividades\/evento\/charla-informativa-se-en-asuntos-regulatorios-en-el-sector-farmaceutico\/","title":{"rendered":"Charla informativa: Segunda Especialidad en Asuntos Regulatorios en el Sector Farmac\u00e9utico"},"content":{"rendered":"\n<p>Conoce m\u00e1s sobre la <strong>Segunda Especialidad en Asuntos Regulatorios en el Sector Farmac\u00e9utico<\/strong> en nuestra charla informativa. Ingresa y descubre como fortalecer tu perfil profesional en gesti\u00f3n de registros sanitarios, cumplimiento normativo e interpretaci\u00f3n de normativas regulatorias nacionales e internacionales.<br><strong>\ud83c\udf10 Transmisi\u00f3n:<\/strong> Zoom + Facebook Live<br>\ud83c\udf99 <strong>Ponente: Robert C\u00e1rdenas Orihuela<\/strong>, docente coordinador de la Segunda Especialidad de Asuntos Regulatorios en el Sector Farmac\u00e9utico.<\/p>\n\n\n\n<p>\ud83d\udd17 Inscr\u00edbete aqu\u00ed y asegura tu acceso: <a href=\"https:\/\/tinyurl.com\/526ndczu\" target=\"_blank\" rel=\"noopener\">https:\/\/tinyurl.com\/526ndczu<\/a><\/p>\n","protected":false},"excerpt":{"rendered":"<p>Conoce m\u00e1s sobre la Segunda Especialidad en Asuntos Regulatorios en el Sector Farmac\u00e9utico en nuestra charla informativa. Ingresa y descubre como fortalecer tu perfil profesional en gesti\u00f3n de registros sanitarios, cumplimiento normativo e interpretaci\u00f3n de normativas regulatorias nacionales e internacionales.\ud83c\udf10 Transmisi\u00f3n: Zoom + Facebook Live\ud83c\udf99 Ponente: Robert C\u00e1rdenas Orihuela, docente coordinador de la Segunda Especialidad [&hellip;]<\/p>\n","protected":false},"featured_media":0,"parent":0,"template":"","categoria-eventos":[17],"class_list":["post-4802","evento","type-evento","status-publish","hentry","categoria-eventos-videoconferencias"],"custom_fields_data":{"inline_featured_image":["0"],"hcf_post_fecha":["2026-03-19"],"hcf_post_timeI":["18:00"],"hcf_post_timeF":["19:00"],"hcf_post_lugar":["Posgrado Norbert Wiener - Zoom"],"hcf_post_ingreso":[""],"hcf_post_recomendados":[""],"hcf_post_anexos":[""],"hcf_post_email":[""],"hcf_post_url_face":[""],"hcf_fecha_blog":[""],"hcf_destacado_blog":[""],"hcf_imagenes":["a:0:{}"],"hcf_thumb_500":["https:\/\/posgrado.uwiener.edu.pe\/actividades\/wp-content\/uploads\/2025\/02\/500x82_asuntos.jpg"],"hcf_thumb_1600":["https:\/\/posgrado.uwiener.edu.pe\/actividades\/wp-content\/uploads\/2025\/02\/1920x314_asuntos.jpg"],"hcf_destacada":["https:\/\/posgrado.uwiener.edu.pe\/actividades\/wp-content\/uploads\/2025\/02\/1200x628_asuntos.jpg"],"_edit_lock":["1775509669:5"],"rank_math_internal_links_processed":["1"],"rank_math_seo_score":["8"],"_edit_last":["5"]},"_links":{"self":[{"href":"https:\/\/posgrado.uwiener.edu.pe\/actividades\/wp-json\/wp\/v2\/evento\/4802"}],"collection":[{"href":"https:\/\/posgrado.uwiener.edu.pe\/actividades\/wp-json\/wp\/v2\/evento"}],"about":[{"href":"https:\/\/posgrado.uwiener.edu.pe\/actividades\/wp-json\/wp\/v2\/types\/evento"}],"wp:attachment":[{"href":"https:\/\/posgrado.uwiener.edu.pe\/actividades\/wp-json\/wp\/v2\/media?parent=4802"}],"wp:term":[{"taxonomy":"categoria-eventos","embeddable":true,"href":"https:\/\/posgrado.uwiener.edu.pe\/actividades\/wp-json\/wp\/v2\/categoria-eventos?post=4802"}],"curies":[{"name":"wp","href":"https:\/\/api.w.org\/{rel}","templated":true}]}}

Charla informativa: Segunda Especialidad en Asuntos Regulatorios en el Sector Farmacéutico

<p>Conoce más sobre la <strong>Segunda Especialidad en Asuntos Regulatorios en el Sector Farmacéutico</strong> en nuestra charla informativa. Ingresa y descubre como fortalecer tu perfil profesional en gestión de registros sanitarios, cumplimiento normativo e interpretación de normativas regulatorias nacionales e internacionales.<br><strong>🌐 Transmisión:</strong> Zoom + Facebook Live<br>🎙 <strong>Ponente: Robert Cárdenas Orihuela</strong>, docente coordinador de la Segunda Especialidad de Asuntos Regulatorios en el Sector Farmacéutico.</p>



<p>🔗 Inscríbete aquí y asegura tu acceso: <a href="https://tinyurl.com/526ndczu" target="_blank" rel="noopener">https://tinyurl.com/526ndczu</a></p>

<p>Conoce más sobre la Segunda Especialidad en Asuntos Regulatorios en el Sector Farmacéutico en nuestra charla informativa. Ingresa y descubre como fortalecer tu perfil profesional en gestión de registros sanitarios, cumplimiento normativo e interpretación de normativas regulatorias nacionales e internacionales.🌐 Transmisión: Zoom + Facebook Live🎙 Ponente: Robert Cárdenas Orihuela, docente coordinador de la Segunda Especialidad [&hellip;]</p>
