
{"id":4804,"date":"2026-04-06T16:41:34","date_gmt":"2026-04-06T21:41:34","guid":{"rendered":"https:\/\/posgrado.uwiener.edu.pe\/actividades\/?post_type=evento&#038;p=4804"},"modified":"2026-04-06T16:41:35","modified_gmt":"2026-04-06T21:41:35","slug":"charla-informativa-segunda-especialidad-en-farmacia-clinica-y-atencion-farmaceutica","status":"publish","type":"evento","link":"https:\/\/posgrado.uwiener.edu.pe\/actividades\/evento\/charla-informativa-segunda-especialidad-en-farmacia-clinica-y-atencion-farmaceutica\/","title":{"rendered":"Charla informativa: Segunda Especialidad en Farmacia Cl\u00ednica y Atenci\u00f3n Farmac\u00e9utica"},"content":{"rendered":"\n<p>Conoce m\u00e1s sobre la <strong>Segunda Especialidad en Farmacia Cl\u00ednica y Atenci\u00f3n Farmac\u00e9utica<\/strong> en nuestra charla informativa. Ingresa y descubre c\u00f3mo este programa fortalecer\u00e1 tu rol en el seguimiento farmacoterap\u00e9utico, la optimizaci\u00f3n de tratamientos y la atenci\u00f3n integral del paciente. <\/p>\n\n\n\n<p><strong>\ud83c\udf10 Transmisi\u00f3n: <\/strong>Zoom + Facebook Live<br>\ud83c\udf99 <strong>Ponente: Mag. Gisella Trujillo Cabello<\/strong>, docente coordinadora de la Segunda Especialidad en Farmacia Cl\u00ednica y Atenci\u00f3n Farmac\u00e9utica. <\/p>\n\n\n\n<p>\ud83d\udd17 Inscr\u00edbete aqu\u00ed y asegura tu acceso: <a href=\"https:\/\/tinyurl.com\/38j4juvj\" target=\"_blank\" rel=\"noopener\">https:\/\/tinyurl.com\/38j4juvj<\/a><\/p>\n","protected":false},"excerpt":{"rendered":"<p>Conoce m\u00e1s sobre la Segunda Especialidad en Farmacia Cl\u00ednica y Atenci\u00f3n Farmac\u00e9utica en nuestra charla informativa. Ingresa y descubre c\u00f3mo este programa fortalecer\u00e1 tu rol en el seguimiento farmacoterap\u00e9utico, la optimizaci\u00f3n de tratamientos y la atenci\u00f3n integral del paciente. \ud83c\udf10 Transmisi\u00f3n: Zoom + Facebook Live\ud83c\udf99 Ponente: Mag. Gisella Trujillo Cabello, docente coordinadora de la Segunda [&hellip;]<\/p>\n","protected":false},"featured_media":0,"parent":0,"template":"","categoria-eventos":[17],"class_list":["post-4804","evento","type-evento","status-publish","hentry","categoria-eventos-videoconferencias"],"custom_fields_data":{"inline_featured_image":["0"],"hcf_post_fecha":["2026-03-23"],"hcf_post_timeI":["19:00"],"hcf_post_timeF":["20:00"],"hcf_post_lugar":["Posgrado Norbert Wiener - Zoom"],"hcf_post_ingreso":[""],"hcf_post_recomendados":[""],"hcf_post_anexos":[""],"hcf_post_email":[""],"hcf_post_url_face":[""],"hcf_fecha_blog":[""],"hcf_destacado_blog":[""],"hcf_imagenes":["a:0:{}"],"hcf_thumb_500":["https:\/\/posgrado.uwiener.edu.pe\/actividades\/wp-content\/uploads\/2024\/02\/500x82-6.jpg"],"hcf_thumb_1600":["https:\/\/posgrado.uwiener.edu.pe\/actividades\/wp-content\/uploads\/2024\/02\/1920x314-6.jpg"],"hcf_destacada":["https:\/\/posgrado.uwiener.edu.pe\/actividades\/wp-content\/uploads\/2024\/02\/1200x628-6.jpg"],"_edit_lock":["1775511696:5"],"rank_math_internal_links_processed":["1"],"rank_math_seo_score":["8"],"_edit_last":["5"]},"_links":{"self":[{"href":"https:\/\/posgrado.uwiener.edu.pe\/actividades\/wp-json\/wp\/v2\/evento\/4804"}],"collection":[{"href":"https:\/\/posgrado.uwiener.edu.pe\/actividades\/wp-json\/wp\/v2\/evento"}],"about":[{"href":"https:\/\/posgrado.uwiener.edu.pe\/actividades\/wp-json\/wp\/v2\/types\/evento"}],"wp:attachment":[{"href":"https:\/\/posgrado.uwiener.edu.pe\/actividades\/wp-json\/wp\/v2\/media?parent=4804"}],"wp:term":[{"taxonomy":"categoria-eventos","embeddable":true,"href":"https:\/\/posgrado.uwiener.edu.pe\/actividades\/wp-json\/wp\/v2\/categoria-eventos?post=4804"}],"curies":[{"name":"wp","href":"https:\/\/api.w.org\/{rel}","templated":true}]}}

Charla informativa: Segunda Especialidad en Farmacia Clínica y Atención Farmacéutica

<p>Conoce más sobre la <strong>Segunda Especialidad en Farmacia Clínica y Atención Farmacéutica</strong> en nuestra charla informativa. Ingresa y descubre cómo este programa fortalecerá tu rol en el seguimiento farmacoterapéutico, la optimización de tratamientos y la atención integral del paciente. </p>



<p><strong>🌐 Transmisión: </strong>Zoom + Facebook Live<br>🎙 <strong>Ponente: Mag. Gisella Trujillo Cabello</strong>, docente coordinadora de la Segunda Especialidad en Farmacia Clínica y Atención Farmacéutica. </p>



<p>🔗 Inscríbete aquí y asegura tu acceso: <a href="https://tinyurl.com/38j4juvj" target="_blank" rel="noopener">https://tinyurl.com/38j4juvj</a></p>

<p>Conoce más sobre la Segunda Especialidad en Farmacia Clínica y Atención Farmacéutica en nuestra charla informativa. Ingresa y descubre cómo este programa fortalecerá tu rol en el seguimiento farmacoterapéutico, la optimización de tratamientos y la atención integral del paciente. 🌐 Transmisión: Zoom + Facebook Live🎙 Ponente: Mag. Gisella Trujillo Cabello, docente coordinadora de la Segunda [&hellip;]</p>
