
{"id":4807,"date":"2026-04-06T18:15:40","date_gmt":"2026-04-06T23:15:40","guid":{"rendered":"https:\/\/posgrado.uwiener.edu.pe\/actividades\/?post_type=evento&#038;p=4807"},"modified":"2026-04-07T16:15:49","modified_gmt":"2026-04-07T21:15:49","slug":"charla-informativa-segunda-especialidad-en-fisioterapia-en-neurorrehabilitacion","status":"publish","type":"evento","link":"https:\/\/posgrado.uwiener.edu.pe\/actividades\/evento\/charla-informativa-segunda-especialidad-en-fisioterapia-en-neurorrehabilitacion\/","title":{"rendered":"Charla informativa: Segunda Especialidad en Fisioterapia en Neurorrehabilitaci\u00f3n"},"content":{"rendered":"\n<p>Te invitamos a la charla informativa de la&nbsp;<strong>Segunda Especialidad en Fisioterapia en Neurorrehabilitaci\u00f3n<\/strong>&nbsp;para descubrir c\u00f3mo aplicar estrategias terap\u00e9uticas basadas en neurociencia y tecnolog\u00eda que devuelvan la autonom\u00eda a tus pacientes.&nbsp;<\/p>\n\n\n\n<p><strong>\ud83c\udf10 Transmisi\u00f3n:<\/strong> Zoom + Facebook Live<\/p>\n\n\n\n<p>\ud83c\udf99 <strong>Ponentes: <\/strong><\/p>\n\n\n\n<ul class=\"wp-block-list\">\n<li><strong>Mag. Marleny Auris<\/strong>,\u00a0Coordinadora de las SE en Terapia F\u00edsica y Rehabilitaci\u00f3n.\u00a0\u00a0<\/li>\n<\/ul>\n\n\n\n<ul class=\"wp-block-list\">\n<li><strong>Mag. Jorge Matos Minaya,<\/strong> director de Neurocenter, Centro Especializado de Rehabilitaci\u00f3n Neurol\u00f3gica.<\/li>\n<\/ul>\n\n\n\n<p>\ud83d\udd17 Inscr\u00edbete aqu\u00ed y asegura tu acceso: <a href=\"https:\/\/tinyurl.com\/2f2bhb2n\" target=\"_blank\" rel=\"noopener\">https:\/\/tinyurl.com\/2f2bhb2n<\/a><\/p>\n","protected":false},"excerpt":{"rendered":"<p>Te invitamos a la charla informativa de la&nbsp;Segunda Especialidad en Fisioterapia en Neurorrehabilitaci\u00f3n&nbsp;para descubrir c\u00f3mo aplicar estrategias terap\u00e9uticas basadas en neurociencia y tecnolog\u00eda que devuelvan la autonom\u00eda a tus pacientes.&nbsp; \ud83c\udf10 Transmisi\u00f3n: Zoom + Facebook Live \ud83c\udf99 Ponentes: \ud83d\udd17 Inscr\u00edbete aqu\u00ed y asegura tu acceso: https:\/\/tinyurl.com\/2f2bhb2n<\/p>\n","protected":false},"featured_media":0,"parent":0,"template":"","categoria-eventos":[17],"class_list":["post-4807","evento","type-evento","status-publish","hentry","categoria-eventos-videoconferencias"],"custom_fields_data":{"inline_featured_image":["0"],"hcf_post_fecha":["2026-04-14"],"hcf_post_timeI":["19:00"],"hcf_post_timeF":["20:00"],"hcf_post_lugar":["Posgrado Norbert Wiener - Zoom"],"hcf_post_ingreso":[""],"hcf_post_recomendados":[""],"hcf_post_anexos":[""],"hcf_post_email":[""],"hcf_post_url_face":[""],"hcf_fecha_blog":[""],"hcf_destacado_blog":[""],"hcf_imagenes":["a:0:{}"],"hcf_thumb_500":["https:\/\/posgrado.uwiener.edu.pe\/actividades\/wp-content\/uploads\/2025\/04\/500x82.png"],"hcf_thumb_1600":["https:\/\/posgrado.uwiener.edu.pe\/actividades\/wp-content\/uploads\/2025\/04\/1920-px-314px.png"],"hcf_destacada":["https:\/\/posgrado.uwiener.edu.pe\/actividades\/wp-content\/uploads\/2025\/04\/1200px-628px.png"],"_edit_lock":["1775596557:5"],"rank_math_internal_links_processed":["1"],"rank_math_seo_score":["8"],"_edit_last":["5"]},"_links":{"self":[{"href":"https:\/\/posgrado.uwiener.edu.pe\/actividades\/wp-json\/wp\/v2\/evento\/4807"}],"collection":[{"href":"https:\/\/posgrado.uwiener.edu.pe\/actividades\/wp-json\/wp\/v2\/evento"}],"about":[{"href":"https:\/\/posgrado.uwiener.edu.pe\/actividades\/wp-json\/wp\/v2\/types\/evento"}],"wp:attachment":[{"href":"https:\/\/posgrado.uwiener.edu.pe\/actividades\/wp-json\/wp\/v2\/media?parent=4807"}],"wp:term":[{"taxonomy":"categoria-eventos","embeddable":true,"href":"https:\/\/posgrado.uwiener.edu.pe\/actividades\/wp-json\/wp\/v2\/categoria-eventos?post=4807"}],"curies":[{"name":"wp","href":"https:\/\/api.w.org\/{rel}","templated":true}]}}

Charla informativa: Segunda Especialidad en Fisioterapia en Neurorrehabilitación

<p>Te invitamos a la charla informativa de la&nbsp;<strong>Segunda Especialidad en Fisioterapia en Neurorrehabilitación</strong>&nbsp;para descubrir cómo aplicar estrategias terapéuticas basadas en neurociencia y tecnología que devuelvan la autonomía a tus pacientes.&nbsp;</p>



<p><strong>🌐 Transmisión:</strong> Zoom + Facebook Live</p>



<p>🎙 <strong>Ponentes: </strong></p>



<ul class="wp-block-list">
<li><strong>Mag. Marleny Auris</strong>, Coordinadora de las SE en Terapia Física y Rehabilitación.  </li>
</ul>



<ul class="wp-block-list">
<li><strong>Mag. Jorge Matos Minaya,</strong> director de Neurocenter, Centro Especializado de Rehabilitación Neurológica.</li>
</ul>



<p>🔗 Inscríbete aquí y asegura tu acceso: <a href="https://tinyurl.com/2f2bhb2n" target="_blank" rel="noopener">https://tinyurl.com/2f2bhb2n</a></p>

<p>Te invitamos a la charla informativa de la&nbsp;Segunda Especialidad en Fisioterapia en Neurorrehabilitación&nbsp;para descubrir cómo aplicar estrategias terapéuticas basadas en neurociencia y tecnología que devuelvan la autonomía a tus pacientes.&nbsp; 🌐 Transmisión: Zoom + Facebook Live 🎙 Ponentes: 🔗 Inscríbete aquí y asegura tu acceso: https://tinyurl.com/2f2bhb2n</p>
