
{"id":4808,"date":"2026-04-06T18:23:47","date_gmt":"2026-04-06T23:23:47","guid":{"rendered":"https:\/\/posgrado.uwiener.edu.pe\/actividades\/?post_type=evento&#038;p=4808"},"modified":"2026-04-06T18:23:48","modified_gmt":"2026-04-06T23:23:48","slug":"charla-informativa-segunda-especialidad-en-psicoprofilaxis-obstetrica-y-estimulacion-pre-natal-2","status":"publish","type":"evento","link":"https:\/\/posgrado.uwiener.edu.pe\/actividades\/evento\/charla-informativa-segunda-especialidad-en-psicoprofilaxis-obstetrica-y-estimulacion-pre-natal-2\/","title":{"rendered":"Charla informativa: Segunda Especialidad en Psicoprofilaxis Obst\u00e9trica y Estimulaci\u00f3n Pre Natal"},"content":{"rendered":"\n<p>Te invitamos a la charla informativa de la <strong>Segunda Especialidad en Psicoprofilaxis Obst\u00e9trica y Estimulaci\u00f3n Pre Natal<\/strong> para descubrir c\u00f3mo preparar f\u00edsica y emocionalmente a la gestante mediante intervenciones cl\u00ednicas efectivas.<\/p>\n\n\n\n<p><strong>\ud83c\udf10 Transmisi\u00f3n:<\/strong> Zoom + Facebook Live<\/p>\n\n\n\n<p><strong>\ud83c\udf99 Ponentes:<\/strong><\/p>\n\n\n\n<p><strong>Mag. Melissa Arellanos,<\/strong> Docente coordinadora de las Segundas Especialidades en Obstetricia.<\/p>\n\n\n\n<p><strong>Mag. Sonia Sotelo Mu\u00f1oz,<\/strong> Mag\u00edster en Educaci\u00f3n y Salud P\u00fablica, Licenciada en Obstetricia y especialista en Alto Riesgo.<\/p>\n\n\n\n<p>\ud83d\udd17 Inscr\u00edbete aqu\u00ed y asegura tu acceso: <a href=\"https:\/\/tinyurl.com\/473vr9c6\" target=\"_blank\" rel=\"noopener\">https:\/\/tinyurl.com\/473vr9c6<\/a><\/p>\n","protected":false},"excerpt":{"rendered":"<p>Te invitamos a la charla informativa de la Segunda Especialidad en Psicoprofilaxis Obst\u00e9trica y Estimulaci\u00f3n Pre Natal para descubrir c\u00f3mo preparar f\u00edsica y emocionalmente a la gestante mediante intervenciones cl\u00ednicas efectivas. \ud83c\udf10 Transmisi\u00f3n: Zoom + Facebook Live \ud83c\udf99 Ponentes: Mag. Melissa Arellanos, Docente coordinadora de las Segundas Especialidades en Obstetricia. Mag. Sonia Sotelo Mu\u00f1oz, Mag\u00edster [&hellip;]<\/p>\n","protected":false},"featured_media":0,"parent":0,"template":"","categoria-eventos":[17],"class_list":["post-4808","evento","type-evento","status-publish","hentry","categoria-eventos-videoconferencias"],"custom_fields_data":{"inline_featured_image":["0"],"hcf_post_fecha":["2026-04-16"],"hcf_post_timeI":["18:00"],"hcf_post_timeF":["19:00"],"hcf_post_lugar":["Posgrado Norbert Wiener - Zoom"],"hcf_post_ingreso":[""],"hcf_post_recomendados":[""],"hcf_post_anexos":[""],"hcf_post_email":[""],"hcf_post_url_face":[""],"hcf_fecha_blog":[""],"hcf_destacado_blog":[""],"hcf_imagenes":["a:0:{}"],"hcf_thumb_500":["https:\/\/posgrado.uwiener.edu.pe\/actividades\/wp-content\/uploads\/2024\/08\/se_psicoprofilaxis_500x82.png"],"hcf_thumb_1600":["https:\/\/posgrado.uwiener.edu.pe\/actividades\/wp-content\/uploads\/2024\/08\/se_psicoprofilaxis_1920x314.png"],"hcf_destacada":["https:\/\/posgrado.uwiener.edu.pe\/actividades\/wp-content\/uploads\/2024\/08\/se_psicoprofilaxis_1200x628.png"],"_edit_lock":["1775596432:5"],"rank_math_internal_links_processed":["1"],"rank_math_seo_score":["8"],"_edit_last":["5"]},"_links":{"self":[{"href":"https:\/\/posgrado.uwiener.edu.pe\/actividades\/wp-json\/wp\/v2\/evento\/4808"}],"collection":[{"href":"https:\/\/posgrado.uwiener.edu.pe\/actividades\/wp-json\/wp\/v2\/evento"}],"about":[{"href":"https:\/\/posgrado.uwiener.edu.pe\/actividades\/wp-json\/wp\/v2\/types\/evento"}],"wp:attachment":[{"href":"https:\/\/posgrado.uwiener.edu.pe\/actividades\/wp-json\/wp\/v2\/media?parent=4808"}],"wp:term":[{"taxonomy":"categoria-eventos","embeddable":true,"href":"https:\/\/posgrado.uwiener.edu.pe\/actividades\/wp-json\/wp\/v2\/categoria-eventos?post=4808"}],"curies":[{"name":"wp","href":"https:\/\/api.w.org\/{rel}","templated":true}]}}

Charla informativa: Segunda Especialidad en Psicoprofilaxis Obstétrica y Estimulación Pre Natal

<p>Te invitamos a la charla informativa de la <strong>Segunda Especialidad en Psicoprofilaxis Obstétrica y Estimulación Pre Natal</strong> para descubrir cómo preparar física y emocionalmente a la gestante mediante intervenciones clínicas efectivas.</p>



<p><strong>🌐 Transmisión:</strong> Zoom + Facebook Live</p>



<p><strong>🎙 Ponentes:</strong></p>



<p><strong>Mag. Melissa Arellanos,</strong> Docente coordinadora de las Segundas Especialidades en Obstetricia.</p>



<p><strong>Mag. Sonia Sotelo Muñoz,</strong> Magíster en Educación y Salud Pública, Licenciada en Obstetricia y especialista en Alto Riesgo.</p>



<p>🔗 Inscríbete aquí y asegura tu acceso: <a href="https://tinyurl.com/473vr9c6" target="_blank" rel="noopener">https://tinyurl.com/473vr9c6</a></p>

<p>Te invitamos a la charla informativa de la Segunda Especialidad en Psicoprofilaxis Obstétrica y Estimulación Pre Natal para descubrir cómo preparar física y emocionalmente a la gestante mediante intervenciones clínicas efectivas. 🌐 Transmisión: Zoom + Facebook Live 🎙 Ponentes: Mag. Melissa Arellanos, Docente coordinadora de las Segundas Especialidades en Obstetricia. Mag. Sonia Sotelo Muñoz, Magíster [&hellip;]</p>
