
{"id":4853,"date":"2026-04-13T13:23:37","date_gmt":"2026-04-13T18:23:37","guid":{"rendered":"https:\/\/posgrado.uwiener.edu.pe\/actividades\/?post_type=evento&#038;p=4853"},"modified":"2026-04-13T13:49:44","modified_gmt":"2026-04-13T18:49:44","slug":"charla-informativa-segunda-especialidad-en-terapia-manual-ortopedica","status":"publish","type":"evento","link":"https:\/\/posgrado.uwiener.edu.pe\/actividades\/evento\/charla-informativa-segunda-especialidad-en-terapia-manual-ortopedica\/","title":{"rendered":"Charla Informativa: Segunda Especialidad en Terapia Manual Ortop\u00e9dica"},"content":{"rendered":"\n<p>Nuestra&nbsp;<strong>Segunda Especialidad en Terapia Manual Ortop\u00e9dica<\/strong>&nbsp;te&nbsp;prepara&nbsp;para evaluar y tratar disfunciones musculoesquel\u00e9ticas. \u00danete a&nbsp;la&nbsp;<strong>charla informativa&nbsp;<\/strong>y conoce nuestra propuesta acad\u00e9mica orientada a la excelencia&nbsp;profesional.&nbsp;<\/p>\n\n\n\n<p><strong>\ud83c\udf10 Transmisi\u00f3n:<\/strong> Zoom + Facebook Live<\/p>\n\n\n\n<p>\ud83c\udf99 <strong>Ponentes:<\/strong><\/p>\n\n\n\n<ul class=\"wp-block-list\">\n<li><strong>Mag. Mag. Marleny Auris,<\/strong> Coordinadora de las Segundas Especialidades en Terapia F\u00edsica y Rehabilitaci\u00f3n.<\/li>\n\n\n\n<li><strong>Mag. Christian V\u00edlchez Galindo,<\/strong> Director de FisioStudio, Centro especializado en Fisioterapia y Rehabilitaci\u00f3n.<\/li>\n<\/ul>\n\n\n\n<p>\ud83d\udd17Inscr\u00edbete y asegura tu acceso: <a href=\"https:\/\/tinyurl.com\/ytb24syc\" data-type=\"link\" data-id=\"https:\/\/tinyurl.com\/ytb24syc\" target=\"_blank\" rel=\"noopener\">https:\/\/tinyurl.com\/ytb24syc<\/a><\/p>\n","protected":false},"excerpt":{"rendered":"<p>Nuestra&nbsp;Segunda Especialidad en Terapia Manual Ortop\u00e9dica&nbsp;te&nbsp;prepara&nbsp;para evaluar y tratar disfunciones musculoesquel\u00e9ticas. \u00danete a&nbsp;la&nbsp;charla informativa&nbsp;y conoce nuestra propuesta acad\u00e9mica orientada a la excelencia&nbsp;profesional.&nbsp; \ud83c\udf10 Transmisi\u00f3n: Zoom + Facebook Live \ud83c\udf99 Ponentes: \ud83d\udd17Inscr\u00edbete y asegura tu acceso: https:\/\/tinyurl.com\/ytb24syc<\/p>\n","protected":false},"featured_media":0,"parent":0,"template":"","categoria-eventos":[17],"class_list":["post-4853","evento","type-evento","status-publish","hentry","categoria-eventos-videoconferencias"],"custom_fields_data":{"inline_featured_image":["0"],"hcf_post_fecha":["2026-04-22"],"hcf_post_timeI":["19:00"],"hcf_post_timeF":["20:00"],"hcf_post_lugar":["Posgrado Norbert Wiener - Zoom"],"hcf_post_ingreso":[""],"hcf_post_recomendados":[""],"hcf_post_anexos":[""],"hcf_post_email":[""],"hcf_post_url_face":[""],"hcf_fecha_blog":[""],"hcf_destacado_blog":[""],"hcf_imagenes":["a:0:{}"],"hcf_thumb_500":["https:\/\/posgrado.uwiener.edu.pe\/actividades\/wp-content\/uploads\/2025\/09\/500x82-2.png"],"hcf_thumb_1600":["https:\/\/posgrado.uwiener.edu.pe\/actividades\/wp-content\/uploads\/2025\/09\/1920x314-2.png"],"hcf_destacada":["https:\/\/posgrado.uwiener.edu.pe\/actividades\/wp-content\/uploads\/2026\/04\/Sin-titulo-1.jpg"],"_edit_lock":["1776106350:5"],"rank_math_internal_links_processed":["1"],"rank_math_seo_score":["8"],"_edit_last":["5"]},"_links":{"self":[{"href":"https:\/\/posgrado.uwiener.edu.pe\/actividades\/wp-json\/wp\/v2\/evento\/4853"}],"collection":[{"href":"https:\/\/posgrado.uwiener.edu.pe\/actividades\/wp-json\/wp\/v2\/evento"}],"about":[{"href":"https:\/\/posgrado.uwiener.edu.pe\/actividades\/wp-json\/wp\/v2\/types\/evento"}],"wp:attachment":[{"href":"https:\/\/posgrado.uwiener.edu.pe\/actividades\/wp-json\/wp\/v2\/media?parent=4853"}],"wp:term":[{"taxonomy":"categoria-eventos","embeddable":true,"href":"https:\/\/posgrado.uwiener.edu.pe\/actividades\/wp-json\/wp\/v2\/categoria-eventos?post=4853"}],"curies":[{"name":"wp","href":"https:\/\/api.w.org\/{rel}","templated":true}]}}

Charla Informativa: Segunda Especialidad en Terapia Manual Ortopédica

<p>Nuestra&nbsp;<strong>Segunda Especialidad en Terapia Manual Ortopédica</strong>&nbsp;te&nbsp;prepara&nbsp;para evaluar y tratar disfunciones musculoesqueléticas. Únete a&nbsp;la&nbsp;<strong>charla informativa&nbsp;</strong>y conoce nuestra propuesta académica orientada a la excelencia&nbsp;profesional.&nbsp;</p>



<p><strong>🌐 Transmisión:</strong> Zoom + Facebook Live</p>



<p>🎙 <strong>Ponentes:</strong></p>



<ul class="wp-block-list">
<li><strong>Mag. Mag. Marleny Auris,</strong> Coordinadora de las Segundas Especialidades en Terapia Física y Rehabilitación.</li>



<li><strong>Mag. Christian Vílchez Galindo,</strong> Director de FisioStudio, Centro especializado en Fisioterapia y Rehabilitación.</li>
</ul>



<p>🔗Inscríbete y asegura tu acceso: <a href="https://tinyurl.com/ytb24syc" data-type="link" data-id="https://tinyurl.com/ytb24syc" target="_blank" rel="noopener">https://tinyurl.com/ytb24syc</a></p>

<p>Nuestra&nbsp;Segunda Especialidad en Terapia Manual Ortopédica&nbsp;te&nbsp;prepara&nbsp;para evaluar y tratar disfunciones musculoesqueléticas. Únete a&nbsp;la&nbsp;charla informativa&nbsp;y conoce nuestra propuesta académica orientada a la excelencia&nbsp;profesional.&nbsp; 🌐 Transmisión: Zoom + Facebook Live 🎙 Ponentes: 🔗Inscríbete y asegura tu acceso: https://tinyurl.com/ytb24syc</p>
