
{"id":4931,"date":"2026-04-27T13:42:31","date_gmt":"2026-04-27T18:42:31","guid":{"rendered":"https:\/\/posgrado.uwiener.edu.pe\/actividades\/?post_type=evento&#038;p=4931"},"modified":"2026-04-27T13:42:32","modified_gmt":"2026-04-27T18:42:32","slug":"charla-informativa-segunda-especialidad-en-hematologia-3","status":"publish","type":"evento","link":"https:\/\/posgrado.uwiener.edu.pe\/actividades\/evento\/charla-informativa-segunda-especialidad-en-hematologia-3\/","title":{"rendered":"Charla informativa: Segunda Especialidad en Hematolog\u00eda"},"content":{"rendered":"\n<p>Te invitamos a la charla informativa de la\u00a0<strong>Segunda Especialidad en Hematolog\u00eda.<\/strong>\u00a0Fortalece tus competencias en el an\u00e1lisis de alteraciones sangu\u00edneas y gesti\u00f3n de laboratorios, liderando el apoyo al diagn\u00f3stico con los m\u00e1s altos est\u00e1ndares de calidad.\u00a0<\/p>\n\n\n\n<p><strong>\ud83c\udf10 Transmisi\u00f3n:&nbsp;<\/strong>Zoom&nbsp;+ Facebook Live&nbsp;&nbsp;<\/p>\n\n\n\n<p>\ud83c\udf99&nbsp;<strong>Ponentes:&nbsp;<\/strong>&nbsp;<\/p>\n\n\n\n<ul class=\"wp-block-list\">\n<li><strong>Mag. Stefany Valenzuela,<\/strong>\u00a0Coordinadora de la Segunda Especialidad en Hematolog\u00eda.\u00a0<\/li>\n<\/ul>\n\n\n\n<ul class=\"wp-block-list\">\n<li><strong>Dr. Paul Avelino,\u00a0<\/strong>Especialista en Hematolog\u00eda Oncol\u00f3gica, calidad anal\u00edtica y gesti\u00f3n de laboratorios cl\u00ednicos.\u00a0<\/li>\n<\/ul>\n\n\n\n<p>\ud83d\udd17Inscr\u00edbete y asegura tu acceso: <a href=\"https:\/\/tinyurl.com\/bdewdx8p\" data-type=\"link\" data-id=\"https:\/\/tinyurl.com\/bdewdx8p\" target=\"_blank\" rel=\"noopener\">https:\/\/tinyurl.com\/bdewdx8p<\/a><\/p>\n\n\n\n<p><\/p>\n","protected":false},"excerpt":{"rendered":"<p>Te invitamos a la charla informativa de la\u00a0Segunda Especialidad en Hematolog\u00eda.\u00a0Fortalece tus competencias en el an\u00e1lisis de alteraciones sangu\u00edneas y gesti\u00f3n de laboratorios, liderando el apoyo al diagn\u00f3stico con los m\u00e1s altos est\u00e1ndares de calidad.\u00a0 \ud83c\udf10 Transmisi\u00f3n:&nbsp;Zoom&nbsp;+ Facebook Live&nbsp;&nbsp; \ud83c\udf99&nbsp;Ponentes:&nbsp;&nbsp; \ud83d\udd17Inscr\u00edbete y asegura tu acceso: https:\/\/tinyurl.com\/bdewdx8p<\/p>\n","protected":false},"featured_media":0,"parent":0,"template":"","categoria-eventos":[17],"class_list":["post-4931","evento","type-evento","status-publish","hentry","categoria-eventos-videoconferencias"],"custom_fields_data":{"inline_featured_image":["0"],"hcf_post_fecha":["2026-05-27"],"hcf_post_timeI":["19:00"],"hcf_post_timeF":["20:00"],"hcf_post_lugar":["Posgrado Norbert Wiener - Zoom"],"hcf_post_ingreso":[""],"hcf_post_recomendados":[""],"hcf_post_anexos":[""],"hcf_post_email":[""],"hcf_post_url_face":[""],"hcf_fecha_blog":[""],"hcf_destacado_blog":[""],"hcf_imagenes":["a:0:{}"],"hcf_thumb_500":["https:\/\/posgrado.uwiener.edu.pe\/actividades\/wp-content\/uploads\/2024\/05\/500x8226.png"],"hcf_thumb_1600":["https:\/\/posgrado.uwiener.edu.pe\/actividades\/wp-content\/uploads\/2024\/05\/1920x31425.png"],"hcf_destacada":["https:\/\/posgrado.uwiener.edu.pe\/actividades\/wp-content\/uploads\/2024\/05\/1200x62870.png"],"_edit_lock":["1777315352:5"],"rank_math_internal_links_processed":["1"],"rank_math_seo_score":["8"],"_edit_last":["5"]},"_links":{"self":[{"href":"https:\/\/posgrado.uwiener.edu.pe\/actividades\/wp-json\/wp\/v2\/evento\/4931"}],"collection":[{"href":"https:\/\/posgrado.uwiener.edu.pe\/actividades\/wp-json\/wp\/v2\/evento"}],"about":[{"href":"https:\/\/posgrado.uwiener.edu.pe\/actividades\/wp-json\/wp\/v2\/types\/evento"}],"wp:attachment":[{"href":"https:\/\/posgrado.uwiener.edu.pe\/actividades\/wp-json\/wp\/v2\/media?parent=4931"}],"wp:term":[{"taxonomy":"categoria-eventos","embeddable":true,"href":"https:\/\/posgrado.uwiener.edu.pe\/actividades\/wp-json\/wp\/v2\/categoria-eventos?post=4931"}],"curies":[{"name":"wp","href":"https:\/\/api.w.org\/{rel}","templated":true}]}}

Charla informativa: Segunda Especialidad en Hematología

<p>Te invitamos a la charla informativa de la <strong>Segunda Especialidad en Hematología.</strong> Fortalece tus competencias en el análisis de alteraciones sanguíneas y gestión de laboratorios, liderando el apoyo al diagnóstico con los más altos estándares de calidad. </p>



<p><strong>🌐 Transmisión:&nbsp;</strong>Zoom&nbsp;+ Facebook Live&nbsp;&nbsp;</p>



<p>🎙&nbsp;<strong>Ponentes:&nbsp;</strong>&nbsp;</p>



<ul class="wp-block-list">
<li><strong>Mag. Stefany Valenzuela,</strong> Coordinadora de la Segunda Especialidad en Hematología. </li>
</ul>



<ul class="wp-block-list">
<li><strong>Dr. Paul Avelino, </strong>Especialista en Hematología Oncológica, calidad analítica y gestión de laboratorios clínicos. </li>
</ul>



<p>🔗Inscríbete y asegura tu acceso: <a href="https://tinyurl.com/bdewdx8p" data-type="link" data-id="https://tinyurl.com/bdewdx8p" target="_blank" rel="noopener">https://tinyurl.com/bdewdx8p</a></p>



<p></p>

<p>Te invitamos a la charla informativa de la Segunda Especialidad en Hematología. Fortalece tus competencias en el análisis de alteraciones sanguíneas y gestión de laboratorios, liderando el apoyo al diagnóstico con los más altos estándares de calidad.  🌐 Transmisión:&nbsp;Zoom&nbsp;+ Facebook Live&nbsp;&nbsp; 🎙&nbsp;Ponentes:&nbsp;&nbsp; 🔗Inscríbete y asegura tu acceso: https://tinyurl.com/bdewdx8p</p>
